{"id":1013660,"date":"2025-03-10T14:22:25","date_gmt":"2025-03-10T13:22:25","guid":{"rendered":"https:\/\/hubsch-interior.com\/product\/product\/"},"modified":"2026-04-26T05:02:22","modified_gmt":"2026-04-26T03:02:22","slug":"forma-spisestol-sort","status":"publish","type":"product","link":"https:\/\/hubsch-interior.com\/da\/vare\/forma-spisestol-sort\/","title":{"rendered":"Forma Spisestol Sort"},"content":{"rendered":"<p>Oplev den kvintessentielle stilfulde Forma Spisestol, hvor funktionalitet m\u00f8der kunst. Fremstillet af FSC-certificeret eg og finer, er dette m\u00f8bel malet i en elegant sort farve, der tilbyder en dristig form, som komplementerer enhver spisestueindretning. Det er ikke kun st\u00e6rkt og stabilt, hvilket sikrer langvarig holdbarhed, men det er ogs\u00e5 en stabelbar spisestol. N\u00e5r den stables, antager den en skulpturel kvalitet, der forvandler praktisk opbevaring til en visuel forn\u00f8jelse. Fork\u00e6l dig selv med sk\u00f8nheden og praktikaliteten ved Forma, et sandt mesterv\u00e6rk i dit spiseomr\u00e5de.<\/p>\n","protected":false},"excerpt":{"rendered":"<p>Oplev den kvintessentielle stilfulde Forma Spisestol, hvor funktionalitet m\u00f8der kunst. Fremstillet af FSC-certificeret eg og finer, er dette m\u00f8bel malet i en elegant sort farve, der tilbyder en dristig form, som komplementerer enhver spisestueindretning. Det er ikke kun st\u00e6rkt og stabilt, hvilket sikrer langvarig holdbarhed, men det er ogs\u00e5 en stabelbar spisestol. N\u00e5r den stables, [&hellip;]<\/p>\n","protected":false},"featured_media":1104919,"template":"","meta":{"_acf_changed":false,"inline_featured_image":false},"product_brand":[],"product_cat":[6996,6321,2841,3040,5449,5025],"product_tag":[],"class_list":{"0":"post-1013660","1":"product","2":"type-product","3":"status-publish","4":"has-post-thumbnail","6":"product_cat-the-buzz-da","7":"product_cat-fsc-da","8":"product_cat-siddemoebler-da","9":"product_cat-skamler-da","10":"product_cat-spisestole-da","11":"product_cat-bestsellers-da","12":"product_shipping_class-pk","14":"pa_color-sort","15":"pa_material-krydsfiner-da","16":"pa_material-egetr","17":"pa_material-egetrsfiner","19":"first","20":"instock","21":"featured","22":"taxable","23":"shipping-taxable","24":"purchasable","25":"product-type-simple"},"exclude_global_add_ons":[],"addons":[],"acf":[],"yoast_head":"<!-- This site is optimized with the Yoast SEO plugin v26.4 - https:\/\/yoast.com\/wordpress\/plugins\/seo\/ -->\n<title>Forma Spisestol Sort - H\u00fcbsch<\/title>\n<meta name=\"description\" content=\"Oplev den kvintessentielle stilfulde Forma Spisestol, hvor funktionalitet m\u00f8der kunst. Fremstillet af FSC-certificeret eg og finer, er dette m\u00f8bel malet i\" \/>\n<meta name=\"robots\" content=\"index, follow, max-snippet:-1, max-image-preview:large, max-video-preview:-1\" \/>\n<link rel=\"canonical\" href=\"https:\/\/hubsch-interior.com\/da\/wp-json\/wp\/v2\/product\/1013660\" \/>\n<meta property=\"og:locale\" content=\"da_DK\" \/>\n<meta property=\"og:type\" content=\"article\" \/>\n<meta property=\"og:title\" content=\"Forma Spisestol Sort - H\u00fcbsch\" \/>\n<meta property=\"og:description\" content=\"Oplev den kvintessentielle stilfulde Forma Spisestol, hvor funktionalitet m\u00f8der kunst. Fremstillet af FSC-certificeret eg og finer, er dette m\u00f8bel malet i\" \/>\n<meta property=\"og:url\" content=\"https:\/\/hubsch-interior.com\/da\/vare\/forma-spisestol-sort\/\" \/>\n<meta property=\"og:site_name\" content=\"H\u00fcbsch\" \/>\n<meta property=\"article:modified_time\" content=\"2026-04-26T03:02:22+00:00\" \/>\n<meta property=\"og:image\" content=\"https:\/\/hubsch-interior.com\/wp-content\/uploads\/2025\/04\/forma-dining-chair-black-d3ce37fa6b27cbca560fbb083c34ebd1.jpg\" \/>\n\t<meta property=\"og:image:width\" content=\"1200\" \/>\n\t<meta property=\"og:image:height\" content=\"1200\" \/>\n\t<meta property=\"og:image:type\" content=\"image\/jpeg\" \/>\n<meta name=\"twitter:card\" content=\"summary_large_image\" \/>\n<script type=\"application\/ld+json\" class=\"yoast-schema-graph\">{\"@context\":\"https:\/\/schema.org\",\"@graph\":[{\"@type\":\"WebPage\",\"@id\":\"https:\/\/hubsch-interior.com\/da\/vare\/forma-spisestol-sort\/\",\"url\":\"https:\/\/hubsch-interior.com\/da\/vare\/forma-spisestol-sort\/\",\"name\":\"Forma Spisestol Sort - H\u00fcbsch\",\"isPartOf\":{\"@id\":\"https:\/\/hubsch-interior.com\/da\/#website\"},\"primaryImageOfPage\":{\"@id\":\"https:\/\/hubsch-interior.com\/da\/vare\/forma-spisestol-sort\/#primaryimage\"},\"image\":{\"@id\":\"https:\/\/hubsch-interior.com\/da\/vare\/forma-spisestol-sort\/#primaryimage\"},\"thumbnailUrl\":\"https:\/\/hubsch-interior.com\/wp-content\/uploads\/2026\/02\/forma-dining-chair-black-e7117604d30d706f4e813bcd76620ffc.jpg\",\"datePublished\":\"2025-03-10T13:22:25+00:00\",\"dateModified\":\"2026-04-26T03:02:22+00:00\",\"description\":\"Oplev den kvintessentielle stilfulde Forma Spisestol, hvor funktionalitet m\u00f8der kunst. Fremstillet af FSC-certificeret eg og finer, er dette m\u00f8bel malet i\",\"breadcrumb\":{\"@id\":\"https:\/\/hubsch-interior.com\/da\/vare\/forma-spisestol-sort\/#breadcrumb\"},\"inLanguage\":\"da-DK\",\"potentialAction\":[{\"@type\":\"ReadAction\",\"target\":[\"https:\/\/hubsch-interior.com\/da\/vare\/forma-spisestol-sort\/\"]}]},{\"@type\":\"ImageObject\",\"inLanguage\":\"da-DK\",\"@id\":\"https:\/\/hubsch-interior.com\/da\/vare\/forma-spisestol-sort\/#primaryimage\",\"url\":\"https:\/\/hubsch-interior.com\/wp-content\/uploads\/2026\/02\/forma-dining-chair-black-e7117604d30d706f4e813bcd76620ffc.jpg\",\"contentUrl\":\"https:\/\/hubsch-interior.com\/wp-content\/uploads\/2026\/02\/forma-dining-chair-black-e7117604d30d706f4e813bcd76620ffc.jpg\",\"width\":1024,\"height\":1024},{\"@type\":\"BreadcrumbList\",\"@id\":\"https:\/\/hubsch-interior.com\/da\/vare\/forma-spisestol-sort\/#breadcrumb\",\"itemListElement\":[{\"@type\":\"ListItem\",\"position\":1,\"name\":\"Forside\",\"item\":\"https:\/\/hubsch-interior.com\/da\/\"},{\"@type\":\"ListItem\",\"position\":2,\"name\":\"Produkter\",\"item\":\"https:\/\/hubsch-interior.com\/da\/produkter\/\"},{\"@type\":\"ListItem\",\"position\":3,\"name\":\"M\u00f8bler\",\"item\":\"https:\/\/hubsch-interior.com\/da\/vare-kategori\/mobler\/\"},{\"@type\":\"ListItem\",\"position\":4,\"name\":\"Siddem&oslash;bler\",\"item\":\"https:\/\/hubsch-interior.com\/da\/vare-kategori\/mobler\/siddemoebler-da\/\"},{\"@type\":\"ListItem\",\"position\":5,\"name\":\"Skamler\",\"item\":\"https:\/\/hubsch-interior.com\/da\/vare-kategori\/mobler\/siddemoebler-da\/skamler-da\/\"},{\"@type\":\"ListItem\",\"position\":6,\"name\":\"Forma Spisestol Sort\"}]},{\"@type\":\"WebSite\",\"@id\":\"https:\/\/hubsch-interior.com\/da\/#website\",\"url\":\"https:\/\/hubsch-interior.com\/da\/\",\"name\":\"H\u00fcbsch\",\"description\":\"Danish Home Interior and Design\",\"publisher\":{\"@id\":\"https:\/\/hubsch-interior.com\/da\/#organization\"},\"potentialAction\":[{\"@type\":\"SearchAction\",\"target\":{\"@type\":\"EntryPoint\",\"urlTemplate\":\"https:\/\/hubsch-interior.com\/da\/?s={search_term_string}\"},\"query-input\":{\"@type\":\"PropertyValueSpecification\",\"valueRequired\":true,\"valueName\":\"search_term_string\"}}],\"inLanguage\":\"da-DK\"},{\"@type\":\"Organization\",\"@id\":\"https:\/\/hubsch-interior.com\/da\/#organization\",\"name\":\"H\u00fcbsch\",\"url\":\"https:\/\/hubsch-interior.com\/da\/\",\"logo\":{\"@type\":\"ImageObject\",\"inLanguage\":\"da-DK\",\"@id\":\"https:\/\/hubsch-interior.com\/da\/#\/schema\/logo\/image\/\",\"url\":\"https:\/\/hubsch-interior.com\/wp-content\/uploads\/2022\/12\/Hubsch_logo_black_one_line.svg\",\"contentUrl\":\"https:\/\/hubsch-interior.com\/wp-content\/uploads\/2022\/12\/Hubsch_logo_black_one_line.svg\",\"caption\":\"H\u00fcbsch\"},\"image\":{\"@id\":\"https:\/\/hubsch-interior.com\/da\/#\/schema\/logo\/image\/\"}}]}<\/script>\n<!-- \/ Yoast SEO plugin. -->","yoast_head_json":{"title":"Forma Spisestol Sort - H\u00fcbsch","description":"Oplev den kvintessentielle stilfulde Forma Spisestol, hvor funktionalitet m\u00f8der kunst. Fremstillet af FSC-certificeret eg og finer, er dette m\u00f8bel malet i","robots":{"index":"index","follow":"follow","max-snippet":"max-snippet:-1","max-image-preview":"max-image-preview:large","max-video-preview":"max-video-preview:-1"},"canonical":"https:\/\/hubsch-interior.com\/da\/wp-json\/wp\/v2\/product\/1013660","og_locale":"da_DK","og_type":"article","og_title":"Forma Spisestol Sort - H\u00fcbsch","og_description":"Oplev den kvintessentielle stilfulde Forma Spisestol, hvor funktionalitet m\u00f8der kunst. Fremstillet af FSC-certificeret eg og finer, er dette m\u00f8bel malet i","og_url":"https:\/\/hubsch-interior.com\/da\/vare\/forma-spisestol-sort\/","og_site_name":"H\u00fcbsch","article_modified_time":"2026-04-26T03:02:22+00:00","og_image":[{"width":1200,"height":1200,"url":"https:\/\/hubsch-interior.com\/wp-content\/uploads\/2025\/04\/forma-dining-chair-black-d3ce37fa6b27cbca560fbb083c34ebd1.jpg","type":"image\/jpeg"}],"twitter_card":"summary_large_image","schema":{"@context":"https:\/\/schema.org","@graph":[{"@type":"WebPage","@id":"https:\/\/hubsch-interior.com\/da\/vare\/forma-spisestol-sort\/","url":"https:\/\/hubsch-interior.com\/da\/vare\/forma-spisestol-sort\/","name":"Forma Spisestol Sort - H\u00fcbsch","isPartOf":{"@id":"https:\/\/hubsch-interior.com\/da\/#website"},"primaryImageOfPage":{"@id":"https:\/\/hubsch-interior.com\/da\/vare\/forma-spisestol-sort\/#primaryimage"},"image":{"@id":"https:\/\/hubsch-interior.com\/da\/vare\/forma-spisestol-sort\/#primaryimage"},"thumbnailUrl":"https:\/\/hubsch-interior.com\/wp-content\/uploads\/2026\/02\/forma-dining-chair-black-e7117604d30d706f4e813bcd76620ffc.jpg","datePublished":"2025-03-10T13:22:25+00:00","dateModified":"2026-04-26T03:02:22+00:00","description":"Oplev den kvintessentielle stilfulde Forma Spisestol, hvor funktionalitet m\u00f8der kunst. Fremstillet af FSC-certificeret eg og finer, er dette m\u00f8bel malet i","breadcrumb":{"@id":"https:\/\/hubsch-interior.com\/da\/vare\/forma-spisestol-sort\/#breadcrumb"},"inLanguage":"da-DK","potentialAction":[{"@type":"ReadAction","target":["https:\/\/hubsch-interior.com\/da\/vare\/forma-spisestol-sort\/"]}]},{"@type":"ImageObject","inLanguage":"da-DK","@id":"https:\/\/hubsch-interior.com\/da\/vare\/forma-spisestol-sort\/#primaryimage","url":"https:\/\/hubsch-interior.com\/wp-content\/uploads\/2026\/02\/forma-dining-chair-black-e7117604d30d706f4e813bcd76620ffc.jpg","contentUrl":"https:\/\/hubsch-interior.com\/wp-content\/uploads\/2026\/02\/forma-dining-chair-black-e7117604d30d706f4e813bcd76620ffc.jpg","width":1024,"height":1024},{"@type":"BreadcrumbList","@id":"https:\/\/hubsch-interior.com\/da\/vare\/forma-spisestol-sort\/#breadcrumb","itemListElement":[{"@type":"ListItem","position":1,"name":"Forside","item":"https:\/\/hubsch-interior.com\/da\/"},{"@type":"ListItem","position":2,"name":"Produkter","item":"https:\/\/hubsch-interior.com\/da\/produkter\/"},{"@type":"ListItem","position":3,"name":"M\u00f8bler","item":"https:\/\/hubsch-interior.com\/da\/vare-kategori\/mobler\/"},{"@type":"ListItem","position":4,"name":"Siddem&oslash;bler","item":"https:\/\/hubsch-interior.com\/da\/vare-kategori\/mobler\/siddemoebler-da\/"},{"@type":"ListItem","position":5,"name":"Skamler","item":"https:\/\/hubsch-interior.com\/da\/vare-kategori\/mobler\/siddemoebler-da\/skamler-da\/"},{"@type":"ListItem","position":6,"name":"Forma Spisestol Sort"}]},{"@type":"WebSite","@id":"https:\/\/hubsch-interior.com\/da\/#website","url":"https:\/\/hubsch-interior.com\/da\/","name":"H\u00fcbsch","description":"Danish Home Interior and Design","publisher":{"@id":"https:\/\/hubsch-interior.com\/da\/#organization"},"potentialAction":[{"@type":"SearchAction","target":{"@type":"EntryPoint","urlTemplate":"https:\/\/hubsch-interior.com\/da\/?s={search_term_string}"},"query-input":{"@type":"PropertyValueSpecification","valueRequired":true,"valueName":"search_term_string"}}],"inLanguage":"da-DK"},{"@type":"Organization","@id":"https:\/\/hubsch-interior.com\/da\/#organization","name":"H\u00fcbsch","url":"https:\/\/hubsch-interior.com\/da\/","logo":{"@type":"ImageObject","inLanguage":"da-DK","@id":"https:\/\/hubsch-interior.com\/da\/#\/schema\/logo\/image\/","url":"https:\/\/hubsch-interior.com\/wp-content\/uploads\/2022\/12\/Hubsch_logo_black_one_line.svg","contentUrl":"https:\/\/hubsch-interior.com\/wp-content\/uploads\/2022\/12\/Hubsch_logo_black_one_line.svg","caption":"H\u00fcbsch"},"image":{"@id":"https:\/\/hubsch-interior.com\/da\/#\/schema\/logo\/image\/"}}]}},"_links":{"self":[{"href":"https:\/\/hubsch-interior.com\/da\/wp-json\/wp\/v2\/product\/1013660","targetHints":{"allow":["GET"]}}],"collection":[{"href":"https:\/\/hubsch-interior.com\/da\/wp-json\/wp\/v2\/product"}],"about":[{"href":"https:\/\/hubsch-interior.com\/da\/wp-json\/wp\/v2\/types\/product"}],"wp:featuredmedia":[{"embeddable":true,"href":"https:\/\/hubsch-interior.com\/da\/wp-json\/wp\/v2\/media\/1104919"}],"wp:attachment":[{"href":"https:\/\/hubsch-interior.com\/da\/wp-json\/wp\/v2\/media?parent=1013660"}],"wp:term":[{"taxonomy":"product_brand","embeddable":true,"href":"https:\/\/hubsch-interior.com\/da\/wp-json\/wp\/v2\/product_brand?post=1013660"},{"taxonomy":"product_cat","embeddable":true,"href":"https:\/\/hubsch-interior.com\/da\/wp-json\/wp\/v2\/product_cat?post=1013660"},{"taxonomy":"product_tag","embeddable":true,"href":"https:\/\/hubsch-interior.com\/da\/wp-json\/wp\/v2\/product_tag?post=1013660"}],"curies":[{"name":"wp","href":"https:\/\/api.w.org\/{rel}","templated":true}]}}

<p>Oplev den kvintessentielle stilfulde Forma Spisestol, hvor funktionalitet møder kunst. Fremstillet af FSC-certificeret eg og finer, er dette møbel malet i en elegant sort farve, der tilbyder en dristig form, som komplementerer enhver spisestueindretning. Det er ikke kun stærkt og stabilt, hvilket sikrer langvarig holdbarhed, men det er også en stabelbar spisestol. Når den stables, antager den en skulpturel kvalitet, der forvandler praktisk opbevaring til en visuel fornøjelse. Forkæl dig selv med skønheden og praktikaliteten ved Forma, et sandt mesterværk i dit spiseområde.</p>

<p>Oplev den kvintessentielle stilfulde Forma Spisestol, hvor funktionalitet møder kunst. Fremstillet af FSC-certificeret eg og finer, er dette møbel malet i en elegant sort farve, der tilbyder en dristig form, som komplementerer enhver spisestueindretning. Det er ikke kun stærkt og stabilt, hvilket sikrer langvarig holdbarhed, men det er også en stabelbar spisestol. Når den stables, [&hellip;]</p>

<!-- This site is optimized with the Yoast SEO plugin v26.4 - https://yoast.com/wordpress/plugins/seo/ -->
<title>Forma Spisestol Sort - Hübsch</title>
<meta name="description" content="Oplev den kvintessentielle stilfulde Forma Spisestol, hvor funktionalitet møder kunst. Fremstillet af FSC-certificeret eg og finer, er dette møbel malet i" />
<meta name="robots" content="index, follow, max-snippet:-1, max-image-preview:large, max-video-preview:-1" />
<link rel="canonical" href="https://hubsch-interior.com/da/wp-json/wp/v2/product/1013660" />
<meta property="og:locale" content="da_DK" />
<meta property="og:type" content="article" />
<meta property="og:title" content="Forma Spisestol Sort - Hübsch" />
<meta property="og:description" content="Oplev den kvintessentielle stilfulde Forma Spisestol, hvor funktionalitet møder kunst. Fremstillet af FSC-certificeret eg og finer, er dette møbel malet i" />
<meta property="og:url" content="https://hubsch-interior.com/da/vare/forma-spisestol-sort/" />
<meta property="og:site_name" content="Hübsch" />
<meta property="article:modified_time" content="2026-04-26T03:02:22+00:00" />
<meta property="og:image" content="https://hubsch-interior.com/wp-content/uploads/2025/04/forma-dining-chair-black-d3ce37fa6b27cbca560fbb083c34ebd1.jpg" />
	<meta property="og:image:width" content="1200" />
	<meta property="og:image:height" content="1200" />
	<meta property="og:image:type" content="image/jpeg" />
<meta name="twitter:card" content="summary_large_image" />
<script type="application/ld+json" class="yoast-schema-graph">{"@context":"https://schema.org","@graph":[{"@type":"WebPage","@id":"https://hubsch-interior.com/da/vare/forma-spisestol-sort/","url":"https://hubsch-interior.com/da/vare/forma-spisestol-sort/","name":"Forma Spisestol Sort - Hübsch","isPartOf":{"@id":"https://hubsch-interior.com/da/#website"},"primaryImageOfPage":{"@id":"https://hubsch-interior.com/da/vare/forma-spisestol-sort/#primaryimage"},"image":{"@id":"https://hubsch-interior.com/da/vare/forma-spisestol-sort/#primaryimage"},"thumbnailUrl":"https://hubsch-interior.com/wp-content/uploads/2026/02/forma-dining-chair-black-e7117604d30d706f4e813bcd76620ffc.jpg","datePublished":"2025-03-10T13:22:25+00:00","dateModified":"2026-04-26T03:02:22+00:00","description":"Oplev den kvintessentielle stilfulde Forma Spisestol, hvor funktionalitet møder kunst. Fremstillet af FSC-certificeret eg og finer, er dette møbel malet i","breadcrumb":{"@id":"https://hubsch-interior.com/da/vare/forma-spisestol-sort/#breadcrumb"},"inLanguage":"da-DK","potentialAction":[{"@type":"ReadAction","target":["https://hubsch-interior.com/da/vare/forma-spisestol-sort/"]}]},{"@type":"ImageObject","inLanguage":"da-DK","@id":"https://hubsch-interior.com/da/vare/forma-spisestol-sort/#primaryimage","url":"https://hubsch-interior.com/wp-content/uploads/2026/02/forma-dining-chair-black-e7117604d30d706f4e813bcd76620ffc.jpg","contentUrl":"https://hubsch-interior.com/wp-content/uploads/2026/02/forma-dining-chair-black-e7117604d30d706f4e813bcd76620ffc.jpg","width":1024,"height":1024},{"@type":"BreadcrumbList","@id":"https://hubsch-interior.com/da/vare/forma-spisestol-sort/#breadcrumb","itemListElement":[{"@type":"ListItem","position":1,"name":"Forside","item":"https://hubsch-interior.com/da/"},{"@type":"ListItem","position":2,"name":"Produkter","item":"https://hubsch-interior.com/da/produkter/"},{"@type":"ListItem","position":3,"name":"Møbler","item":"https://hubsch-interior.com/da/vare-kategori/mobler/"},{"@type":"ListItem","position":4,"name":"Siddem&oslash;bler","item":"https://hubsch-interior.com/da/vare-kategori/mobler/siddemoebler-da/"},{"@type":"ListItem","position":5,"name":"Skamler","item":"https://hubsch-interior.com/da/vare-kategori/mobler/siddemoebler-da/skamler-da/"},{"@type":"ListItem","position":6,"name":"Forma Spisestol Sort"}]},{"@type":"WebSite","@id":"https://hubsch-interior.com/da/#website","url":"https://hubsch-interior.com/da/","name":"Hübsch","description":"Danish Home Interior and Design","publisher":{"@id":"https://hubsch-interior.com/da/#organization"},"potentialAction":[{"@type":"SearchAction","target":{"@type":"EntryPoint","urlTemplate":"https://hubsch-interior.com/da/?s={search_term_string}"},"query-input":{"@type":"PropertyValueSpecification","valueRequired":true,"valueName":"search_term_string"}}],"inLanguage":"da-DK"},{"@type":"Organization","@id":"https://hubsch-interior.com/da/#organization","name":"Hübsch","url":"https://hubsch-interior.com/da/","logo":{"@type":"ImageObject","inLanguage":"da-DK","@id":"https://hubsch-interior.com/da/#/schema/logo/image/","url":"https://hubsch-interior.com/wp-content/uploads/2022/12/Hubsch_logo_black_one_line.svg","contentUrl":"https://hubsch-interior.com/wp-content/uploads/2022/12/Hubsch_logo_black_one_line.svg","caption":"Hübsch"},"image":{"@id":"https://hubsch-interior.com/da/#/schema/logo/image/"}}]}</script>
<!-- / Yoast SEO plugin. -->

Forma Spisestol Sort - Hübsch

Oplev den kvintessentielle stilfulde Forma Spisestol, hvor funktionalitet møder kunst. Fremstillet af FSC-certificeret eg og finer, er dette møbel malet i

Hübsch

Møbler
