{"id":389283,"date":"2021-06-04T09:48:14","date_gmt":"2021-06-04T07:48:14","guid":{"rendered":"https:\/\/hubsch-interior.com\/shop-b2c\/product\/product-6\/"},"modified":"2026-04-29T04:23:32","modified_gmt":"2026-04-29T02:23:32","slug":"first-glas-klar","status":"publish","type":"product","link":"https:\/\/hubsch-interior.com\/da\/vare\/first-glas-klar\/","title":{"rendered":"First Glas Klar"},"content":{"rendered":"<p>Dette marmeladeglas er en enkelt og \u00e6stetisk m\u00e5de at opbevare mad eller andet i. Glasset kommer med et praktisk og luftt\u00e6t l\u00e5g. Glasset har en taktil overflade, hvilket g\u00f8r det klassik og unikt.<\/p>\n","protected":false},"excerpt":{"rendered":"<p>Dette marmeladeglas er en enkelt og \u00e6stetisk m\u00e5de at opbevare mad eller andet i. Glasset kommer med et praktisk og luftt\u00e6t l\u00e5g. Glasset har en taktil overflade, hvilket g\u00f8r det klassik og unikt.<\/p>\n","protected":false},"featured_media":1095248,"template":"","meta":{"_acf_changed":false,"inline_featured_image":false},"product_brand":[],"product_cat":[5025,4094,7046,4051,3427,3109,4931,6970],"product_tag":[],"class_list":{"0":"post-389283","1":"product","2":"type-product","3":"status-publish","4":"has-post-thumbnail","6":"product_cat-bestsellers-da","7":"product_cat-bordservice-da","8":"product_cat-koekken-opbevaring-da","9":"product_cat-koekkentilbehoer-da","10":"product_cat-krukker-da","11":"product_cat-opbevaring-da","12":"product_cat-opbevaringsglas-da","13":"product_cat-paaskeudsalg","14":"product_shipping_class-pk","16":"pa_color-klar","17":"pa_material-glas-da","19":"first","20":"instock","21":"featured","22":"taxable","23":"shipping-taxable","24":"purchasable","25":"product-type-simple"},"exclude_global_add_ons":[],"addons":[],"acf":[],"yoast_head":"<!-- This site is optimized with the Yoast SEO plugin v26.4 - https:\/\/yoast.com\/wordpress\/plugins\/seo\/ -->\n<title>First Glas Klar - H\u00fcbsch<\/title>\n<meta name=\"description\" content=\"Dette marmeladeglas er en enkelt og \u00e6stetisk m\u00e5de at opbevare mad eller andet i. Glasset kommer med et praktisk og luftt\u00e6t l\u00e5g. Glasset har en taktil\" \/>\n<meta name=\"robots\" content=\"index, follow, max-snippet:-1, max-image-preview:large, max-video-preview:-1\" \/>\n<link rel=\"canonical\" href=\"https:\/\/hubsch-interior.com\/da\/wp-json\/wp\/v2\/product\/389283\" \/>\n<meta property=\"og:locale\" content=\"da_DK\" \/>\n<meta property=\"og:type\" content=\"article\" \/>\n<meta property=\"og:title\" content=\"First Glas Klar - H\u00fcbsch\" \/>\n<meta property=\"og:description\" content=\"Dette marmeladeglas er en enkelt og \u00e6stetisk m\u00e5de at opbevare mad eller andet i. Glasset kommer med et praktisk og luftt\u00e6t l\u00e5g. Glasset har en taktil\" \/>\n<meta property=\"og:url\" content=\"https:\/\/hubsch-interior.com\/da\/vare\/first-glas-klar\/\" \/>\n<meta property=\"og:site_name\" content=\"H\u00fcbsch\" \/>\n<meta property=\"article:modified_time\" content=\"2026-04-29T02:23:32+00:00\" \/>\n<meta property=\"og:image\" content=\"https:\/\/hubsch-interior.com\/wp-content\/uploads\/2024\/04\/first-glass-clear-f0e29e5e083433f660ca80c768c0ae7d.jpg\" \/>\n\t<meta property=\"og:image:width\" content=\"1200\" \/>\n\t<meta property=\"og:image:height\" content=\"1200\" \/>\n\t<meta property=\"og:image:type\" content=\"image\/jpeg\" \/>\n<meta name=\"twitter:card\" content=\"summary_large_image\" \/>\n<script type=\"application\/ld+json\" class=\"yoast-schema-graph\">{\"@context\":\"https:\/\/schema.org\",\"@graph\":[{\"@type\":\"WebPage\",\"@id\":\"https:\/\/hubsch-interior.com\/da\/vare\/first-glas-klar\/\",\"url\":\"https:\/\/hubsch-interior.com\/da\/vare\/first-glas-klar\/\",\"name\":\"First Glas Klar - H\u00fcbsch\",\"isPartOf\":{\"@id\":\"https:\/\/hubsch-interior.com\/da\/#website\"},\"primaryImageOfPage\":{\"@id\":\"https:\/\/hubsch-interior.com\/da\/vare\/first-glas-klar\/#primaryimage\"},\"image\":{\"@id\":\"https:\/\/hubsch-interior.com\/da\/vare\/first-glas-klar\/#primaryimage\"},\"thumbnailUrl\":\"https:\/\/hubsch-interior.com\/wp-content\/uploads\/2026\/02\/first-glass-clear-463f4d7bddbe00848b24dc44c01205ab.jpg\",\"datePublished\":\"2021-06-04T07:48:14+00:00\",\"dateModified\":\"2026-04-29T02:23:32+00:00\",\"description\":\"Dette marmeladeglas er en enkelt og \u00e6stetisk m\u00e5de at opbevare mad eller andet i. Glasset kommer med et praktisk og luftt\u00e6t l\u00e5g. Glasset har en taktil\",\"breadcrumb\":{\"@id\":\"https:\/\/hubsch-interior.com\/da\/vare\/first-glas-klar\/#breadcrumb\"},\"inLanguage\":\"da-DK\",\"potentialAction\":[{\"@type\":\"ReadAction\",\"target\":[\"https:\/\/hubsch-interior.com\/da\/vare\/first-glas-klar\/\"]}]},{\"@type\":\"ImageObject\",\"inLanguage\":\"da-DK\",\"@id\":\"https:\/\/hubsch-interior.com\/da\/vare\/first-glas-klar\/#primaryimage\",\"url\":\"https:\/\/hubsch-interior.com\/wp-content\/uploads\/2026\/02\/first-glass-clear-463f4d7bddbe00848b24dc44c01205ab.jpg\",\"contentUrl\":\"https:\/\/hubsch-interior.com\/wp-content\/uploads\/2026\/02\/first-glass-clear-463f4d7bddbe00848b24dc44c01205ab.jpg\",\"width\":1024,\"height\":1024},{\"@type\":\"BreadcrumbList\",\"@id\":\"https:\/\/hubsch-interior.com\/da\/vare\/first-glas-klar\/#breadcrumb\",\"itemListElement\":[{\"@type\":\"ListItem\",\"position\":1,\"name\":\"Forside\",\"item\":\"https:\/\/hubsch-interior.com\/da\/\"},{\"@type\":\"ListItem\",\"position\":2,\"name\":\"Produkter\",\"item\":\"https:\/\/hubsch-interior.com\/da\/produkter\/\"},{\"@type\":\"ListItem\",\"position\":3,\"name\":\"Boligtilbeh\u00f8r\",\"item\":\"https:\/\/hubsch-interior.com\/da\/vare-kategori\/boligtilbehor\/\"},{\"@type\":\"ListItem\",\"position\":4,\"name\":\"K&oslash;kkentilbeh&oslash;r\",\"item\":\"https:\/\/hubsch-interior.com\/da\/vare-kategori\/boligtilbehor\/koekkentilbehoer-da\/\"},{\"@type\":\"ListItem\",\"position\":5,\"name\":\"Bordservice\",\"item\":\"https:\/\/hubsch-interior.com\/da\/vare-kategori\/boligtilbehor\/koekkentilbehoer-da\/bordservice-da\/\"},{\"@type\":\"ListItem\",\"position\":6,\"name\":\"First Glas Klar\"}]},{\"@type\":\"WebSite\",\"@id\":\"https:\/\/hubsch-interior.com\/da\/#website\",\"url\":\"https:\/\/hubsch-interior.com\/da\/\",\"name\":\"H\u00fcbsch\",\"description\":\"Danish Home Interior and Design\",\"publisher\":{\"@id\":\"https:\/\/hubsch-interior.com\/da\/#organization\"},\"potentialAction\":[{\"@type\":\"SearchAction\",\"target\":{\"@type\":\"EntryPoint\",\"urlTemplate\":\"https:\/\/hubsch-interior.com\/da\/?s={search_term_string}\"},\"query-input\":{\"@type\":\"PropertyValueSpecification\",\"valueRequired\":true,\"valueName\":\"search_term_string\"}}],\"inLanguage\":\"da-DK\"},{\"@type\":\"Organization\",\"@id\":\"https:\/\/hubsch-interior.com\/da\/#organization\",\"name\":\"H\u00fcbsch\",\"url\":\"https:\/\/hubsch-interior.com\/da\/\",\"logo\":{\"@type\":\"ImageObject\",\"inLanguage\":\"da-DK\",\"@id\":\"https:\/\/hubsch-interior.com\/da\/#\/schema\/logo\/image\/\",\"url\":\"https:\/\/hubsch-interior.com\/wp-content\/uploads\/2022\/12\/Hubsch_logo_black_one_line.svg\",\"contentUrl\":\"https:\/\/hubsch-interior.com\/wp-content\/uploads\/2022\/12\/Hubsch_logo_black_one_line.svg\",\"caption\":\"H\u00fcbsch\"},\"image\":{\"@id\":\"https:\/\/hubsch-interior.com\/da\/#\/schema\/logo\/image\/\"}}]}<\/script>\n<!-- \/ Yoast SEO plugin. -->","yoast_head_json":{"title":"First Glas Klar - H\u00fcbsch","description":"Dette marmeladeglas er en enkelt og \u00e6stetisk m\u00e5de at opbevare mad eller andet i. Glasset kommer med et praktisk og luftt\u00e6t l\u00e5g. Glasset har en taktil","robots":{"index":"index","follow":"follow","max-snippet":"max-snippet:-1","max-image-preview":"max-image-preview:large","max-video-preview":"max-video-preview:-1"},"canonical":"https:\/\/hubsch-interior.com\/da\/wp-json\/wp\/v2\/product\/389283","og_locale":"da_DK","og_type":"article","og_title":"First Glas Klar - H\u00fcbsch","og_description":"Dette marmeladeglas er en enkelt og \u00e6stetisk m\u00e5de at opbevare mad eller andet i. Glasset kommer med et praktisk og luftt\u00e6t l\u00e5g. Glasset har en taktil","og_url":"https:\/\/hubsch-interior.com\/da\/vare\/first-glas-klar\/","og_site_name":"H\u00fcbsch","article_modified_time":"2026-04-29T02:23:32+00:00","og_image":[{"width":1200,"height":1200,"url":"https:\/\/hubsch-interior.com\/wp-content\/uploads\/2024\/04\/first-glass-clear-f0e29e5e083433f660ca80c768c0ae7d.jpg","type":"image\/jpeg"}],"twitter_card":"summary_large_image","schema":{"@context":"https:\/\/schema.org","@graph":[{"@type":"WebPage","@id":"https:\/\/hubsch-interior.com\/da\/vare\/first-glas-klar\/","url":"https:\/\/hubsch-interior.com\/da\/vare\/first-glas-klar\/","name":"First Glas Klar - H\u00fcbsch","isPartOf":{"@id":"https:\/\/hubsch-interior.com\/da\/#website"},"primaryImageOfPage":{"@id":"https:\/\/hubsch-interior.com\/da\/vare\/first-glas-klar\/#primaryimage"},"image":{"@id":"https:\/\/hubsch-interior.com\/da\/vare\/first-glas-klar\/#primaryimage"},"thumbnailUrl":"https:\/\/hubsch-interior.com\/wp-content\/uploads\/2026\/02\/first-glass-clear-463f4d7bddbe00848b24dc44c01205ab.jpg","datePublished":"2021-06-04T07:48:14+00:00","dateModified":"2026-04-29T02:23:32+00:00","description":"Dette marmeladeglas er en enkelt og \u00e6stetisk m\u00e5de at opbevare mad eller andet i. Glasset kommer med et praktisk og luftt\u00e6t l\u00e5g. Glasset har en taktil","breadcrumb":{"@id":"https:\/\/hubsch-interior.com\/da\/vare\/first-glas-klar\/#breadcrumb"},"inLanguage":"da-DK","potentialAction":[{"@type":"ReadAction","target":["https:\/\/hubsch-interior.com\/da\/vare\/first-glas-klar\/"]}]},{"@type":"ImageObject","inLanguage":"da-DK","@id":"https:\/\/hubsch-interior.com\/da\/vare\/first-glas-klar\/#primaryimage","url":"https:\/\/hubsch-interior.com\/wp-content\/uploads\/2026\/02\/first-glass-clear-463f4d7bddbe00848b24dc44c01205ab.jpg","contentUrl":"https:\/\/hubsch-interior.com\/wp-content\/uploads\/2026\/02\/first-glass-clear-463f4d7bddbe00848b24dc44c01205ab.jpg","width":1024,"height":1024},{"@type":"BreadcrumbList","@id":"https:\/\/hubsch-interior.com\/da\/vare\/first-glas-klar\/#breadcrumb","itemListElement":[{"@type":"ListItem","position":1,"name":"Forside","item":"https:\/\/hubsch-interior.com\/da\/"},{"@type":"ListItem","position":2,"name":"Produkter","item":"https:\/\/hubsch-interior.com\/da\/produkter\/"},{"@type":"ListItem","position":3,"name":"Boligtilbeh\u00f8r","item":"https:\/\/hubsch-interior.com\/da\/vare-kategori\/boligtilbehor\/"},{"@type":"ListItem","position":4,"name":"K&oslash;kkentilbeh&oslash;r","item":"https:\/\/hubsch-interior.com\/da\/vare-kategori\/boligtilbehor\/koekkentilbehoer-da\/"},{"@type":"ListItem","position":5,"name":"Bordservice","item":"https:\/\/hubsch-interior.com\/da\/vare-kategori\/boligtilbehor\/koekkentilbehoer-da\/bordservice-da\/"},{"@type":"ListItem","position":6,"name":"First Glas Klar"}]},{"@type":"WebSite","@id":"https:\/\/hubsch-interior.com\/da\/#website","url":"https:\/\/hubsch-interior.com\/da\/","name":"H\u00fcbsch","description":"Danish Home Interior and Design","publisher":{"@id":"https:\/\/hubsch-interior.com\/da\/#organization"},"potentialAction":[{"@type":"SearchAction","target":{"@type":"EntryPoint","urlTemplate":"https:\/\/hubsch-interior.com\/da\/?s={search_term_string}"},"query-input":{"@type":"PropertyValueSpecification","valueRequired":true,"valueName":"search_term_string"}}],"inLanguage":"da-DK"},{"@type":"Organization","@id":"https:\/\/hubsch-interior.com\/da\/#organization","name":"H\u00fcbsch","url":"https:\/\/hubsch-interior.com\/da\/","logo":{"@type":"ImageObject","inLanguage":"da-DK","@id":"https:\/\/hubsch-interior.com\/da\/#\/schema\/logo\/image\/","url":"https:\/\/hubsch-interior.com\/wp-content\/uploads\/2022\/12\/Hubsch_logo_black_one_line.svg","contentUrl":"https:\/\/hubsch-interior.com\/wp-content\/uploads\/2022\/12\/Hubsch_logo_black_one_line.svg","caption":"H\u00fcbsch"},"image":{"@id":"https:\/\/hubsch-interior.com\/da\/#\/schema\/logo\/image\/"}}]}},"_links":{"self":[{"href":"https:\/\/hubsch-interior.com\/da\/wp-json\/wp\/v2\/product\/389283","targetHints":{"allow":["GET"]}}],"collection":[{"href":"https:\/\/hubsch-interior.com\/da\/wp-json\/wp\/v2\/product"}],"about":[{"href":"https:\/\/hubsch-interior.com\/da\/wp-json\/wp\/v2\/types\/product"}],"wp:featuredmedia":[{"embeddable":true,"href":"https:\/\/hubsch-interior.com\/da\/wp-json\/wp\/v2\/media\/1095248"}],"wp:attachment":[{"href":"https:\/\/hubsch-interior.com\/da\/wp-json\/wp\/v2\/media?parent=389283"}],"wp:term":[{"taxonomy":"product_brand","embeddable":true,"href":"https:\/\/hubsch-interior.com\/da\/wp-json\/wp\/v2\/product_brand?post=389283"},{"taxonomy":"product_cat","embeddable":true,"href":"https:\/\/hubsch-interior.com\/da\/wp-json\/wp\/v2\/product_cat?post=389283"},{"taxonomy":"product_tag","embeddable":true,"href":"https:\/\/hubsch-interior.com\/da\/wp-json\/wp\/v2\/product_tag?post=389283"}],"curies":[{"name":"wp","href":"https:\/\/api.w.org\/{rel}","templated":true}]}}

<p>Dette marmeladeglas er en enkelt og æstetisk måde at opbevare mad eller andet i. Glasset kommer med et praktisk og lufttæt låg. Glasset har en taktil overflade, hvilket gør det klassik og unikt.</p>

<!-- This site is optimized with the Yoast SEO plugin v26.4 - https://yoast.com/wordpress/plugins/seo/ -->
<title>First Glas Klar - Hübsch</title>
<meta name="description" content="Dette marmeladeglas er en enkelt og æstetisk måde at opbevare mad eller andet i. Glasset kommer med et praktisk og lufttæt låg. Glasset har en taktil" />
<meta name="robots" content="index, follow, max-snippet:-1, max-image-preview:large, max-video-preview:-1" />
<link rel="canonical" href="https://hubsch-interior.com/da/wp-json/wp/v2/product/389283" />
<meta property="og:locale" content="da_DK" />
<meta property="og:type" content="article" />
<meta property="og:title" content="First Glas Klar - Hübsch" />
<meta property="og:description" content="Dette marmeladeglas er en enkelt og æstetisk måde at opbevare mad eller andet i. Glasset kommer med et praktisk og lufttæt låg. Glasset har en taktil" />
<meta property="og:url" content="https://hubsch-interior.com/da/vare/first-glas-klar/" />
<meta property="og:site_name" content="Hübsch" />
<meta property="article:modified_time" content="2026-04-29T02:23:32+00:00" />
<meta property="og:image" content="https://hubsch-interior.com/wp-content/uploads/2024/04/first-glass-clear-f0e29e5e083433f660ca80c768c0ae7d.jpg" />
	<meta property="og:image:width" content="1200" />
	<meta property="og:image:height" content="1200" />
	<meta property="og:image:type" content="image/jpeg" />
<meta name="twitter:card" content="summary_large_image" />
<script type="application/ld+json" class="yoast-schema-graph">{"@context":"https://schema.org","@graph":[{"@type":"WebPage","@id":"https://hubsch-interior.com/da/vare/first-glas-klar/","url":"https://hubsch-interior.com/da/vare/first-glas-klar/","name":"First Glas Klar - Hübsch","isPartOf":{"@id":"https://hubsch-interior.com/da/#website"},"primaryImageOfPage":{"@id":"https://hubsch-interior.com/da/vare/first-glas-klar/#primaryimage"},"image":{"@id":"https://hubsch-interior.com/da/vare/first-glas-klar/#primaryimage"},"thumbnailUrl":"https://hubsch-interior.com/wp-content/uploads/2026/02/first-glass-clear-463f4d7bddbe00848b24dc44c01205ab.jpg","datePublished":"2021-06-04T07:48:14+00:00","dateModified":"2026-04-29T02:23:32+00:00","description":"Dette marmeladeglas er en enkelt og æstetisk måde at opbevare mad eller andet i. Glasset kommer med et praktisk og lufttæt låg. Glasset har en taktil","breadcrumb":{"@id":"https://hubsch-interior.com/da/vare/first-glas-klar/#breadcrumb"},"inLanguage":"da-DK","potentialAction":[{"@type":"ReadAction","target":["https://hubsch-interior.com/da/vare/first-glas-klar/"]}]},{"@type":"ImageObject","inLanguage":"da-DK","@id":"https://hubsch-interior.com/da/vare/first-glas-klar/#primaryimage","url":"https://hubsch-interior.com/wp-content/uploads/2026/02/first-glass-clear-463f4d7bddbe00848b24dc44c01205ab.jpg","contentUrl":"https://hubsch-interior.com/wp-content/uploads/2026/02/first-glass-clear-463f4d7bddbe00848b24dc44c01205ab.jpg","width":1024,"height":1024},{"@type":"BreadcrumbList","@id":"https://hubsch-interior.com/da/vare/first-glas-klar/#breadcrumb","itemListElement":[{"@type":"ListItem","position":1,"name":"Forside","item":"https://hubsch-interior.com/da/"},{"@type":"ListItem","position":2,"name":"Produkter","item":"https://hubsch-interior.com/da/produkter/"},{"@type":"ListItem","position":3,"name":"Boligtilbehør","item":"https://hubsch-interior.com/da/vare-kategori/boligtilbehor/"},{"@type":"ListItem","position":4,"name":"K&oslash;kkentilbeh&oslash;r","item":"https://hubsch-interior.com/da/vare-kategori/boligtilbehor/koekkentilbehoer-da/"},{"@type":"ListItem","position":5,"name":"Bordservice","item":"https://hubsch-interior.com/da/vare-kategori/boligtilbehor/koekkentilbehoer-da/bordservice-da/"},{"@type":"ListItem","position":6,"name":"First Glas Klar"}]},{"@type":"WebSite","@id":"https://hubsch-interior.com/da/#website","url":"https://hubsch-interior.com/da/","name":"Hübsch","description":"Danish Home Interior and Design","publisher":{"@id":"https://hubsch-interior.com/da/#organization"},"potentialAction":[{"@type":"SearchAction","target":{"@type":"EntryPoint","urlTemplate":"https://hubsch-interior.com/da/?s={search_term_string}"},"query-input":{"@type":"PropertyValueSpecification","valueRequired":true,"valueName":"search_term_string"}}],"inLanguage":"da-DK"},{"@type":"Organization","@id":"https://hubsch-interior.com/da/#organization","name":"Hübsch","url":"https://hubsch-interior.com/da/","logo":{"@type":"ImageObject","inLanguage":"da-DK","@id":"https://hubsch-interior.com/da/#/schema/logo/image/","url":"https://hubsch-interior.com/wp-content/uploads/2022/12/Hubsch_logo_black_one_line.svg","contentUrl":"https://hubsch-interior.com/wp-content/uploads/2022/12/Hubsch_logo_black_one_line.svg","caption":"Hübsch"},"image":{"@id":"https://hubsch-interior.com/da/#/schema/logo/image/"}}]}</script>
<!-- / Yoast SEO plugin. -->

First Glas Klar - Hübsch

Dette marmeladeglas er en enkelt og æstetisk måde at opbevare mad eller andet i. Glasset kommer med et praktisk og lufttæt låg. Glasset har en taktil

Hübsch

Boligtilbehør
