{"id":398675,"date":"2021-06-13T23:08:12","date_gmt":"2021-06-13T21:08:12","guid":{"rendered":"https:\/\/hubsch-interior.com\/shop-b2c\/product\/product\/"},"modified":"2026-05-01T05:20:55","modified_gmt":"2026-05-01T03:20:55","slug":"coney-pendel-ravfarve","status":"publish","type":"product","link":"https:\/\/hubsch-interior.com\/da\/vare\/coney-pendel-ravfarve\/","title":{"rendered":"Coney Pendel Ravfarve"},"content":{"rendered":"<p>N\u00e5r du v\u00e6lger denne finurlige pendel i metal, som dit lofts nye bedste ven, har du truffet et str\u00e5lende valg. Denne metal lampe vil ikke kun g\u00f8re dit l\u00e6sehj\u00f8rne tilfreds. B\u00e5de dit k\u00f8kkenbord og dit spisebord kommer til at elske lampens l\u00e6kre lys og udtryk, som er inspireret af alt det gode fra halvfjerdserne. Selv som sengelampe fungerer denne lille lysperle &#8211; er du ikke enig?<\/p>\n","protected":false},"excerpt":{"rendered":"<p>N\u00e5r du v\u00e6lger denne finurlige pendel i metal, som dit lofts nye bedste ven, har du truffet et str\u00e5lende valg. Denne metal lampe vil ikke kun g\u00f8re dit l\u00e6sehj\u00f8rne tilfreds. B\u00e5de dit k\u00f8kkenbord og dit spisebord kommer til at elske lampens l\u00e6kre lys og udtryk, som er inspireret af alt det gode fra halvfjerdserne. Selv [&hellip;]<\/p>\n","protected":false},"featured_media":1109813,"template":"","meta":{"_acf_changed":false,"inline_featured_image":false},"product_brand":[],"product_cat":[3808,4146],"product_tag":[],"class_list":{"0":"post-398675","1":"product","2":"type-product","3":"status-publish","4":"has-post-thumbnail","6":"product_cat-belysning","7":"product_cat-loftslamper-da","8":"product_shipping_class-pk","10":"pa_color-ravfarve","11":"pa_material-aluminium-da","12":"pa_material-jern-da","14":"first","15":"instock","16":"taxable","17":"shipping-taxable","18":"purchasable","19":"product-type-simple"},"exclude_global_add_ons":[],"addons":[],"acf":[],"yoast_head":"<!-- This site is optimized with the Yoast SEO plugin v26.4 - https:\/\/yoast.com\/wordpress\/plugins\/seo\/ -->\n<title>Coney Pendel Ravfarve - H\u00fcbsch<\/title>\n<meta name=\"description\" content=\"N\u00e5r du v\u00e6lger denne finurlige pendel i metal, som dit lofts nye bedste ven, har du truffet et str\u00e5lende valg. Denne metal lampe vil ikke kun g\u00f8re dit\" \/>\n<meta name=\"robots\" content=\"index, follow, max-snippet:-1, max-image-preview:large, max-video-preview:-1\" \/>\n<link rel=\"canonical\" href=\"https:\/\/hubsch-interior.com\/da\/wp-json\/wp\/v2\/product\/398675\" \/>\n<meta property=\"og:locale\" content=\"da_DK\" \/>\n<meta property=\"og:type\" content=\"article\" \/>\n<meta property=\"og:title\" content=\"Coney Pendel Ravfarve - H\u00fcbsch\" \/>\n<meta property=\"og:description\" content=\"N\u00e5r du v\u00e6lger denne finurlige pendel i metal, som dit lofts nye bedste ven, har du truffet et str\u00e5lende valg. Denne metal lampe vil ikke kun g\u00f8re dit\" \/>\n<meta property=\"og:url\" content=\"https:\/\/hubsch-interior.com\/da\/vare\/coney-pendel-ravfarve\/\" \/>\n<meta property=\"og:site_name\" content=\"H\u00fcbsch\" \/>\n<meta property=\"article:modified_time\" content=\"2026-05-01T03:20:55+00:00\" \/>\n<meta property=\"og:image\" content=\"https:\/\/hubsch-interior.com\/wp-content\/uploads\/2026\/02\/coney-pendant-amber-3ac9073ebbbc7a96a3ab579328de8400.jpg\" \/>\n\t<meta property=\"og:image:width\" content=\"1024\" \/>\n\t<meta property=\"og:image:height\" content=\"1024\" \/>\n\t<meta property=\"og:image:type\" content=\"image\/jpeg\" \/>\n<meta name=\"twitter:card\" content=\"summary_large_image\" \/>\n<script type=\"application\/ld+json\" class=\"yoast-schema-graph\">{\"@context\":\"https:\/\/schema.org\",\"@graph\":[{\"@type\":\"WebPage\",\"@id\":\"https:\/\/hubsch-interior.com\/da\/vare\/coney-pendel-ravfarve\/\",\"url\":\"https:\/\/hubsch-interior.com\/da\/vare\/coney-pendel-ravfarve\/\",\"name\":\"Coney Pendel Ravfarve - H\u00fcbsch\",\"isPartOf\":{\"@id\":\"https:\/\/hubsch-interior.com\/da\/#website\"},\"primaryImageOfPage\":{\"@id\":\"https:\/\/hubsch-interior.com\/da\/vare\/coney-pendel-ravfarve\/#primaryimage\"},\"image\":{\"@id\":\"https:\/\/hubsch-interior.com\/da\/vare\/coney-pendel-ravfarve\/#primaryimage\"},\"thumbnailUrl\":\"https:\/\/hubsch-interior.com\/wp-content\/uploads\/2026\/02\/coney-pendant-amber-3ac9073ebbbc7a96a3ab579328de8400.jpg\",\"datePublished\":\"2021-06-13T21:08:12+00:00\",\"dateModified\":\"2026-05-01T03:20:55+00:00\",\"description\":\"N\u00e5r du v\u00e6lger denne finurlige pendel i metal, som dit lofts nye bedste ven, har du truffet et str\u00e5lende valg. Denne metal lampe vil ikke kun g\u00f8re dit\",\"breadcrumb\":{\"@id\":\"https:\/\/hubsch-interior.com\/da\/vare\/coney-pendel-ravfarve\/#breadcrumb\"},\"inLanguage\":\"da-DK\",\"potentialAction\":[{\"@type\":\"ReadAction\",\"target\":[\"https:\/\/hubsch-interior.com\/da\/vare\/coney-pendel-ravfarve\/\"]}]},{\"@type\":\"ImageObject\",\"inLanguage\":\"da-DK\",\"@id\":\"https:\/\/hubsch-interior.com\/da\/vare\/coney-pendel-ravfarve\/#primaryimage\",\"url\":\"https:\/\/hubsch-interior.com\/wp-content\/uploads\/2026\/02\/coney-pendant-amber-3ac9073ebbbc7a96a3ab579328de8400.jpg\",\"contentUrl\":\"https:\/\/hubsch-interior.com\/wp-content\/uploads\/2026\/02\/coney-pendant-amber-3ac9073ebbbc7a96a3ab579328de8400.jpg\",\"width\":1024,\"height\":1024},{\"@type\":\"BreadcrumbList\",\"@id\":\"https:\/\/hubsch-interior.com\/da\/vare\/coney-pendel-ravfarve\/#breadcrumb\",\"itemListElement\":[{\"@type\":\"ListItem\",\"position\":1,\"name\":\"Forside\",\"item\":\"https:\/\/hubsch-interior.com\/da\/\"},{\"@type\":\"ListItem\",\"position\":2,\"name\":\"Produkter\",\"item\":\"https:\/\/hubsch-interior.com\/da\/produkter\/\"},{\"@type\":\"ListItem\",\"position\":3,\"name\":\"Belysning\",\"item\":\"https:\/\/hubsch-interior.com\/da\/vare-kategori\/belysning\/\"},{\"@type\":\"ListItem\",\"position\":4,\"name\":\"Loftslamper\",\"item\":\"https:\/\/hubsch-interior.com\/da\/vare-kategori\/belysning\/loftslamper-da\/\"},{\"@type\":\"ListItem\",\"position\":5,\"name\":\"Coney Pendel Ravfarve\"}]},{\"@type\":\"WebSite\",\"@id\":\"https:\/\/hubsch-interior.com\/da\/#website\",\"url\":\"https:\/\/hubsch-interior.com\/da\/\",\"name\":\"H\u00fcbsch\",\"description\":\"Danish Home Interior and Design\",\"publisher\":{\"@id\":\"https:\/\/hubsch-interior.com\/da\/#organization\"},\"potentialAction\":[{\"@type\":\"SearchAction\",\"target\":{\"@type\":\"EntryPoint\",\"urlTemplate\":\"https:\/\/hubsch-interior.com\/da\/?s={search_term_string}\"},\"query-input\":{\"@type\":\"PropertyValueSpecification\",\"valueRequired\":true,\"valueName\":\"search_term_string\"}}],\"inLanguage\":\"da-DK\"},{\"@type\":\"Organization\",\"@id\":\"https:\/\/hubsch-interior.com\/da\/#organization\",\"name\":\"H\u00fcbsch\",\"url\":\"https:\/\/hubsch-interior.com\/da\/\",\"logo\":{\"@type\":\"ImageObject\",\"inLanguage\":\"da-DK\",\"@id\":\"https:\/\/hubsch-interior.com\/da\/#\/schema\/logo\/image\/\",\"url\":\"https:\/\/hubsch-interior.com\/wp-content\/uploads\/2022\/12\/Hubsch_logo_black_one_line.svg\",\"contentUrl\":\"https:\/\/hubsch-interior.com\/wp-content\/uploads\/2022\/12\/Hubsch_logo_black_one_line.svg\",\"caption\":\"H\u00fcbsch\"},\"image\":{\"@id\":\"https:\/\/hubsch-interior.com\/da\/#\/schema\/logo\/image\/\"}}]}<\/script>\n<!-- \/ Yoast SEO plugin. -->","yoast_head_json":{"title":"Coney Pendel Ravfarve - H\u00fcbsch","description":"N\u00e5r du v\u00e6lger denne finurlige pendel i metal, som dit lofts nye bedste ven, har du truffet et str\u00e5lende valg. Denne metal lampe vil ikke kun g\u00f8re dit","robots":{"index":"index","follow":"follow","max-snippet":"max-snippet:-1","max-image-preview":"max-image-preview:large","max-video-preview":"max-video-preview:-1"},"canonical":"https:\/\/hubsch-interior.com\/da\/wp-json\/wp\/v2\/product\/398675","og_locale":"da_DK","og_type":"article","og_title":"Coney Pendel Ravfarve - H\u00fcbsch","og_description":"N\u00e5r du v\u00e6lger denne finurlige pendel i metal, som dit lofts nye bedste ven, har du truffet et str\u00e5lende valg. Denne metal lampe vil ikke kun g\u00f8re dit","og_url":"https:\/\/hubsch-interior.com\/da\/vare\/coney-pendel-ravfarve\/","og_site_name":"H\u00fcbsch","article_modified_time":"2026-05-01T03:20:55+00:00","og_image":[{"width":1024,"height":1024,"url":"https:\/\/hubsch-interior.com\/wp-content\/uploads\/2026\/02\/coney-pendant-amber-3ac9073ebbbc7a96a3ab579328de8400.jpg","type":"image\/jpeg"}],"twitter_card":"summary_large_image","schema":{"@context":"https:\/\/schema.org","@graph":[{"@type":"WebPage","@id":"https:\/\/hubsch-interior.com\/da\/vare\/coney-pendel-ravfarve\/","url":"https:\/\/hubsch-interior.com\/da\/vare\/coney-pendel-ravfarve\/","name":"Coney Pendel Ravfarve - H\u00fcbsch","isPartOf":{"@id":"https:\/\/hubsch-interior.com\/da\/#website"},"primaryImageOfPage":{"@id":"https:\/\/hubsch-interior.com\/da\/vare\/coney-pendel-ravfarve\/#primaryimage"},"image":{"@id":"https:\/\/hubsch-interior.com\/da\/vare\/coney-pendel-ravfarve\/#primaryimage"},"thumbnailUrl":"https:\/\/hubsch-interior.com\/wp-content\/uploads\/2026\/02\/coney-pendant-amber-3ac9073ebbbc7a96a3ab579328de8400.jpg","datePublished":"2021-06-13T21:08:12+00:00","dateModified":"2026-05-01T03:20:55+00:00","description":"N\u00e5r du v\u00e6lger denne finurlige pendel i metal, som dit lofts nye bedste ven, har du truffet et str\u00e5lende valg. Denne metal lampe vil ikke kun g\u00f8re dit","breadcrumb":{"@id":"https:\/\/hubsch-interior.com\/da\/vare\/coney-pendel-ravfarve\/#breadcrumb"},"inLanguage":"da-DK","potentialAction":[{"@type":"ReadAction","target":["https:\/\/hubsch-interior.com\/da\/vare\/coney-pendel-ravfarve\/"]}]},{"@type":"ImageObject","inLanguage":"da-DK","@id":"https:\/\/hubsch-interior.com\/da\/vare\/coney-pendel-ravfarve\/#primaryimage","url":"https:\/\/hubsch-interior.com\/wp-content\/uploads\/2026\/02\/coney-pendant-amber-3ac9073ebbbc7a96a3ab579328de8400.jpg","contentUrl":"https:\/\/hubsch-interior.com\/wp-content\/uploads\/2026\/02\/coney-pendant-amber-3ac9073ebbbc7a96a3ab579328de8400.jpg","width":1024,"height":1024},{"@type":"BreadcrumbList","@id":"https:\/\/hubsch-interior.com\/da\/vare\/coney-pendel-ravfarve\/#breadcrumb","itemListElement":[{"@type":"ListItem","position":1,"name":"Forside","item":"https:\/\/hubsch-interior.com\/da\/"},{"@type":"ListItem","position":2,"name":"Produkter","item":"https:\/\/hubsch-interior.com\/da\/produkter\/"},{"@type":"ListItem","position":3,"name":"Belysning","item":"https:\/\/hubsch-interior.com\/da\/vare-kategori\/belysning\/"},{"@type":"ListItem","position":4,"name":"Loftslamper","item":"https:\/\/hubsch-interior.com\/da\/vare-kategori\/belysning\/loftslamper-da\/"},{"@type":"ListItem","position":5,"name":"Coney Pendel Ravfarve"}]},{"@type":"WebSite","@id":"https:\/\/hubsch-interior.com\/da\/#website","url":"https:\/\/hubsch-interior.com\/da\/","name":"H\u00fcbsch","description":"Danish Home Interior and Design","publisher":{"@id":"https:\/\/hubsch-interior.com\/da\/#organization"},"potentialAction":[{"@type":"SearchAction","target":{"@type":"EntryPoint","urlTemplate":"https:\/\/hubsch-interior.com\/da\/?s={search_term_string}"},"query-input":{"@type":"PropertyValueSpecification","valueRequired":true,"valueName":"search_term_string"}}],"inLanguage":"da-DK"},{"@type":"Organization","@id":"https:\/\/hubsch-interior.com\/da\/#organization","name":"H\u00fcbsch","url":"https:\/\/hubsch-interior.com\/da\/","logo":{"@type":"ImageObject","inLanguage":"da-DK","@id":"https:\/\/hubsch-interior.com\/da\/#\/schema\/logo\/image\/","url":"https:\/\/hubsch-interior.com\/wp-content\/uploads\/2022\/12\/Hubsch_logo_black_one_line.svg","contentUrl":"https:\/\/hubsch-interior.com\/wp-content\/uploads\/2022\/12\/Hubsch_logo_black_one_line.svg","caption":"H\u00fcbsch"},"image":{"@id":"https:\/\/hubsch-interior.com\/da\/#\/schema\/logo\/image\/"}}]}},"_links":{"self":[{"href":"https:\/\/hubsch-interior.com\/da\/wp-json\/wp\/v2\/product\/398675","targetHints":{"allow":["GET"]}}],"collection":[{"href":"https:\/\/hubsch-interior.com\/da\/wp-json\/wp\/v2\/product"}],"about":[{"href":"https:\/\/hubsch-interior.com\/da\/wp-json\/wp\/v2\/types\/product"}],"wp:featuredmedia":[{"embeddable":true,"href":"https:\/\/hubsch-interior.com\/da\/wp-json\/wp\/v2\/media\/1109813"}],"wp:attachment":[{"href":"https:\/\/hubsch-interior.com\/da\/wp-json\/wp\/v2\/media?parent=398675"}],"wp:term":[{"taxonomy":"product_brand","embeddable":true,"href":"https:\/\/hubsch-interior.com\/da\/wp-json\/wp\/v2\/product_brand?post=398675"},{"taxonomy":"product_cat","embeddable":true,"href":"https:\/\/hubsch-interior.com\/da\/wp-json\/wp\/v2\/product_cat?post=398675"},{"taxonomy":"product_tag","embeddable":true,"href":"https:\/\/hubsch-interior.com\/da\/wp-json\/wp\/v2\/product_tag?post=398675"}],"curies":[{"name":"wp","href":"https:\/\/api.w.org\/{rel}","templated":true}]}}

<p>Når du vælger denne finurlige pendel i metal, som dit lofts nye bedste ven, har du truffet et strålende valg. Denne metal lampe vil ikke kun gøre dit læsehjørne tilfreds. Både dit køkkenbord og dit spisebord kommer til at elske lampens lækre lys og udtryk, som er inspireret af alt det gode fra halvfjerdserne. Selv som sengelampe fungerer denne lille lysperle &#8211; er du ikke enig?</p>

<p>Når du vælger denne finurlige pendel i metal, som dit lofts nye bedste ven, har du truffet et strålende valg. Denne metal lampe vil ikke kun gøre dit læsehjørne tilfreds. Både dit køkkenbord og dit spisebord kommer til at elske lampens lækre lys og udtryk, som er inspireret af alt det gode fra halvfjerdserne. Selv [&hellip;]</p>

<!-- This site is optimized with the Yoast SEO plugin v26.4 - https://yoast.com/wordpress/plugins/seo/ -->
<title>Coney Pendel Ravfarve - Hübsch</title>
<meta name="description" content="Når du vælger denne finurlige pendel i metal, som dit lofts nye bedste ven, har du truffet et strålende valg. Denne metal lampe vil ikke kun gøre dit" />
<meta name="robots" content="index, follow, max-snippet:-1, max-image-preview:large, max-video-preview:-1" />
<link rel="canonical" href="https://hubsch-interior.com/da/wp-json/wp/v2/product/398675" />
<meta property="og:locale" content="da_DK" />
<meta property="og:type" content="article" />
<meta property="og:title" content="Coney Pendel Ravfarve - Hübsch" />
<meta property="og:description" content="Når du vælger denne finurlige pendel i metal, som dit lofts nye bedste ven, har du truffet et strålende valg. Denne metal lampe vil ikke kun gøre dit" />
<meta property="og:url" content="https://hubsch-interior.com/da/vare/coney-pendel-ravfarve/" />
<meta property="og:site_name" content="Hübsch" />
<meta property="article:modified_time" content="2026-05-01T03:20:55+00:00" />
<meta property="og:image" content="https://hubsch-interior.com/wp-content/uploads/2026/02/coney-pendant-amber-3ac9073ebbbc7a96a3ab579328de8400.jpg" />
	<meta property="og:image:width" content="1024" />
	<meta property="og:image:height" content="1024" />
	<meta property="og:image:type" content="image/jpeg" />
<meta name="twitter:card" content="summary_large_image" />
<script type="application/ld+json" class="yoast-schema-graph">{"@context":"https://schema.org","@graph":[{"@type":"WebPage","@id":"https://hubsch-interior.com/da/vare/coney-pendel-ravfarve/","url":"https://hubsch-interior.com/da/vare/coney-pendel-ravfarve/","name":"Coney Pendel Ravfarve - Hübsch","isPartOf":{"@id":"https://hubsch-interior.com/da/#website"},"primaryImageOfPage":{"@id":"https://hubsch-interior.com/da/vare/coney-pendel-ravfarve/#primaryimage"},"image":{"@id":"https://hubsch-interior.com/da/vare/coney-pendel-ravfarve/#primaryimage"},"thumbnailUrl":"https://hubsch-interior.com/wp-content/uploads/2026/02/coney-pendant-amber-3ac9073ebbbc7a96a3ab579328de8400.jpg","datePublished":"2021-06-13T21:08:12+00:00","dateModified":"2026-05-01T03:20:55+00:00","description":"Når du vælger denne finurlige pendel i metal, som dit lofts nye bedste ven, har du truffet et strålende valg. Denne metal lampe vil ikke kun gøre dit","breadcrumb":{"@id":"https://hubsch-interior.com/da/vare/coney-pendel-ravfarve/#breadcrumb"},"inLanguage":"da-DK","potentialAction":[{"@type":"ReadAction","target":["https://hubsch-interior.com/da/vare/coney-pendel-ravfarve/"]}]},{"@type":"ImageObject","inLanguage":"da-DK","@id":"https://hubsch-interior.com/da/vare/coney-pendel-ravfarve/#primaryimage","url":"https://hubsch-interior.com/wp-content/uploads/2026/02/coney-pendant-amber-3ac9073ebbbc7a96a3ab579328de8400.jpg","contentUrl":"https://hubsch-interior.com/wp-content/uploads/2026/02/coney-pendant-amber-3ac9073ebbbc7a96a3ab579328de8400.jpg","width":1024,"height":1024},{"@type":"BreadcrumbList","@id":"https://hubsch-interior.com/da/vare/coney-pendel-ravfarve/#breadcrumb","itemListElement":[{"@type":"ListItem","position":1,"name":"Forside","item":"https://hubsch-interior.com/da/"},{"@type":"ListItem","position":2,"name":"Produkter","item":"https://hubsch-interior.com/da/produkter/"},{"@type":"ListItem","position":3,"name":"Belysning","item":"https://hubsch-interior.com/da/vare-kategori/belysning/"},{"@type":"ListItem","position":4,"name":"Loftslamper","item":"https://hubsch-interior.com/da/vare-kategori/belysning/loftslamper-da/"},{"@type":"ListItem","position":5,"name":"Coney Pendel Ravfarve"}]},{"@type":"WebSite","@id":"https://hubsch-interior.com/da/#website","url":"https://hubsch-interior.com/da/","name":"Hübsch","description":"Danish Home Interior and Design","publisher":{"@id":"https://hubsch-interior.com/da/#organization"},"potentialAction":[{"@type":"SearchAction","target":{"@type":"EntryPoint","urlTemplate":"https://hubsch-interior.com/da/?s={search_term_string}"},"query-input":{"@type":"PropertyValueSpecification","valueRequired":true,"valueName":"search_term_string"}}],"inLanguage":"da-DK"},{"@type":"Organization","@id":"https://hubsch-interior.com/da/#organization","name":"Hübsch","url":"https://hubsch-interior.com/da/","logo":{"@type":"ImageObject","inLanguage":"da-DK","@id":"https://hubsch-interior.com/da/#/schema/logo/image/","url":"https://hubsch-interior.com/wp-content/uploads/2022/12/Hubsch_logo_black_one_line.svg","contentUrl":"https://hubsch-interior.com/wp-content/uploads/2022/12/Hubsch_logo_black_one_line.svg","caption":"Hübsch"},"image":{"@id":"https://hubsch-interior.com/da/#/schema/logo/image/"}}]}</script>
<!-- / Yoast SEO plugin. -->

Coney Pendel Ravfarve - Hübsch

Når du vælger denne finurlige pendel i metal, som dit lofts nye bedste ven, har du truffet et strålende valg. Denne metal lampe vil ikke kun gøre dit

Hübsch
