{"id":973799,"date":"2024-01-23T08:31:05","date_gmt":"2024-01-23T07:31:05","guid":{"rendered":"https:\/\/hubsch-interior.com\/product\/product\/"},"modified":"2026-04-26T04:52:35","modified_gmt":"2026-04-26T02:52:35","slug":"vertigo-magasinholder-natur","status":"publish","type":"product","link":"https:\/\/hubsch-interior.com\/da\/vare\/vertigo-magasinholder-natur\/","title":{"rendered":"Vertigo Magasinholder Natur"},"content":{"rendered":"<p>Vertigo Magasinholder Natur er lavet af Eg fin\u00e9r og Eg fin\u00e9r og certificeret af FSC. Den er nem at samle og kan bruges til let at organisere dine magasiner og b\u00f8ger. Den har et smukt design, der passer ind i ethvert hjem og er i en naturfarve, der vil give et naturligt look i dit hjem. Den er let og stadig st\u00e6rk og holdbar, s\u00e5 du kan v\u00e6re sikker p\u00e5, at den vil holde i mange \u00e5r fremover. Vertigo Magasinholder Natur er den perfekte l\u00f8sning til at organisere og holde dine magasiner og b\u00f8ger.<\/p>\n","protected":false},"excerpt":{"rendered":"<p>Vertigo Magasinholder Natur er lavet af Eg fin\u00e9r og Eg fin\u00e9r og certificeret af FSC. Den er nem at samle og kan bruges til let at organisere dine magasiner og b\u00f8ger. Den har et smukt design, der passer ind i ethvert hjem og er i en naturfarve, der vil give et naturligt look i dit [&hellip;]<\/p>\n","protected":false},"featured_media":1102207,"template":"","meta":{"_acf_changed":false,"inline_featured_image":false},"product_brand":[],"product_cat":[5025,4022,4018,3109,3999],"product_tag":[],"class_list":{"0":"post-973799","1":"product","2":"type-product","3":"status-publish","4":"has-post-thumbnail","6":"product_cat-bestsellers-da","7":"product_cat-hylder-da","8":"product_cat-magasinholdere-da","9":"product_cat-opbevaring-da","10":"product_cat-reoler-opbevaring-da","11":"product_shipping_class-pk","12":"pa_color-natur-2","13":"pa_material-egetr","14":"pa_material-egetrsfiner","15":"pa_material-mdf-da","17":"first","18":"outofstock","19":"featured","20":"taxable","21":"shipping-taxable","22":"purchasable","23":"product-type-simple"},"exclude_global_add_ons":[],"addons":[],"acf":[],"yoast_head":"<!-- This site is optimized with the Yoast SEO plugin v26.4 - https:\/\/yoast.com\/wordpress\/plugins\/seo\/ -->\n<title>Vertigo Magasinholder Natur - H\u00fcbsch<\/title>\n<meta name=\"description\" content=\"Vertigo Magasinholder Natur er lavet af Eg fin\u00e9r og Eg fin\u00e9r og certificeret af FSC. Den er nem at samle og kan bruges til let at organisere dine\" \/>\n<meta name=\"robots\" content=\"index, follow, max-snippet:-1, max-image-preview:large, max-video-preview:-1\" \/>\n<link rel=\"canonical\" href=\"https:\/\/hubsch-interior.com\/da\/wp-json\/wp\/v2\/product\/973799\" \/>\n<meta property=\"og:locale\" content=\"da_DK\" \/>\n<meta property=\"og:type\" content=\"article\" \/>\n<meta property=\"og:title\" content=\"Vertigo Magasinholder Natur - H\u00fcbsch\" \/>\n<meta property=\"og:description\" content=\"Vertigo Magasinholder Natur er lavet af Eg fin\u00e9r og Eg fin\u00e9r og certificeret af FSC. Den er nem at samle og kan bruges til let at organisere dine\" \/>\n<meta property=\"og:url\" content=\"https:\/\/hubsch-interior.com\/da\/vare\/vertigo-magasinholder-natur\/\" \/>\n<meta property=\"og:site_name\" content=\"H\u00fcbsch\" \/>\n<meta property=\"article:modified_time\" content=\"2026-04-26T02:52:35+00:00\" \/>\n<meta property=\"og:image\" content=\"https:\/\/hubsch-interior.com\/wp-content\/uploads\/2025\/08\/vertigo-magazine-holder-natural-a1cdc47e52acf531784cd99847d5f4a9.jpg\" \/>\n\t<meta property=\"og:image:width\" content=\"1200\" \/>\n\t<meta property=\"og:image:height\" content=\"1200\" \/>\n\t<meta property=\"og:image:type\" content=\"image\/jpeg\" \/>\n<meta name=\"twitter:card\" content=\"summary_large_image\" \/>\n<meta name=\"twitter:label1\" content=\"Estimeret l\u00e6setid\" \/>\n\t<meta name=\"twitter:data1\" content=\"1 minut\" \/>\n<script type=\"application\/ld+json\" class=\"yoast-schema-graph\">{\"@context\":\"https:\/\/schema.org\",\"@graph\":[{\"@type\":\"WebPage\",\"@id\":\"https:\/\/hubsch-interior.com\/da\/vare\/vertigo-magasinholder-natur\/\",\"url\":\"https:\/\/hubsch-interior.com\/da\/vare\/vertigo-magasinholder-natur\/\",\"name\":\"Vertigo Magasinholder Natur - H\u00fcbsch\",\"isPartOf\":{\"@id\":\"https:\/\/hubsch-interior.com\/da\/#website\"},\"primaryImageOfPage\":{\"@id\":\"https:\/\/hubsch-interior.com\/da\/vare\/vertigo-magasinholder-natur\/#primaryimage\"},\"image\":{\"@id\":\"https:\/\/hubsch-interior.com\/da\/vare\/vertigo-magasinholder-natur\/#primaryimage\"},\"thumbnailUrl\":\"https:\/\/hubsch-interior.com\/wp-content\/uploads\/2026\/02\/vertigo-magazine-holder-natural-db2d4f493b38f1bccab4203a95b83ac2.jpg\",\"datePublished\":\"2024-01-23T07:31:05+00:00\",\"dateModified\":\"2026-04-26T02:52:35+00:00\",\"description\":\"Vertigo Magasinholder Natur er lavet af Eg fin\u00e9r og Eg fin\u00e9r og certificeret af FSC. Den er nem at samle og kan bruges til let at organisere dine\",\"breadcrumb\":{\"@id\":\"https:\/\/hubsch-interior.com\/da\/vare\/vertigo-magasinholder-natur\/#breadcrumb\"},\"inLanguage\":\"da-DK\",\"potentialAction\":[{\"@type\":\"ReadAction\",\"target\":[\"https:\/\/hubsch-interior.com\/da\/vare\/vertigo-magasinholder-natur\/\"]}]},{\"@type\":\"ImageObject\",\"inLanguage\":\"da-DK\",\"@id\":\"https:\/\/hubsch-interior.com\/da\/vare\/vertigo-magasinholder-natur\/#primaryimage\",\"url\":\"https:\/\/hubsch-interior.com\/wp-content\/uploads\/2026\/02\/vertigo-magazine-holder-natural-db2d4f493b38f1bccab4203a95b83ac2.jpg\",\"contentUrl\":\"https:\/\/hubsch-interior.com\/wp-content\/uploads\/2026\/02\/vertigo-magazine-holder-natural-db2d4f493b38f1bccab4203a95b83ac2.jpg\",\"width\":1024,\"height\":1024},{\"@type\":\"BreadcrumbList\",\"@id\":\"https:\/\/hubsch-interior.com\/da\/vare\/vertigo-magasinholder-natur\/#breadcrumb\",\"itemListElement\":[{\"@type\":\"ListItem\",\"position\":1,\"name\":\"Forside\",\"item\":\"https:\/\/hubsch-interior.com\/da\/\"},{\"@type\":\"ListItem\",\"position\":2,\"name\":\"Produkter\",\"item\":\"https:\/\/hubsch-interior.com\/da\/produkter\/\"},{\"@type\":\"ListItem\",\"position\":3,\"name\":\"M\u00f8bler\",\"item\":\"https:\/\/hubsch-interior.com\/da\/vare-kategori\/mobler\/\"},{\"@type\":\"ListItem\",\"position\":4,\"name\":\"Reoler &amp; opbevaring\",\"item\":\"https:\/\/hubsch-interior.com\/da\/vare-kategori\/mobler\/reoler-opbevaring-da\/\"},{\"@type\":\"ListItem\",\"position\":5,\"name\":\"Hylder\",\"item\":\"https:\/\/hubsch-interior.com\/da\/vare-kategori\/mobler\/reoler-opbevaring-da\/hylder-da\/\"},{\"@type\":\"ListItem\",\"position\":6,\"name\":\"Vertigo Magasinholder Natur\"}]},{\"@type\":\"WebSite\",\"@id\":\"https:\/\/hubsch-interior.com\/da\/#website\",\"url\":\"https:\/\/hubsch-interior.com\/da\/\",\"name\":\"H\u00fcbsch\",\"description\":\"Danish Home Interior and Design\",\"publisher\":{\"@id\":\"https:\/\/hubsch-interior.com\/da\/#organization\"},\"potentialAction\":[{\"@type\":\"SearchAction\",\"target\":{\"@type\":\"EntryPoint\",\"urlTemplate\":\"https:\/\/hubsch-interior.com\/da\/?s={search_term_string}\"},\"query-input\":{\"@type\":\"PropertyValueSpecification\",\"valueRequired\":true,\"valueName\":\"search_term_string\"}}],\"inLanguage\":\"da-DK\"},{\"@type\":\"Organization\",\"@id\":\"https:\/\/hubsch-interior.com\/da\/#organization\",\"name\":\"H\u00fcbsch\",\"url\":\"https:\/\/hubsch-interior.com\/da\/\",\"logo\":{\"@type\":\"ImageObject\",\"inLanguage\":\"da-DK\",\"@id\":\"https:\/\/hubsch-interior.com\/da\/#\/schema\/logo\/image\/\",\"url\":\"https:\/\/hubsch-interior.com\/wp-content\/uploads\/2022\/12\/Hubsch_logo_black_one_line.svg\",\"contentUrl\":\"https:\/\/hubsch-interior.com\/wp-content\/uploads\/2022\/12\/Hubsch_logo_black_one_line.svg\",\"caption\":\"H\u00fcbsch\"},\"image\":{\"@id\":\"https:\/\/hubsch-interior.com\/da\/#\/schema\/logo\/image\/\"}}]}<\/script>\n<!-- \/ Yoast SEO plugin. -->","yoast_head_json":{"title":"Vertigo Magasinholder Natur - H\u00fcbsch","description":"Vertigo Magasinholder Natur er lavet af Eg fin\u00e9r og Eg fin\u00e9r og certificeret af FSC. Den er nem at samle og kan bruges til let at organisere dine","robots":{"index":"index","follow":"follow","max-snippet":"max-snippet:-1","max-image-preview":"max-image-preview:large","max-video-preview":"max-video-preview:-1"},"canonical":"https:\/\/hubsch-interior.com\/da\/wp-json\/wp\/v2\/product\/973799","og_locale":"da_DK","og_type":"article","og_title":"Vertigo Magasinholder Natur - H\u00fcbsch","og_description":"Vertigo Magasinholder Natur er lavet af Eg fin\u00e9r og Eg fin\u00e9r og certificeret af FSC. Den er nem at samle og kan bruges til let at organisere dine","og_url":"https:\/\/hubsch-interior.com\/da\/vare\/vertigo-magasinholder-natur\/","og_site_name":"H\u00fcbsch","article_modified_time":"2026-04-26T02:52:35+00:00","og_image":[{"width":1200,"height":1200,"url":"https:\/\/hubsch-interior.com\/wp-content\/uploads\/2025\/08\/vertigo-magazine-holder-natural-a1cdc47e52acf531784cd99847d5f4a9.jpg","type":"image\/jpeg"}],"twitter_card":"summary_large_image","twitter_misc":{"Estimeret l\u00e6setid":"1 minut"},"schema":{"@context":"https:\/\/schema.org","@graph":[{"@type":"WebPage","@id":"https:\/\/hubsch-interior.com\/da\/vare\/vertigo-magasinholder-natur\/","url":"https:\/\/hubsch-interior.com\/da\/vare\/vertigo-magasinholder-natur\/","name":"Vertigo Magasinholder Natur - H\u00fcbsch","isPartOf":{"@id":"https:\/\/hubsch-interior.com\/da\/#website"},"primaryImageOfPage":{"@id":"https:\/\/hubsch-interior.com\/da\/vare\/vertigo-magasinholder-natur\/#primaryimage"},"image":{"@id":"https:\/\/hubsch-interior.com\/da\/vare\/vertigo-magasinholder-natur\/#primaryimage"},"thumbnailUrl":"https:\/\/hubsch-interior.com\/wp-content\/uploads\/2026\/02\/vertigo-magazine-holder-natural-db2d4f493b38f1bccab4203a95b83ac2.jpg","datePublished":"2024-01-23T07:31:05+00:00","dateModified":"2026-04-26T02:52:35+00:00","description":"Vertigo Magasinholder Natur er lavet af Eg fin\u00e9r og Eg fin\u00e9r og certificeret af FSC. Den er nem at samle og kan bruges til let at organisere dine","breadcrumb":{"@id":"https:\/\/hubsch-interior.com\/da\/vare\/vertigo-magasinholder-natur\/#breadcrumb"},"inLanguage":"da-DK","potentialAction":[{"@type":"ReadAction","target":["https:\/\/hubsch-interior.com\/da\/vare\/vertigo-magasinholder-natur\/"]}]},{"@type":"ImageObject","inLanguage":"da-DK","@id":"https:\/\/hubsch-interior.com\/da\/vare\/vertigo-magasinholder-natur\/#primaryimage","url":"https:\/\/hubsch-interior.com\/wp-content\/uploads\/2026\/02\/vertigo-magazine-holder-natural-db2d4f493b38f1bccab4203a95b83ac2.jpg","contentUrl":"https:\/\/hubsch-interior.com\/wp-content\/uploads\/2026\/02\/vertigo-magazine-holder-natural-db2d4f493b38f1bccab4203a95b83ac2.jpg","width":1024,"height":1024},{"@type":"BreadcrumbList","@id":"https:\/\/hubsch-interior.com\/da\/vare\/vertigo-magasinholder-natur\/#breadcrumb","itemListElement":[{"@type":"ListItem","position":1,"name":"Forside","item":"https:\/\/hubsch-interior.com\/da\/"},{"@type":"ListItem","position":2,"name":"Produkter","item":"https:\/\/hubsch-interior.com\/da\/produkter\/"},{"@type":"ListItem","position":3,"name":"M\u00f8bler","item":"https:\/\/hubsch-interior.com\/da\/vare-kategori\/mobler\/"},{"@type":"ListItem","position":4,"name":"Reoler &amp; opbevaring","item":"https:\/\/hubsch-interior.com\/da\/vare-kategori\/mobler\/reoler-opbevaring-da\/"},{"@type":"ListItem","position":5,"name":"Hylder","item":"https:\/\/hubsch-interior.com\/da\/vare-kategori\/mobler\/reoler-opbevaring-da\/hylder-da\/"},{"@type":"ListItem","position":6,"name":"Vertigo Magasinholder Natur"}]},{"@type":"WebSite","@id":"https:\/\/hubsch-interior.com\/da\/#website","url":"https:\/\/hubsch-interior.com\/da\/","name":"H\u00fcbsch","description":"Danish Home Interior and Design","publisher":{"@id":"https:\/\/hubsch-interior.com\/da\/#organization"},"potentialAction":[{"@type":"SearchAction","target":{"@type":"EntryPoint","urlTemplate":"https:\/\/hubsch-interior.com\/da\/?s={search_term_string}"},"query-input":{"@type":"PropertyValueSpecification","valueRequired":true,"valueName":"search_term_string"}}],"inLanguage":"da-DK"},{"@type":"Organization","@id":"https:\/\/hubsch-interior.com\/da\/#organization","name":"H\u00fcbsch","url":"https:\/\/hubsch-interior.com\/da\/","logo":{"@type":"ImageObject","inLanguage":"da-DK","@id":"https:\/\/hubsch-interior.com\/da\/#\/schema\/logo\/image\/","url":"https:\/\/hubsch-interior.com\/wp-content\/uploads\/2022\/12\/Hubsch_logo_black_one_line.svg","contentUrl":"https:\/\/hubsch-interior.com\/wp-content\/uploads\/2022\/12\/Hubsch_logo_black_one_line.svg","caption":"H\u00fcbsch"},"image":{"@id":"https:\/\/hubsch-interior.com\/da\/#\/schema\/logo\/image\/"}}]}},"_links":{"self":[{"href":"https:\/\/hubsch-interior.com\/da\/wp-json\/wp\/v2\/product\/973799","targetHints":{"allow":["GET"]}}],"collection":[{"href":"https:\/\/hubsch-interior.com\/da\/wp-json\/wp\/v2\/product"}],"about":[{"href":"https:\/\/hubsch-interior.com\/da\/wp-json\/wp\/v2\/types\/product"}],"wp:featuredmedia":[{"embeddable":true,"href":"https:\/\/hubsch-interior.com\/da\/wp-json\/wp\/v2\/media\/1102207"}],"wp:attachment":[{"href":"https:\/\/hubsch-interior.com\/da\/wp-json\/wp\/v2\/media?parent=973799"}],"wp:term":[{"taxonomy":"product_brand","embeddable":true,"href":"https:\/\/hubsch-interior.com\/da\/wp-json\/wp\/v2\/product_brand?post=973799"},{"taxonomy":"product_cat","embeddable":true,"href":"https:\/\/hubsch-interior.com\/da\/wp-json\/wp\/v2\/product_cat?post=973799"},{"taxonomy":"product_tag","embeddable":true,"href":"https:\/\/hubsch-interior.com\/da\/wp-json\/wp\/v2\/product_tag?post=973799"}],"curies":[{"name":"wp","href":"https:\/\/api.w.org\/{rel}","templated":true}]}}

<p>Vertigo Magasinholder Natur er lavet af Eg finér og Eg finér og certificeret af FSC. Den er nem at samle og kan bruges til let at organisere dine magasiner og bøger. Den har et smukt design, der passer ind i ethvert hjem og er i en naturfarve, der vil give et naturligt look i dit hjem. Den er let og stadig stærk og holdbar, så du kan være sikker på, at den vil holde i mange år fremover. Vertigo Magasinholder Natur er den perfekte løsning til at organisere og holde dine magasiner og bøger.</p>

<p>Vertigo Magasinholder Natur er lavet af Eg finér og Eg finér og certificeret af FSC. Den er nem at samle og kan bruges til let at organisere dine magasiner og bøger. Den har et smukt design, der passer ind i ethvert hjem og er i en naturfarve, der vil give et naturligt look i dit [&hellip;]</p>

<!-- This site is optimized with the Yoast SEO plugin v26.4 - https://yoast.com/wordpress/plugins/seo/ -->
<title>Vertigo Magasinholder Natur - Hübsch</title>
<meta name="description" content="Vertigo Magasinholder Natur er lavet af Eg finér og Eg finér og certificeret af FSC. Den er nem at samle og kan bruges til let at organisere dine" />
<meta name="robots" content="index, follow, max-snippet:-1, max-image-preview:large, max-video-preview:-1" />
<link rel="canonical" href="https://hubsch-interior.com/da/wp-json/wp/v2/product/973799" />
<meta property="og:locale" content="da_DK" />
<meta property="og:type" content="article" />
<meta property="og:title" content="Vertigo Magasinholder Natur - Hübsch" />
<meta property="og:description" content="Vertigo Magasinholder Natur er lavet af Eg finér og Eg finér og certificeret af FSC. Den er nem at samle og kan bruges til let at organisere dine" />
<meta property="og:url" content="https://hubsch-interior.com/da/vare/vertigo-magasinholder-natur/" />
<meta property="og:site_name" content="Hübsch" />
<meta property="article:modified_time" content="2026-04-26T02:52:35+00:00" />
<meta property="og:image" content="https://hubsch-interior.com/wp-content/uploads/2025/08/vertigo-magazine-holder-natural-a1cdc47e52acf531784cd99847d5f4a9.jpg" />
	<meta property="og:image:width" content="1200" />
	<meta property="og:image:height" content="1200" />
	<meta property="og:image:type" content="image/jpeg" />
<meta name="twitter:card" content="summary_large_image" />
<meta name="twitter:label1" content="Estimeret læsetid" />
	<meta name="twitter:data1" content="1 minut" />
<script type="application/ld+json" class="yoast-schema-graph">{"@context":"https://schema.org","@graph":[{"@type":"WebPage","@id":"https://hubsch-interior.com/da/vare/vertigo-magasinholder-natur/","url":"https://hubsch-interior.com/da/vare/vertigo-magasinholder-natur/","name":"Vertigo Magasinholder Natur - Hübsch","isPartOf":{"@id":"https://hubsch-interior.com/da/#website"},"primaryImageOfPage":{"@id":"https://hubsch-interior.com/da/vare/vertigo-magasinholder-natur/#primaryimage"},"image":{"@id":"https://hubsch-interior.com/da/vare/vertigo-magasinholder-natur/#primaryimage"},"thumbnailUrl":"https://hubsch-interior.com/wp-content/uploads/2026/02/vertigo-magazine-holder-natural-db2d4f493b38f1bccab4203a95b83ac2.jpg","datePublished":"2024-01-23T07:31:05+00:00","dateModified":"2026-04-26T02:52:35+00:00","description":"Vertigo Magasinholder Natur er lavet af Eg finér og Eg finér og certificeret af FSC. Den er nem at samle og kan bruges til let at organisere dine","breadcrumb":{"@id":"https://hubsch-interior.com/da/vare/vertigo-magasinholder-natur/#breadcrumb"},"inLanguage":"da-DK","potentialAction":[{"@type":"ReadAction","target":["https://hubsch-interior.com/da/vare/vertigo-magasinholder-natur/"]}]},{"@type":"ImageObject","inLanguage":"da-DK","@id":"https://hubsch-interior.com/da/vare/vertigo-magasinholder-natur/#primaryimage","url":"https://hubsch-interior.com/wp-content/uploads/2026/02/vertigo-magazine-holder-natural-db2d4f493b38f1bccab4203a95b83ac2.jpg","contentUrl":"https://hubsch-interior.com/wp-content/uploads/2026/02/vertigo-magazine-holder-natural-db2d4f493b38f1bccab4203a95b83ac2.jpg","width":1024,"height":1024},{"@type":"BreadcrumbList","@id":"https://hubsch-interior.com/da/vare/vertigo-magasinholder-natur/#breadcrumb","itemListElement":[{"@type":"ListItem","position":1,"name":"Forside","item":"https://hubsch-interior.com/da/"},{"@type":"ListItem","position":2,"name":"Produkter","item":"https://hubsch-interior.com/da/produkter/"},{"@type":"ListItem","position":3,"name":"Møbler","item":"https://hubsch-interior.com/da/vare-kategori/mobler/"},{"@type":"ListItem","position":4,"name":"Reoler &amp; opbevaring","item":"https://hubsch-interior.com/da/vare-kategori/mobler/reoler-opbevaring-da/"},{"@type":"ListItem","position":5,"name":"Hylder","item":"https://hubsch-interior.com/da/vare-kategori/mobler/reoler-opbevaring-da/hylder-da/"},{"@type":"ListItem","position":6,"name":"Vertigo Magasinholder Natur"}]},{"@type":"WebSite","@id":"https://hubsch-interior.com/da/#website","url":"https://hubsch-interior.com/da/","name":"Hübsch","description":"Danish Home Interior and Design","publisher":{"@id":"https://hubsch-interior.com/da/#organization"},"potentialAction":[{"@type":"SearchAction","target":{"@type":"EntryPoint","urlTemplate":"https://hubsch-interior.com/da/?s={search_term_string}"},"query-input":{"@type":"PropertyValueSpecification","valueRequired":true,"valueName":"search_term_string"}}],"inLanguage":"da-DK"},{"@type":"Organization","@id":"https://hubsch-interior.com/da/#organization","name":"Hübsch","url":"https://hubsch-interior.com/da/","logo":{"@type":"ImageObject","inLanguage":"da-DK","@id":"https://hubsch-interior.com/da/#/schema/logo/image/","url":"https://hubsch-interior.com/wp-content/uploads/2022/12/Hubsch_logo_black_one_line.svg","contentUrl":"https://hubsch-interior.com/wp-content/uploads/2022/12/Hubsch_logo_black_one_line.svg","caption":"Hübsch"},"image":{"@id":"https://hubsch-interior.com/da/#/schema/logo/image/"}}]}</script>
<!-- / Yoast SEO plugin. -->

Vertigo Magasinholder Natur - Hübsch

Vertigo Magasinholder Natur er lavet af Eg finér og Eg finér og certificeret af FSC. Den er nem at samle og kan bruges til let at organisere dine

Hübsch

Møbler
