{"id":977850,"date":"2024-01-29T09:34:04","date_gmt":"2024-01-29T08:34:04","guid":{"rendered":"https:\/\/hubsch-interior.com\/product\/product\/"},"modified":"2026-04-30T05:06:50","modified_gmt":"2026-04-30T03:06:50","slug":"camp-transportabel-lampe-sort","status":"publish","type":"product","link":"https:\/\/hubsch-interior.com\/da\/vare\/camp-transportabel-lampe-sort\/","title":{"rendered":"Camp Transportabel Lampe Sort"},"content":{"rendered":"<p>Camp Transportabel Lampen er den perfekte f\u00f8lgesvend til b\u00e5de udend\u00f8rs og indend\u00f8rs eventyr. Den er tilg\u00e6ngelig i 2 forskellige varianter, og denne model er sort og lavet af glas og jern. Den kompakte st\u00f8rrelse g\u00f8r den nem at transportere, mens den genopladelige funktion sikrer op til 8 timers lys pr. opladning. Paracord-snoren tilf\u00f8jer ikke kun en flot farve, men fungerer ogs\u00e5 som en praktisk del til at h\u00e6nge lampen, hvor du \u00f8nsker det. Med en justerbar lysstyrke er denne lampe ideel til enhver lejlighed, uanset om det er som hyggebelysning eller som en lyskilde under en natlig vandretur. G\u00e5 ikke glip af muligheden for at tilf\u00f8je denne alsidige lampe til din samling af udend\u00f8rs og indend\u00f8rs gadgets.<\/p>\n","protected":false},"excerpt":{"rendered":"<p>Camp Transportabel Lampen er den perfekte f\u00f8lgesvend til b\u00e5de udend\u00f8rs og indend\u00f8rs eventyr. Den er tilg\u00e6ngelig i 2 forskellige varianter, og denne model er sort og lavet af glas og jern. Den kompakte st\u00f8rrelse g\u00f8r den nem at transportere, mens den genopladelige funktion sikrer op til 8 timers lys pr. opladning. Paracord-snoren tilf\u00f8jer ikke kun [&hellip;]<\/p>\n","protected":false},"featured_media":1106998,"template":"","meta":{"_acf_changed":false,"inline_featured_image":false},"product_brand":[],"product_cat":[6880,6899,6970,6961,6347,3808,3499],"product_tag":[],"class_list":{"0":"post-977850","1":"product","2":"type-product","3":"status-publish","4":"has-post-thumbnail","6":"product_cat-elevating-nostalgia-da","7":"product_cat-funktionel-belysning-da","8":"product_cat-paaskeudsalg","9":"product_cat-transportable-lamper-da","10":"product_cat-garden-selection-da","11":"product_cat-belysning","12":"product_cat-bordlamper-da","13":"product_shipping_class-pk","14":"pa_color-sort","15":"pa_material-glas-da","16":"pa_material-jern-da","18":"first","19":"instock","20":"taxable","21":"shipping-taxable","22":"purchasable","23":"product-type-simple"},"exclude_global_add_ons":[],"addons":[],"acf":[],"yoast_head":"<!-- This site is optimized with the Yoast SEO plugin v26.4 - https:\/\/yoast.com\/wordpress\/plugins\/seo\/ -->\n<title>Camp Transportabel Lampe Sort - H\u00fcbsch<\/title>\n<meta name=\"description\" content=\"Camp Transportabel Lampen er den perfekte f\u00f8lgesvend til b\u00e5de udend\u00f8rs og indend\u00f8rs eventyr. Den er tilg\u00e6ngelig i 2 forskellige varianter, og denne model\" \/>\n<meta name=\"robots\" content=\"index, follow, max-snippet:-1, max-image-preview:large, max-video-preview:-1\" \/>\n<link rel=\"canonical\" href=\"https:\/\/hubsch-interior.com\/da\/wp-json\/wp\/v2\/product\/977850\" \/>\n<meta property=\"og:locale\" content=\"da_DK\" \/>\n<meta property=\"og:type\" content=\"article\" \/>\n<meta property=\"og:title\" content=\"Camp Transportabel Lampe Sort - H\u00fcbsch\" \/>\n<meta property=\"og:description\" content=\"Camp Transportabel Lampen er den perfekte f\u00f8lgesvend til b\u00e5de udend\u00f8rs og indend\u00f8rs eventyr. Den er tilg\u00e6ngelig i 2 forskellige varianter, og denne model\" \/>\n<meta property=\"og:url\" content=\"https:\/\/hubsch-interior.com\/da\/vare\/camp-transportabel-lampe-sort\/\" \/>\n<meta property=\"og:site_name\" content=\"H\u00fcbsch\" \/>\n<meta property=\"article:modified_time\" content=\"2026-04-30T03:06:50+00:00\" \/>\n<meta property=\"og:image\" content=\"https:\/\/hubsch-interior.com\/wp-content\/uploads\/2024\/05\/camp-portable-lamp-black-5be77e868002427c581a685bc3ad332d.jpg\" \/>\n\t<meta property=\"og:image:width\" content=\"1200\" \/>\n\t<meta property=\"og:image:height\" content=\"1200\" \/>\n\t<meta property=\"og:image:type\" content=\"image\/jpeg\" \/>\n<meta name=\"twitter:card\" content=\"summary_large_image\" \/>\n<meta name=\"twitter:label1\" content=\"Estimeret l\u00e6setid\" \/>\n\t<meta name=\"twitter:data1\" content=\"1 minut\" \/>\n<script type=\"application\/ld+json\" class=\"yoast-schema-graph\">{\"@context\":\"https:\/\/schema.org\",\"@graph\":[{\"@type\":\"WebPage\",\"@id\":\"https:\/\/hubsch-interior.com\/da\/vare\/camp-transportabel-lampe-sort\/\",\"url\":\"https:\/\/hubsch-interior.com\/da\/vare\/camp-transportabel-lampe-sort\/\",\"name\":\"Camp Transportabel Lampe Sort - H\u00fcbsch\",\"isPartOf\":{\"@id\":\"https:\/\/hubsch-interior.com\/da\/#website\"},\"primaryImageOfPage\":{\"@id\":\"https:\/\/hubsch-interior.com\/da\/vare\/camp-transportabel-lampe-sort\/#primaryimage\"},\"image\":{\"@id\":\"https:\/\/hubsch-interior.com\/da\/vare\/camp-transportabel-lampe-sort\/#primaryimage\"},\"thumbnailUrl\":\"https:\/\/hubsch-interior.com\/wp-content\/uploads\/2026\/02\/camp-portable-lamp-black-44a325d7d04fd4181b3afc3cbbef9cb9.jpg\",\"datePublished\":\"2024-01-29T08:34:04+00:00\",\"dateModified\":\"2026-04-30T03:06:50+00:00\",\"description\":\"Camp Transportabel Lampen er den perfekte f\u00f8lgesvend til b\u00e5de udend\u00f8rs og indend\u00f8rs eventyr. Den er tilg\u00e6ngelig i 2 forskellige varianter, og denne model\",\"breadcrumb\":{\"@id\":\"https:\/\/hubsch-interior.com\/da\/vare\/camp-transportabel-lampe-sort\/#breadcrumb\"},\"inLanguage\":\"da-DK\",\"potentialAction\":[{\"@type\":\"ReadAction\",\"target\":[\"https:\/\/hubsch-interior.com\/da\/vare\/camp-transportabel-lampe-sort\/\"]}]},{\"@type\":\"ImageObject\",\"inLanguage\":\"da-DK\",\"@id\":\"https:\/\/hubsch-interior.com\/da\/vare\/camp-transportabel-lampe-sort\/#primaryimage\",\"url\":\"https:\/\/hubsch-interior.com\/wp-content\/uploads\/2026\/02\/camp-portable-lamp-black-44a325d7d04fd4181b3afc3cbbef9cb9.jpg\",\"contentUrl\":\"https:\/\/hubsch-interior.com\/wp-content\/uploads\/2026\/02\/camp-portable-lamp-black-44a325d7d04fd4181b3afc3cbbef9cb9.jpg\",\"width\":1024,\"height\":1024},{\"@type\":\"BreadcrumbList\",\"@id\":\"https:\/\/hubsch-interior.com\/da\/vare\/camp-transportabel-lampe-sort\/#breadcrumb\",\"itemListElement\":[{\"@type\":\"ListItem\",\"position\":1,\"name\":\"Forside\",\"item\":\"https:\/\/hubsch-interior.com\/da\/\"},{\"@type\":\"ListItem\",\"position\":2,\"name\":\"Produkter\",\"item\":\"https:\/\/hubsch-interior.com\/da\/produkter\/\"},{\"@type\":\"ListItem\",\"position\":3,\"name\":\"Belysning\",\"item\":\"https:\/\/hubsch-interior.com\/da\/vare-kategori\/belysning\/\"},{\"@type\":\"ListItem\",\"position\":4,\"name\":\"Transportable Lamper\",\"item\":\"https:\/\/hubsch-interior.com\/da\/vare-kategori\/belysning\/transportable-lamper-da\/\"},{\"@type\":\"ListItem\",\"position\":5,\"name\":\"Camp Transportabel Lampe Sort\"}]},{\"@type\":\"WebSite\",\"@id\":\"https:\/\/hubsch-interior.com\/da\/#website\",\"url\":\"https:\/\/hubsch-interior.com\/da\/\",\"name\":\"H\u00fcbsch\",\"description\":\"Danish Home Interior and Design\",\"publisher\":{\"@id\":\"https:\/\/hubsch-interior.com\/da\/#organization\"},\"potentialAction\":[{\"@type\":\"SearchAction\",\"target\":{\"@type\":\"EntryPoint\",\"urlTemplate\":\"https:\/\/hubsch-interior.com\/da\/?s={search_term_string}\"},\"query-input\":{\"@type\":\"PropertyValueSpecification\",\"valueRequired\":true,\"valueName\":\"search_term_string\"}}],\"inLanguage\":\"da-DK\"},{\"@type\":\"Organization\",\"@id\":\"https:\/\/hubsch-interior.com\/da\/#organization\",\"name\":\"H\u00fcbsch\",\"url\":\"https:\/\/hubsch-interior.com\/da\/\",\"logo\":{\"@type\":\"ImageObject\",\"inLanguage\":\"da-DK\",\"@id\":\"https:\/\/hubsch-interior.com\/da\/#\/schema\/logo\/image\/\",\"url\":\"https:\/\/hubsch-interior.com\/wp-content\/uploads\/2022\/12\/Hubsch_logo_black_one_line.svg\",\"contentUrl\":\"https:\/\/hubsch-interior.com\/wp-content\/uploads\/2022\/12\/Hubsch_logo_black_one_line.svg\",\"caption\":\"H\u00fcbsch\"},\"image\":{\"@id\":\"https:\/\/hubsch-interior.com\/da\/#\/schema\/logo\/image\/\"}}]}<\/script>\n<!-- \/ Yoast SEO plugin. -->","yoast_head_json":{"title":"Camp Transportabel Lampe Sort - H\u00fcbsch","description":"Camp Transportabel Lampen er den perfekte f\u00f8lgesvend til b\u00e5de udend\u00f8rs og indend\u00f8rs eventyr. Den er tilg\u00e6ngelig i 2 forskellige varianter, og denne model","robots":{"index":"index","follow":"follow","max-snippet":"max-snippet:-1","max-image-preview":"max-image-preview:large","max-video-preview":"max-video-preview:-1"},"canonical":"https:\/\/hubsch-interior.com\/da\/wp-json\/wp\/v2\/product\/977850","og_locale":"da_DK","og_type":"article","og_title":"Camp Transportabel Lampe Sort - H\u00fcbsch","og_description":"Camp Transportabel Lampen er den perfekte f\u00f8lgesvend til b\u00e5de udend\u00f8rs og indend\u00f8rs eventyr. Den er tilg\u00e6ngelig i 2 forskellige varianter, og denne model","og_url":"https:\/\/hubsch-interior.com\/da\/vare\/camp-transportabel-lampe-sort\/","og_site_name":"H\u00fcbsch","article_modified_time":"2026-04-30T03:06:50+00:00","og_image":[{"width":1200,"height":1200,"url":"https:\/\/hubsch-interior.com\/wp-content\/uploads\/2024\/05\/camp-portable-lamp-black-5be77e868002427c581a685bc3ad332d.jpg","type":"image\/jpeg"}],"twitter_card":"summary_large_image","twitter_misc":{"Estimeret l\u00e6setid":"1 minut"},"schema":{"@context":"https:\/\/schema.org","@graph":[{"@type":"WebPage","@id":"https:\/\/hubsch-interior.com\/da\/vare\/camp-transportabel-lampe-sort\/","url":"https:\/\/hubsch-interior.com\/da\/vare\/camp-transportabel-lampe-sort\/","name":"Camp Transportabel Lampe Sort - H\u00fcbsch","isPartOf":{"@id":"https:\/\/hubsch-interior.com\/da\/#website"},"primaryImageOfPage":{"@id":"https:\/\/hubsch-interior.com\/da\/vare\/camp-transportabel-lampe-sort\/#primaryimage"},"image":{"@id":"https:\/\/hubsch-interior.com\/da\/vare\/camp-transportabel-lampe-sort\/#primaryimage"},"thumbnailUrl":"https:\/\/hubsch-interior.com\/wp-content\/uploads\/2026\/02\/camp-portable-lamp-black-44a325d7d04fd4181b3afc3cbbef9cb9.jpg","datePublished":"2024-01-29T08:34:04+00:00","dateModified":"2026-04-30T03:06:50+00:00","description":"Camp Transportabel Lampen er den perfekte f\u00f8lgesvend til b\u00e5de udend\u00f8rs og indend\u00f8rs eventyr. Den er tilg\u00e6ngelig i 2 forskellige varianter, og denne model","breadcrumb":{"@id":"https:\/\/hubsch-interior.com\/da\/vare\/camp-transportabel-lampe-sort\/#breadcrumb"},"inLanguage":"da-DK","potentialAction":[{"@type":"ReadAction","target":["https:\/\/hubsch-interior.com\/da\/vare\/camp-transportabel-lampe-sort\/"]}]},{"@type":"ImageObject","inLanguage":"da-DK","@id":"https:\/\/hubsch-interior.com\/da\/vare\/camp-transportabel-lampe-sort\/#primaryimage","url":"https:\/\/hubsch-interior.com\/wp-content\/uploads\/2026\/02\/camp-portable-lamp-black-44a325d7d04fd4181b3afc3cbbef9cb9.jpg","contentUrl":"https:\/\/hubsch-interior.com\/wp-content\/uploads\/2026\/02\/camp-portable-lamp-black-44a325d7d04fd4181b3afc3cbbef9cb9.jpg","width":1024,"height":1024},{"@type":"BreadcrumbList","@id":"https:\/\/hubsch-interior.com\/da\/vare\/camp-transportabel-lampe-sort\/#breadcrumb","itemListElement":[{"@type":"ListItem","position":1,"name":"Forside","item":"https:\/\/hubsch-interior.com\/da\/"},{"@type":"ListItem","position":2,"name":"Produkter","item":"https:\/\/hubsch-interior.com\/da\/produkter\/"},{"@type":"ListItem","position":3,"name":"Belysning","item":"https:\/\/hubsch-interior.com\/da\/vare-kategori\/belysning\/"},{"@type":"ListItem","position":4,"name":"Transportable Lamper","item":"https:\/\/hubsch-interior.com\/da\/vare-kategori\/belysning\/transportable-lamper-da\/"},{"@type":"ListItem","position":5,"name":"Camp Transportabel Lampe Sort"}]},{"@type":"WebSite","@id":"https:\/\/hubsch-interior.com\/da\/#website","url":"https:\/\/hubsch-interior.com\/da\/","name":"H\u00fcbsch","description":"Danish Home Interior and Design","publisher":{"@id":"https:\/\/hubsch-interior.com\/da\/#organization"},"potentialAction":[{"@type":"SearchAction","target":{"@type":"EntryPoint","urlTemplate":"https:\/\/hubsch-interior.com\/da\/?s={search_term_string}"},"query-input":{"@type":"PropertyValueSpecification","valueRequired":true,"valueName":"search_term_string"}}],"inLanguage":"da-DK"},{"@type":"Organization","@id":"https:\/\/hubsch-interior.com\/da\/#organization","name":"H\u00fcbsch","url":"https:\/\/hubsch-interior.com\/da\/","logo":{"@type":"ImageObject","inLanguage":"da-DK","@id":"https:\/\/hubsch-interior.com\/da\/#\/schema\/logo\/image\/","url":"https:\/\/hubsch-interior.com\/wp-content\/uploads\/2022\/12\/Hubsch_logo_black_one_line.svg","contentUrl":"https:\/\/hubsch-interior.com\/wp-content\/uploads\/2022\/12\/Hubsch_logo_black_one_line.svg","caption":"H\u00fcbsch"},"image":{"@id":"https:\/\/hubsch-interior.com\/da\/#\/schema\/logo\/image\/"}}]}},"_links":{"self":[{"href":"https:\/\/hubsch-interior.com\/da\/wp-json\/wp\/v2\/product\/977850","targetHints":{"allow":["GET"]}}],"collection":[{"href":"https:\/\/hubsch-interior.com\/da\/wp-json\/wp\/v2\/product"}],"about":[{"href":"https:\/\/hubsch-interior.com\/da\/wp-json\/wp\/v2\/types\/product"}],"wp:featuredmedia":[{"embeddable":true,"href":"https:\/\/hubsch-interior.com\/da\/wp-json\/wp\/v2\/media\/1106998"}],"wp:attachment":[{"href":"https:\/\/hubsch-interior.com\/da\/wp-json\/wp\/v2\/media?parent=977850"}],"wp:term":[{"taxonomy":"product_brand","embeddable":true,"href":"https:\/\/hubsch-interior.com\/da\/wp-json\/wp\/v2\/product_brand?post=977850"},{"taxonomy":"product_cat","embeddable":true,"href":"https:\/\/hubsch-interior.com\/da\/wp-json\/wp\/v2\/product_cat?post=977850"},{"taxonomy":"product_tag","embeddable":true,"href":"https:\/\/hubsch-interior.com\/da\/wp-json\/wp\/v2\/product_tag?post=977850"}],"curies":[{"name":"wp","href":"https:\/\/api.w.org\/{rel}","templated":true}]}}

<p>Camp Transportabel Lampen er den perfekte følgesvend til både udendørs og indendørs eventyr. Den er tilgængelig i 2 forskellige varianter, og denne model er sort og lavet af glas og jern. Den kompakte størrelse gør den nem at transportere, mens den genopladelige funktion sikrer op til 8 timers lys pr. opladning. Paracord-snoren tilføjer ikke kun en flot farve, men fungerer også som en praktisk del til at hænge lampen, hvor du ønsker det. Med en justerbar lysstyrke er denne lampe ideel til enhver lejlighed, uanset om det er som hyggebelysning eller som en lyskilde under en natlig vandretur. Gå ikke glip af muligheden for at tilføje denne alsidige lampe til din samling af udendørs og indendørs gadgets.</p>

<p>Camp Transportabel Lampen er den perfekte følgesvend til både udendørs og indendørs eventyr. Den er tilgængelig i 2 forskellige varianter, og denne model er sort og lavet af glas og jern. Den kompakte størrelse gør den nem at transportere, mens den genopladelige funktion sikrer op til 8 timers lys pr. opladning. Paracord-snoren tilføjer ikke kun [&hellip;]</p>

<!-- This site is optimized with the Yoast SEO plugin v26.4 - https://yoast.com/wordpress/plugins/seo/ -->
<title>Camp Transportabel Lampe Sort - Hübsch</title>
<meta name="description" content="Camp Transportabel Lampen er den perfekte følgesvend til både udendørs og indendørs eventyr. Den er tilgængelig i 2 forskellige varianter, og denne model" />
<meta name="robots" content="index, follow, max-snippet:-1, max-image-preview:large, max-video-preview:-1" />
<link rel="canonical" href="https://hubsch-interior.com/da/wp-json/wp/v2/product/977850" />
<meta property="og:locale" content="da_DK" />
<meta property="og:type" content="article" />
<meta property="og:title" content="Camp Transportabel Lampe Sort - Hübsch" />
<meta property="og:description" content="Camp Transportabel Lampen er den perfekte følgesvend til både udendørs og indendørs eventyr. Den er tilgængelig i 2 forskellige varianter, og denne model" />
<meta property="og:url" content="https://hubsch-interior.com/da/vare/camp-transportabel-lampe-sort/" />
<meta property="og:site_name" content="Hübsch" />
<meta property="article:modified_time" content="2026-04-30T03:06:50+00:00" />
<meta property="og:image" content="https://hubsch-interior.com/wp-content/uploads/2024/05/camp-portable-lamp-black-5be77e868002427c581a685bc3ad332d.jpg" />
	<meta property="og:image:width" content="1200" />
	<meta property="og:image:height" content="1200" />
	<meta property="og:image:type" content="image/jpeg" />
<meta name="twitter:card" content="summary_large_image" />
<meta name="twitter:label1" content="Estimeret læsetid" />
	<meta name="twitter:data1" content="1 minut" />
<script type="application/ld+json" class="yoast-schema-graph">{"@context":"https://schema.org","@graph":[{"@type":"WebPage","@id":"https://hubsch-interior.com/da/vare/camp-transportabel-lampe-sort/","url":"https://hubsch-interior.com/da/vare/camp-transportabel-lampe-sort/","name":"Camp Transportabel Lampe Sort - Hübsch","isPartOf":{"@id":"https://hubsch-interior.com/da/#website"},"primaryImageOfPage":{"@id":"https://hubsch-interior.com/da/vare/camp-transportabel-lampe-sort/#primaryimage"},"image":{"@id":"https://hubsch-interior.com/da/vare/camp-transportabel-lampe-sort/#primaryimage"},"thumbnailUrl":"https://hubsch-interior.com/wp-content/uploads/2026/02/camp-portable-lamp-black-44a325d7d04fd4181b3afc3cbbef9cb9.jpg","datePublished":"2024-01-29T08:34:04+00:00","dateModified":"2026-04-30T03:06:50+00:00","description":"Camp Transportabel Lampen er den perfekte følgesvend til både udendørs og indendørs eventyr. Den er tilgængelig i 2 forskellige varianter, og denne model","breadcrumb":{"@id":"https://hubsch-interior.com/da/vare/camp-transportabel-lampe-sort/#breadcrumb"},"inLanguage":"da-DK","potentialAction":[{"@type":"ReadAction","target":["https://hubsch-interior.com/da/vare/camp-transportabel-lampe-sort/"]}]},{"@type":"ImageObject","inLanguage":"da-DK","@id":"https://hubsch-interior.com/da/vare/camp-transportabel-lampe-sort/#primaryimage","url":"https://hubsch-interior.com/wp-content/uploads/2026/02/camp-portable-lamp-black-44a325d7d04fd4181b3afc3cbbef9cb9.jpg","contentUrl":"https://hubsch-interior.com/wp-content/uploads/2026/02/camp-portable-lamp-black-44a325d7d04fd4181b3afc3cbbef9cb9.jpg","width":1024,"height":1024},{"@type":"BreadcrumbList","@id":"https://hubsch-interior.com/da/vare/camp-transportabel-lampe-sort/#breadcrumb","itemListElement":[{"@type":"ListItem","position":1,"name":"Forside","item":"https://hubsch-interior.com/da/"},{"@type":"ListItem","position":2,"name":"Produkter","item":"https://hubsch-interior.com/da/produkter/"},{"@type":"ListItem","position":3,"name":"Belysning","item":"https://hubsch-interior.com/da/vare-kategori/belysning/"},{"@type":"ListItem","position":4,"name":"Transportable Lamper","item":"https://hubsch-interior.com/da/vare-kategori/belysning/transportable-lamper-da/"},{"@type":"ListItem","position":5,"name":"Camp Transportabel Lampe Sort"}]},{"@type":"WebSite","@id":"https://hubsch-interior.com/da/#website","url":"https://hubsch-interior.com/da/","name":"Hübsch","description":"Danish Home Interior and Design","publisher":{"@id":"https://hubsch-interior.com/da/#organization"},"potentialAction":[{"@type":"SearchAction","target":{"@type":"EntryPoint","urlTemplate":"https://hubsch-interior.com/da/?s={search_term_string}"},"query-input":{"@type":"PropertyValueSpecification","valueRequired":true,"valueName":"search_term_string"}}],"inLanguage":"da-DK"},{"@type":"Organization","@id":"https://hubsch-interior.com/da/#organization","name":"Hübsch","url":"https://hubsch-interior.com/da/","logo":{"@type":"ImageObject","inLanguage":"da-DK","@id":"https://hubsch-interior.com/da/#/schema/logo/image/","url":"https://hubsch-interior.com/wp-content/uploads/2022/12/Hubsch_logo_black_one_line.svg","contentUrl":"https://hubsch-interior.com/wp-content/uploads/2022/12/Hubsch_logo_black_one_line.svg","caption":"Hübsch"},"image":{"@id":"https://hubsch-interior.com/da/#/schema/logo/image/"}}]}</script>
<!-- / Yoast SEO plugin. -->

Camp Transportabel Lampe Sort - Hübsch

Camp Transportabel Lampen er den perfekte følgesvend til både udendørs og indendørs eventyr. Den er tilgængelig i 2 forskellige varianter, og denne model

Hübsch
