{"id":1009083,"date":"2025-01-24T09:39:18","date_gmt":"2025-01-24T08:39:18","guid":{"rendered":"https:\/\/hubsch-interior.com\/product\/product\/"},"modified":"2026-04-29T04:56:48","modified_gmt":"2026-04-29T02:56:48","slug":"misty-regal-naturfarben","status":"publish","type":"product","link":"https:\/\/hubsch-interior.com\/de\/produkt\/misty-regal-naturfarben\/","title":{"rendered":"Misty Regal Naturfarben"},"content":{"rendered":"<p>Das bezaubernde Misty Regal, eine kleine, aber beeindruckende Erg\u00e4nzung f\u00fcr Ihr Zuhause. Seine geometrische, kasten\u00e4hnliche Form verleiht jedem Raum eine moderne Note. Vielseitig einsetzbar, nutzen Sie es in der K\u00fcche, um Ihrem Kochbereich W\u00fcrze zu verleihen, oder stellen Sie es als charmanten Nachttisch neben Ihr Bett. Vereinen Sie Stil und Funktionalit\u00e4t mit Misty Regal, wo Sch\u00f6nheit und Praktikabilit\u00e4t in jeder Ecke Ihres Zuhauses aufeinandertreffen.<\/p>\n","protected":false},"excerpt":{"rendered":"<p>Das bezaubernde Misty Regal, eine kleine, aber beeindruckende Erg\u00e4nzung f\u00fcr Ihr Zuhause. Seine geometrische, kasten\u00e4hnliche Form verleiht jedem Raum eine moderne Note. Vielseitig einsetzbar, nutzen Sie es in der K\u00fcche, um Ihrem Kochbereich W\u00fcrze zu verleihen, oder stellen Sie es als charmanten Nachttisch neben Ihr Bett. Vereinen Sie Stil und Funktionalit\u00e4t mit Misty Regal, wo [&hellip;]<\/p>\n","protected":false},"featured_media":1104373,"template":"","meta":{"_acf_changed":false,"inline_featured_image":false},"product_brand":[],"product_cat":[7074,4024,5027,6323,7073,4003,6998],"product_tag":[],"class_list":{"0":"post-1009083","1":"product","2":"type-product","3":"status-publish","4":"has-post-thumbnail","6":"product_cat-kuchen-regale-de","7":"product_cat-ablagen-de","8":"product_cat-bestsellers-de","9":"product_cat-fsc-de","10":"product_cat-haken-regale-de","11":"product_cat-regale-aufbewahrung-de","12":"product_cat-the-buzz-de","13":"product_shipping_class-pk","15":"pa_color-naturfarben-2","16":"pa_material-eichenfurnier","17":"pa_material-mdf-de","19":"first","20":"instock","21":"featured","22":"taxable","23":"shipping-taxable","24":"purchasable","25":"product-type-simple"},"exclude_global_add_ons":[],"addons":[],"acf":[],"yoast_head":"<!-- This site is optimized with the Yoast SEO plugin v26.4 - https:\/\/yoast.com\/wordpress\/plugins\/seo\/ -->\n<title>Misty Regal Naturfarben - H\u00fcbsch<\/title>\n<meta name=\"description\" content=\"Das bezaubernde Misty Regal, eine kleine, aber beeindruckende Erg\u00e4nzung f\u00fcr Ihr Zuhause. Seine geometrische, kasten\u00e4hnliche Form verleiht jedem Raum eine\" \/>\n<meta name=\"robots\" content=\"index, follow, max-snippet:-1, max-image-preview:large, max-video-preview:-1\" \/>\n<link rel=\"canonical\" href=\"https:\/\/hubsch-interior.com\/de\/wp-json\/wp\/v2\/product\/1009083\" \/>\n<meta property=\"og:locale\" content=\"de_DE\" \/>\n<meta property=\"og:type\" content=\"article\" \/>\n<meta property=\"og:title\" content=\"Misty Regal Naturfarben - H\u00fcbsch\" \/>\n<meta property=\"og:description\" content=\"Das bezaubernde Misty Regal, eine kleine, aber beeindruckende Erg\u00e4nzung f\u00fcr Ihr Zuhause. Seine geometrische, kasten\u00e4hnliche Form verleiht jedem Raum eine\" \/>\n<meta property=\"og:url\" content=\"https:\/\/hubsch-interior.com\/de\/produkt\/misty-regal-naturfarben\/\" \/>\n<meta property=\"og:site_name\" content=\"H\u00fcbsch\" \/>\n<meta property=\"article:modified_time\" content=\"2026-04-29T02:56:48+00:00\" \/>\n<meta property=\"og:image\" content=\"https:\/\/hubsch-interior.com\/wp-content\/uploads\/2025\/01\/misty-shelf-natural-a3f475733fbc4d0a992d924c950663ca.jpg\" \/>\n\t<meta property=\"og:image:width\" content=\"1200\" \/>\n\t<meta property=\"og:image:height\" content=\"1200\" \/>\n\t<meta property=\"og:image:type\" content=\"image\/jpeg\" \/>\n<meta name=\"twitter:card\" content=\"summary_large_image\" \/>\n<script type=\"application\/ld+json\" class=\"yoast-schema-graph\">{\"@context\":\"https:\/\/schema.org\",\"@graph\":[{\"@type\":\"WebPage\",\"@id\":\"https:\/\/hubsch-interior.com\/de\/produkt\/misty-regal-naturfarben\/\",\"url\":\"https:\/\/hubsch-interior.com\/de\/produkt\/misty-regal-naturfarben\/\",\"name\":\"Misty Regal Naturfarben - H\u00fcbsch\",\"isPartOf\":{\"@id\":\"https:\/\/hubsch-interior.com\/de\/#website\"},\"primaryImageOfPage\":{\"@id\":\"https:\/\/hubsch-interior.com\/de\/produkt\/misty-regal-naturfarben\/#primaryimage\"},\"image\":{\"@id\":\"https:\/\/hubsch-interior.com\/de\/produkt\/misty-regal-naturfarben\/#primaryimage\"},\"thumbnailUrl\":\"https:\/\/hubsch-interior.com\/wp-content\/uploads\/2026\/02\/misty-shelf-natural-5b98173233d1ec12544f4444d5f5546f.jpg\",\"datePublished\":\"2025-01-24T08:39:18+00:00\",\"dateModified\":\"2026-04-29T02:56:48+00:00\",\"description\":\"Das bezaubernde Misty Regal, eine kleine, aber beeindruckende Erg\u00e4nzung f\u00fcr Ihr Zuhause. Seine geometrische, kasten\u00e4hnliche Form verleiht jedem Raum eine\",\"breadcrumb\":{\"@id\":\"https:\/\/hubsch-interior.com\/de\/produkt\/misty-regal-naturfarben\/#breadcrumb\"},\"inLanguage\":\"de\",\"potentialAction\":[{\"@type\":\"ReadAction\",\"target\":[\"https:\/\/hubsch-interior.com\/de\/produkt\/misty-regal-naturfarben\/\"]}]},{\"@type\":\"ImageObject\",\"inLanguage\":\"de\",\"@id\":\"https:\/\/hubsch-interior.com\/de\/produkt\/misty-regal-naturfarben\/#primaryimage\",\"url\":\"https:\/\/hubsch-interior.com\/wp-content\/uploads\/2026\/02\/misty-shelf-natural-5b98173233d1ec12544f4444d5f5546f.jpg\",\"contentUrl\":\"https:\/\/hubsch-interior.com\/wp-content\/uploads\/2026\/02\/misty-shelf-natural-5b98173233d1ec12544f4444d5f5546f.jpg\",\"width\":1024,\"height\":1024},{\"@type\":\"BreadcrumbList\",\"@id\":\"https:\/\/hubsch-interior.com\/de\/produkt\/misty-regal-naturfarben\/#breadcrumb\",\"itemListElement\":[{\"@type\":\"ListItem\",\"position\":1,\"name\":\"Startseite\",\"item\":\"https:\/\/hubsch-interior.com\/de\/\"},{\"@type\":\"ListItem\",\"position\":2,\"name\":\"Produkte\",\"item\":\"https:\/\/hubsch-interior.com\/de\/shop-2\/\"},{\"@type\":\"ListItem\",\"position\":3,\"name\":\"M\u00f6bel\",\"item\":\"https:\/\/hubsch-interior.com\/de\/produkt-kategorie\/moebel\/\"},{\"@type\":\"ListItem\",\"position\":4,\"name\":\"Regale &amp; Aufbewahrung\",\"item\":\"https:\/\/hubsch-interior.com\/de\/produkt-kategorie\/moebel\/regale-aufbewahrung-de\/\"},{\"@type\":\"ListItem\",\"position\":5,\"name\":\"Ablagen\",\"item\":\"https:\/\/hubsch-interior.com\/de\/produkt-kategorie\/moebel\/regale-aufbewahrung-de\/ablagen-de\/\"},{\"@type\":\"ListItem\",\"position\":6,\"name\":\"Misty Regal Naturfarben\"}]},{\"@type\":\"WebSite\",\"@id\":\"https:\/\/hubsch-interior.com\/de\/#website\",\"url\":\"https:\/\/hubsch-interior.com\/de\/\",\"name\":\"H\u00fcbsch\",\"description\":\"Danish Home Interior and Design\",\"publisher\":{\"@id\":\"https:\/\/hubsch-interior.com\/de\/#organization\"},\"potentialAction\":[{\"@type\":\"SearchAction\",\"target\":{\"@type\":\"EntryPoint\",\"urlTemplate\":\"https:\/\/hubsch-interior.com\/de\/?s={search_term_string}\"},\"query-input\":{\"@type\":\"PropertyValueSpecification\",\"valueRequired\":true,\"valueName\":\"search_term_string\"}}],\"inLanguage\":\"de\"},{\"@type\":\"Organization\",\"@id\":\"https:\/\/hubsch-interior.com\/de\/#organization\",\"name\":\"H\u00fcbsch\",\"url\":\"https:\/\/hubsch-interior.com\/de\/\",\"logo\":{\"@type\":\"ImageObject\",\"inLanguage\":\"de\",\"@id\":\"https:\/\/hubsch-interior.com\/de\/#\/schema\/logo\/image\/\",\"url\":\"https:\/\/hubsch-interior.com\/wp-content\/uploads\/2022\/12\/Hubsch_logo_black_one_line.svg\",\"contentUrl\":\"https:\/\/hubsch-interior.com\/wp-content\/uploads\/2022\/12\/Hubsch_logo_black_one_line.svg\",\"caption\":\"H\u00fcbsch\"},\"image\":{\"@id\":\"https:\/\/hubsch-interior.com\/de\/#\/schema\/logo\/image\/\"}}]}<\/script>\n<!-- \/ Yoast SEO plugin. -->","yoast_head_json":{"title":"Misty Regal Naturfarben - H\u00fcbsch","description":"Das bezaubernde Misty Regal, eine kleine, aber beeindruckende Erg\u00e4nzung f\u00fcr Ihr Zuhause. Seine geometrische, kasten\u00e4hnliche Form verleiht jedem Raum eine","robots":{"index":"index","follow":"follow","max-snippet":"max-snippet:-1","max-image-preview":"max-image-preview:large","max-video-preview":"max-video-preview:-1"},"canonical":"https:\/\/hubsch-interior.com\/de\/wp-json\/wp\/v2\/product\/1009083","og_locale":"de_DE","og_type":"article","og_title":"Misty Regal Naturfarben - H\u00fcbsch","og_description":"Das bezaubernde Misty Regal, eine kleine, aber beeindruckende Erg\u00e4nzung f\u00fcr Ihr Zuhause. Seine geometrische, kasten\u00e4hnliche Form verleiht jedem Raum eine","og_url":"https:\/\/hubsch-interior.com\/de\/produkt\/misty-regal-naturfarben\/","og_site_name":"H\u00fcbsch","article_modified_time":"2026-04-29T02:56:48+00:00","og_image":[{"width":1200,"height":1200,"url":"https:\/\/hubsch-interior.com\/wp-content\/uploads\/2025\/01\/misty-shelf-natural-a3f475733fbc4d0a992d924c950663ca.jpg","type":"image\/jpeg"}],"twitter_card":"summary_large_image","schema":{"@context":"https:\/\/schema.org","@graph":[{"@type":"WebPage","@id":"https:\/\/hubsch-interior.com\/de\/produkt\/misty-regal-naturfarben\/","url":"https:\/\/hubsch-interior.com\/de\/produkt\/misty-regal-naturfarben\/","name":"Misty Regal Naturfarben - H\u00fcbsch","isPartOf":{"@id":"https:\/\/hubsch-interior.com\/de\/#website"},"primaryImageOfPage":{"@id":"https:\/\/hubsch-interior.com\/de\/produkt\/misty-regal-naturfarben\/#primaryimage"},"image":{"@id":"https:\/\/hubsch-interior.com\/de\/produkt\/misty-regal-naturfarben\/#primaryimage"},"thumbnailUrl":"https:\/\/hubsch-interior.com\/wp-content\/uploads\/2026\/02\/misty-shelf-natural-5b98173233d1ec12544f4444d5f5546f.jpg","datePublished":"2025-01-24T08:39:18+00:00","dateModified":"2026-04-29T02:56:48+00:00","description":"Das bezaubernde Misty Regal, eine kleine, aber beeindruckende Erg\u00e4nzung f\u00fcr Ihr Zuhause. Seine geometrische, kasten\u00e4hnliche Form verleiht jedem Raum eine","breadcrumb":{"@id":"https:\/\/hubsch-interior.com\/de\/produkt\/misty-regal-naturfarben\/#breadcrumb"},"inLanguage":"de","potentialAction":[{"@type":"ReadAction","target":["https:\/\/hubsch-interior.com\/de\/produkt\/misty-regal-naturfarben\/"]}]},{"@type":"ImageObject","inLanguage":"de","@id":"https:\/\/hubsch-interior.com\/de\/produkt\/misty-regal-naturfarben\/#primaryimage","url":"https:\/\/hubsch-interior.com\/wp-content\/uploads\/2026\/02\/misty-shelf-natural-5b98173233d1ec12544f4444d5f5546f.jpg","contentUrl":"https:\/\/hubsch-interior.com\/wp-content\/uploads\/2026\/02\/misty-shelf-natural-5b98173233d1ec12544f4444d5f5546f.jpg","width":1024,"height":1024},{"@type":"BreadcrumbList","@id":"https:\/\/hubsch-interior.com\/de\/produkt\/misty-regal-naturfarben\/#breadcrumb","itemListElement":[{"@type":"ListItem","position":1,"name":"Startseite","item":"https:\/\/hubsch-interior.com\/de\/"},{"@type":"ListItem","position":2,"name":"Produkte","item":"https:\/\/hubsch-interior.com\/de\/shop-2\/"},{"@type":"ListItem","position":3,"name":"M\u00f6bel","item":"https:\/\/hubsch-interior.com\/de\/produkt-kategorie\/moebel\/"},{"@type":"ListItem","position":4,"name":"Regale &amp; Aufbewahrung","item":"https:\/\/hubsch-interior.com\/de\/produkt-kategorie\/moebel\/regale-aufbewahrung-de\/"},{"@type":"ListItem","position":5,"name":"Ablagen","item":"https:\/\/hubsch-interior.com\/de\/produkt-kategorie\/moebel\/regale-aufbewahrung-de\/ablagen-de\/"},{"@type":"ListItem","position":6,"name":"Misty Regal Naturfarben"}]},{"@type":"WebSite","@id":"https:\/\/hubsch-interior.com\/de\/#website","url":"https:\/\/hubsch-interior.com\/de\/","name":"H\u00fcbsch","description":"Danish Home Interior and Design","publisher":{"@id":"https:\/\/hubsch-interior.com\/de\/#organization"},"potentialAction":[{"@type":"SearchAction","target":{"@type":"EntryPoint","urlTemplate":"https:\/\/hubsch-interior.com\/de\/?s={search_term_string}"},"query-input":{"@type":"PropertyValueSpecification","valueRequired":true,"valueName":"search_term_string"}}],"inLanguage":"de"},{"@type":"Organization","@id":"https:\/\/hubsch-interior.com\/de\/#organization","name":"H\u00fcbsch","url":"https:\/\/hubsch-interior.com\/de\/","logo":{"@type":"ImageObject","inLanguage":"de","@id":"https:\/\/hubsch-interior.com\/de\/#\/schema\/logo\/image\/","url":"https:\/\/hubsch-interior.com\/wp-content\/uploads\/2022\/12\/Hubsch_logo_black_one_line.svg","contentUrl":"https:\/\/hubsch-interior.com\/wp-content\/uploads\/2022\/12\/Hubsch_logo_black_one_line.svg","caption":"H\u00fcbsch"},"image":{"@id":"https:\/\/hubsch-interior.com\/de\/#\/schema\/logo\/image\/"}}]}},"_links":{"self":[{"href":"https:\/\/hubsch-interior.com\/de\/wp-json\/wp\/v2\/product\/1009083","targetHints":{"allow":["GET"]}}],"collection":[{"href":"https:\/\/hubsch-interior.com\/de\/wp-json\/wp\/v2\/product"}],"about":[{"href":"https:\/\/hubsch-interior.com\/de\/wp-json\/wp\/v2\/types\/product"}],"wp:featuredmedia":[{"embeddable":true,"href":"https:\/\/hubsch-interior.com\/de\/wp-json\/wp\/v2\/media\/1104373"}],"wp:attachment":[{"href":"https:\/\/hubsch-interior.com\/de\/wp-json\/wp\/v2\/media?parent=1009083"}],"wp:term":[{"taxonomy":"product_brand","embeddable":true,"href":"https:\/\/hubsch-interior.com\/de\/wp-json\/wp\/v2\/product_brand?post=1009083"},{"taxonomy":"product_cat","embeddable":true,"href":"https:\/\/hubsch-interior.com\/de\/wp-json\/wp\/v2\/product_cat?post=1009083"},{"taxonomy":"product_tag","embeddable":true,"href":"https:\/\/hubsch-interior.com\/de\/wp-json\/wp\/v2\/product_tag?post=1009083"}],"curies":[{"name":"wp","href":"https:\/\/api.w.org\/{rel}","templated":true}]}}

<p>Das bezaubernde Misty Regal, eine kleine, aber beeindruckende Ergänzung für Ihr Zuhause. Seine geometrische, kastenähnliche Form verleiht jedem Raum eine moderne Note. Vielseitig einsetzbar, nutzen Sie es in der Küche, um Ihrem Kochbereich Würze zu verleihen, oder stellen Sie es als charmanten Nachttisch neben Ihr Bett. Vereinen Sie Stil und Funktionalität mit Misty Regal, wo Schönheit und Praktikabilität in jeder Ecke Ihres Zuhauses aufeinandertreffen.</p>

<p>Das bezaubernde Misty Regal, eine kleine, aber beeindruckende Ergänzung für Ihr Zuhause. Seine geometrische, kastenähnliche Form verleiht jedem Raum eine moderne Note. Vielseitig einsetzbar, nutzen Sie es in der Küche, um Ihrem Kochbereich Würze zu verleihen, oder stellen Sie es als charmanten Nachttisch neben Ihr Bett. Vereinen Sie Stil und Funktionalität mit Misty Regal, wo [&hellip;]</p>

<!-- This site is optimized with the Yoast SEO plugin v26.4 - https://yoast.com/wordpress/plugins/seo/ -->
<title>Misty Regal Naturfarben - Hübsch</title>
<meta name="description" content="Das bezaubernde Misty Regal, eine kleine, aber beeindruckende Ergänzung für Ihr Zuhause. Seine geometrische, kastenähnliche Form verleiht jedem Raum eine" />
<meta name="robots" content="index, follow, max-snippet:-1, max-image-preview:large, max-video-preview:-1" />
<link rel="canonical" href="https://hubsch-interior.com/de/wp-json/wp/v2/product/1009083" />
<meta property="og:locale" content="de_DE" />
<meta property="og:type" content="article" />
<meta property="og:title" content="Misty Regal Naturfarben - Hübsch" />
<meta property="og:description" content="Das bezaubernde Misty Regal, eine kleine, aber beeindruckende Ergänzung für Ihr Zuhause. Seine geometrische, kastenähnliche Form verleiht jedem Raum eine" />
<meta property="og:url" content="https://hubsch-interior.com/de/produkt/misty-regal-naturfarben/" />
<meta property="og:site_name" content="Hübsch" />
<meta property="article:modified_time" content="2026-04-29T02:56:48+00:00" />
<meta property="og:image" content="https://hubsch-interior.com/wp-content/uploads/2025/01/misty-shelf-natural-a3f475733fbc4d0a992d924c950663ca.jpg" />
	<meta property="og:image:width" content="1200" />
	<meta property="og:image:height" content="1200" />
	<meta property="og:image:type" content="image/jpeg" />
<meta name="twitter:card" content="summary_large_image" />
<script type="application/ld+json" class="yoast-schema-graph">{"@context":"https://schema.org","@graph":[{"@type":"WebPage","@id":"https://hubsch-interior.com/de/produkt/misty-regal-naturfarben/","url":"https://hubsch-interior.com/de/produkt/misty-regal-naturfarben/","name":"Misty Regal Naturfarben - Hübsch","isPartOf":{"@id":"https://hubsch-interior.com/de/#website"},"primaryImageOfPage":{"@id":"https://hubsch-interior.com/de/produkt/misty-regal-naturfarben/#primaryimage"},"image":{"@id":"https://hubsch-interior.com/de/produkt/misty-regal-naturfarben/#primaryimage"},"thumbnailUrl":"https://hubsch-interior.com/wp-content/uploads/2026/02/misty-shelf-natural-5b98173233d1ec12544f4444d5f5546f.jpg","datePublished":"2025-01-24T08:39:18+00:00","dateModified":"2026-04-29T02:56:48+00:00","description":"Das bezaubernde Misty Regal, eine kleine, aber beeindruckende Ergänzung für Ihr Zuhause. Seine geometrische, kastenähnliche Form verleiht jedem Raum eine","breadcrumb":{"@id":"https://hubsch-interior.com/de/produkt/misty-regal-naturfarben/#breadcrumb"},"inLanguage":"de","potentialAction":[{"@type":"ReadAction","target":["https://hubsch-interior.com/de/produkt/misty-regal-naturfarben/"]}]},{"@type":"ImageObject","inLanguage":"de","@id":"https://hubsch-interior.com/de/produkt/misty-regal-naturfarben/#primaryimage","url":"https://hubsch-interior.com/wp-content/uploads/2026/02/misty-shelf-natural-5b98173233d1ec12544f4444d5f5546f.jpg","contentUrl":"https://hubsch-interior.com/wp-content/uploads/2026/02/misty-shelf-natural-5b98173233d1ec12544f4444d5f5546f.jpg","width":1024,"height":1024},{"@type":"BreadcrumbList","@id":"https://hubsch-interior.com/de/produkt/misty-regal-naturfarben/#breadcrumb","itemListElement":[{"@type":"ListItem","position":1,"name":"Startseite","item":"https://hubsch-interior.com/de/"},{"@type":"ListItem","position":2,"name":"Produkte","item":"https://hubsch-interior.com/de/shop-2/"},{"@type":"ListItem","position":3,"name":"Möbel","item":"https://hubsch-interior.com/de/produkt-kategorie/moebel/"},{"@type":"ListItem","position":4,"name":"Regale &amp; Aufbewahrung","item":"https://hubsch-interior.com/de/produkt-kategorie/moebel/regale-aufbewahrung-de/"},{"@type":"ListItem","position":5,"name":"Ablagen","item":"https://hubsch-interior.com/de/produkt-kategorie/moebel/regale-aufbewahrung-de/ablagen-de/"},{"@type":"ListItem","position":6,"name":"Misty Regal Naturfarben"}]},{"@type":"WebSite","@id":"https://hubsch-interior.com/de/#website","url":"https://hubsch-interior.com/de/","name":"Hübsch","description":"Danish Home Interior and Design","publisher":{"@id":"https://hubsch-interior.com/de/#organization"},"potentialAction":[{"@type":"SearchAction","target":{"@type":"EntryPoint","urlTemplate":"https://hubsch-interior.com/de/?s={search_term_string}"},"query-input":{"@type":"PropertyValueSpecification","valueRequired":true,"valueName":"search_term_string"}}],"inLanguage":"de"},{"@type":"Organization","@id":"https://hubsch-interior.com/de/#organization","name":"Hübsch","url":"https://hubsch-interior.com/de/","logo":{"@type":"ImageObject","inLanguage":"de","@id":"https://hubsch-interior.com/de/#/schema/logo/image/","url":"https://hubsch-interior.com/wp-content/uploads/2022/12/Hubsch_logo_black_one_line.svg","contentUrl":"https://hubsch-interior.com/wp-content/uploads/2022/12/Hubsch_logo_black_one_line.svg","caption":"Hübsch"},"image":{"@id":"https://hubsch-interior.com/de/#/schema/logo/image/"}}]}</script>
<!-- / Yoast SEO plugin. -->

Misty Regal Naturfarben - Hübsch

Das bezaubernde Misty Regal, eine kleine, aber beeindruckende Ergänzung für Ihr Zuhause. Seine geometrische, kastenähnliche Form verleiht jedem Raum eine

Hübsch

Möbel
