{"id":386833,"date":"2021-06-04T09:39:45","date_gmt":"2021-06-04T07:39:45","guid":{"rendered":"https:\/\/hubsch-interior.com\/shop-b2c\/product\/product-6\/"},"modified":"2026-04-29T04:15:29","modified_gmt":"2026-04-29T02:15:29","slug":"norm-regal-zylinder-schwarz","status":"publish","type":"product","link":"https:\/\/hubsch-interior.com\/de\/produkt\/norm-regal-zylinder-schwarz\/","title":{"rendered":"Norm Regal Zylinder Schwarz"},"content":{"rendered":"<p>Dieses Regal verf\u00fcgt \u00fcber drei Ablagefl\u00e4chen und ist aus schwarzem Metall gefertigt. Das Regal kann zur Pr\u00e4sentation von Pflanzen, Lampen, Vasen und mehr verwendet werden. Stellen Sie das Regal in jedem beliebigen Raum in Ihrem Zuhause auf, um ein stilvolles und modernes Detail zu gestalten.<\/p>\n","protected":false},"excerpt":{"rendered":"<p>Dieses Regal verf\u00fcgt \u00fcber drei Ablagefl\u00e4chen und ist aus schwarzem Metall gefertigt. Das Regal kann zur Pr\u00e4sentation von Pflanzen, Lampen, Vasen und mehr verwendet werden. Stellen Sie das Regal in jedem beliebigen Raum in Ihrem Zuhause auf, um ein stilvolles und modernes Detail zu gestalten.<\/p>\n","protected":false},"featured_media":1094136,"template":"","meta":{"_acf_changed":false,"inline_featured_image":false},"product_brand":[],"product_cat":[4003,4012,5027,6519],"product_tag":[],"class_list":{"0":"post-386833","1":"product","2":"type-product","3":"status-publish","4":"has-post-thumbnail","6":"product_cat-regale-aufbewahrung-de","7":"product_cat-regale-de","8":"product_cat-bestsellers-de","9":"product_cat-outlet-de","10":"product_shipping_class-pk","12":"pa_color-schwarz","13":"pa_material-eisen-de","15":"first","16":"instock","17":"sale","18":"featured","19":"taxable","20":"shipping-taxable","21":"purchasable","22":"product-type-simple"},"exclude_global_add_ons":[],"addons":[],"acf":[],"yoast_head":"<!-- This site is optimized with the Yoast SEO plugin v26.4 - https:\/\/yoast.com\/wordpress\/plugins\/seo\/ -->\n<title>Norm Regal Zylinder Schwarz - H\u00fcbsch<\/title>\n<meta name=\"description\" content=\"Dieses Regal verf\u00fcgt \u00fcber drei Ablagefl\u00e4chen und ist aus schwarzem Metall gefertigt. Das Regal kann zur Pr\u00e4sentation von Pflanzen, Lampen, Vasen und mehr\" \/>\n<meta name=\"robots\" content=\"index, follow, max-snippet:-1, max-image-preview:large, max-video-preview:-1\" \/>\n<link rel=\"canonical\" href=\"https:\/\/hubsch-interior.com\/de\/wp-json\/wp\/v2\/product\/386833\" \/>\n<meta property=\"og:locale\" content=\"de_DE\" \/>\n<meta property=\"og:type\" content=\"article\" \/>\n<meta property=\"og:title\" content=\"Norm Regal Zylinder Schwarz - H\u00fcbsch\" \/>\n<meta property=\"og:description\" content=\"Dieses Regal verf\u00fcgt \u00fcber drei Ablagefl\u00e4chen und ist aus schwarzem Metall gefertigt. Das Regal kann zur Pr\u00e4sentation von Pflanzen, Lampen, Vasen und mehr\" \/>\n<meta property=\"og:url\" content=\"https:\/\/hubsch-interior.com\/de\/produkt\/norm-regal-zylinder-schwarz\/\" \/>\n<meta property=\"og:site_name\" content=\"H\u00fcbsch\" \/>\n<meta property=\"article:modified_time\" content=\"2026-04-29T02:15:29+00:00\" \/>\n<meta property=\"og:image\" content=\"https:\/\/hubsch-interior.com\/wp-content\/uploads\/2026\/02\/norm-shelf-unit-cylinder-black-c4859f38c949b9a1a2d2c6d1b27d0802.jpg\" \/>\n\t<meta property=\"og:image:width\" content=\"1024\" \/>\n\t<meta property=\"og:image:height\" content=\"1024\" \/>\n\t<meta property=\"og:image:type\" content=\"image\/jpeg\" \/>\n<meta name=\"twitter:card\" content=\"summary_large_image\" \/>\n<script type=\"application\/ld+json\" class=\"yoast-schema-graph\">{\"@context\":\"https:\/\/schema.org\",\"@graph\":[{\"@type\":\"WebPage\",\"@id\":\"https:\/\/hubsch-interior.com\/de\/produkt\/norm-regal-zylinder-schwarz\/\",\"url\":\"https:\/\/hubsch-interior.com\/de\/produkt\/norm-regal-zylinder-schwarz\/\",\"name\":\"Norm Regal Zylinder Schwarz - H\u00fcbsch\",\"isPartOf\":{\"@id\":\"https:\/\/hubsch-interior.com\/de\/#website\"},\"primaryImageOfPage\":{\"@id\":\"https:\/\/hubsch-interior.com\/de\/produkt\/norm-regal-zylinder-schwarz\/#primaryimage\"},\"image\":{\"@id\":\"https:\/\/hubsch-interior.com\/de\/produkt\/norm-regal-zylinder-schwarz\/#primaryimage\"},\"thumbnailUrl\":\"https:\/\/hubsch-interior.com\/wp-content\/uploads\/2026\/02\/norm-shelf-unit-cylinder-black-c4859f38c949b9a1a2d2c6d1b27d0802.jpg\",\"datePublished\":\"2021-06-04T07:39:45+00:00\",\"dateModified\":\"2026-04-29T02:15:29+00:00\",\"description\":\"Dieses Regal verf\u00fcgt \u00fcber drei Ablagefl\u00e4chen und ist aus schwarzem Metall gefertigt. Das Regal kann zur Pr\u00e4sentation von Pflanzen, Lampen, Vasen und mehr\",\"breadcrumb\":{\"@id\":\"https:\/\/hubsch-interior.com\/de\/produkt\/norm-regal-zylinder-schwarz\/#breadcrumb\"},\"inLanguage\":\"de\",\"potentialAction\":[{\"@type\":\"ReadAction\",\"target\":[\"https:\/\/hubsch-interior.com\/de\/produkt\/norm-regal-zylinder-schwarz\/\"]}]},{\"@type\":\"ImageObject\",\"inLanguage\":\"de\",\"@id\":\"https:\/\/hubsch-interior.com\/de\/produkt\/norm-regal-zylinder-schwarz\/#primaryimage\",\"url\":\"https:\/\/hubsch-interior.com\/wp-content\/uploads\/2026\/02\/norm-shelf-unit-cylinder-black-c4859f38c949b9a1a2d2c6d1b27d0802.jpg\",\"contentUrl\":\"https:\/\/hubsch-interior.com\/wp-content\/uploads\/2026\/02\/norm-shelf-unit-cylinder-black-c4859f38c949b9a1a2d2c6d1b27d0802.jpg\",\"width\":1024,\"height\":1024},{\"@type\":\"BreadcrumbList\",\"@id\":\"https:\/\/hubsch-interior.com\/de\/produkt\/norm-regal-zylinder-schwarz\/#breadcrumb\",\"itemListElement\":[{\"@type\":\"ListItem\",\"position\":1,\"name\":\"Startseite\",\"item\":\"https:\/\/hubsch-interior.com\/de\/\"},{\"@type\":\"ListItem\",\"position\":2,\"name\":\"Produkte\",\"item\":\"https:\/\/hubsch-interior.com\/de\/shop-2\/\"},{\"@type\":\"ListItem\",\"position\":3,\"name\":\"M\u00f6bel\",\"item\":\"https:\/\/hubsch-interior.com\/de\/produkt-kategorie\/moebel\/\"},{\"@type\":\"ListItem\",\"position\":4,\"name\":\"Regale &amp; Aufbewahrung\",\"item\":\"https:\/\/hubsch-interior.com\/de\/produkt-kategorie\/moebel\/regale-aufbewahrung-de\/\"},{\"@type\":\"ListItem\",\"position\":5,\"name\":\"Regale\",\"item\":\"https:\/\/hubsch-interior.com\/de\/produkt-kategorie\/moebel\/regale-aufbewahrung-de\/regale-de\/\"},{\"@type\":\"ListItem\",\"position\":6,\"name\":\"Norm Regal Zylinder Schwarz\"}]},{\"@type\":\"WebSite\",\"@id\":\"https:\/\/hubsch-interior.com\/de\/#website\",\"url\":\"https:\/\/hubsch-interior.com\/de\/\",\"name\":\"H\u00fcbsch\",\"description\":\"Danish Home Interior and Design\",\"publisher\":{\"@id\":\"https:\/\/hubsch-interior.com\/de\/#organization\"},\"potentialAction\":[{\"@type\":\"SearchAction\",\"target\":{\"@type\":\"EntryPoint\",\"urlTemplate\":\"https:\/\/hubsch-interior.com\/de\/?s={search_term_string}\"},\"query-input\":{\"@type\":\"PropertyValueSpecification\",\"valueRequired\":true,\"valueName\":\"search_term_string\"}}],\"inLanguage\":\"de\"},{\"@type\":\"Organization\",\"@id\":\"https:\/\/hubsch-interior.com\/de\/#organization\",\"name\":\"H\u00fcbsch\",\"url\":\"https:\/\/hubsch-interior.com\/de\/\",\"logo\":{\"@type\":\"ImageObject\",\"inLanguage\":\"de\",\"@id\":\"https:\/\/hubsch-interior.com\/de\/#\/schema\/logo\/image\/\",\"url\":\"https:\/\/hubsch-interior.com\/wp-content\/uploads\/2022\/12\/Hubsch_logo_black_one_line.svg\",\"contentUrl\":\"https:\/\/hubsch-interior.com\/wp-content\/uploads\/2022\/12\/Hubsch_logo_black_one_line.svg\",\"caption\":\"H\u00fcbsch\"},\"image\":{\"@id\":\"https:\/\/hubsch-interior.com\/de\/#\/schema\/logo\/image\/\"}}]}<\/script>\n<!-- \/ Yoast SEO plugin. -->","yoast_head_json":{"title":"Norm Regal Zylinder Schwarz - H\u00fcbsch","description":"Dieses Regal verf\u00fcgt \u00fcber drei Ablagefl\u00e4chen und ist aus schwarzem Metall gefertigt. Das Regal kann zur Pr\u00e4sentation von Pflanzen, Lampen, Vasen und mehr","robots":{"index":"index","follow":"follow","max-snippet":"max-snippet:-1","max-image-preview":"max-image-preview:large","max-video-preview":"max-video-preview:-1"},"canonical":"https:\/\/hubsch-interior.com\/de\/wp-json\/wp\/v2\/product\/386833","og_locale":"de_DE","og_type":"article","og_title":"Norm Regal Zylinder Schwarz - H\u00fcbsch","og_description":"Dieses Regal verf\u00fcgt \u00fcber drei Ablagefl\u00e4chen und ist aus schwarzem Metall gefertigt. Das Regal kann zur Pr\u00e4sentation von Pflanzen, Lampen, Vasen und mehr","og_url":"https:\/\/hubsch-interior.com\/de\/produkt\/norm-regal-zylinder-schwarz\/","og_site_name":"H\u00fcbsch","article_modified_time":"2026-04-29T02:15:29+00:00","og_image":[{"width":1024,"height":1024,"url":"https:\/\/hubsch-interior.com\/wp-content\/uploads\/2026\/02\/norm-shelf-unit-cylinder-black-c4859f38c949b9a1a2d2c6d1b27d0802.jpg","type":"image\/jpeg"}],"twitter_card":"summary_large_image","schema":{"@context":"https:\/\/schema.org","@graph":[{"@type":"WebPage","@id":"https:\/\/hubsch-interior.com\/de\/produkt\/norm-regal-zylinder-schwarz\/","url":"https:\/\/hubsch-interior.com\/de\/produkt\/norm-regal-zylinder-schwarz\/","name":"Norm Regal Zylinder Schwarz - H\u00fcbsch","isPartOf":{"@id":"https:\/\/hubsch-interior.com\/de\/#website"},"primaryImageOfPage":{"@id":"https:\/\/hubsch-interior.com\/de\/produkt\/norm-regal-zylinder-schwarz\/#primaryimage"},"image":{"@id":"https:\/\/hubsch-interior.com\/de\/produkt\/norm-regal-zylinder-schwarz\/#primaryimage"},"thumbnailUrl":"https:\/\/hubsch-interior.com\/wp-content\/uploads\/2026\/02\/norm-shelf-unit-cylinder-black-c4859f38c949b9a1a2d2c6d1b27d0802.jpg","datePublished":"2021-06-04T07:39:45+00:00","dateModified":"2026-04-29T02:15:29+00:00","description":"Dieses Regal verf\u00fcgt \u00fcber drei Ablagefl\u00e4chen und ist aus schwarzem Metall gefertigt. Das Regal kann zur Pr\u00e4sentation von Pflanzen, Lampen, Vasen und mehr","breadcrumb":{"@id":"https:\/\/hubsch-interior.com\/de\/produkt\/norm-regal-zylinder-schwarz\/#breadcrumb"},"inLanguage":"de","potentialAction":[{"@type":"ReadAction","target":["https:\/\/hubsch-interior.com\/de\/produkt\/norm-regal-zylinder-schwarz\/"]}]},{"@type":"ImageObject","inLanguage":"de","@id":"https:\/\/hubsch-interior.com\/de\/produkt\/norm-regal-zylinder-schwarz\/#primaryimage","url":"https:\/\/hubsch-interior.com\/wp-content\/uploads\/2026\/02\/norm-shelf-unit-cylinder-black-c4859f38c949b9a1a2d2c6d1b27d0802.jpg","contentUrl":"https:\/\/hubsch-interior.com\/wp-content\/uploads\/2026\/02\/norm-shelf-unit-cylinder-black-c4859f38c949b9a1a2d2c6d1b27d0802.jpg","width":1024,"height":1024},{"@type":"BreadcrumbList","@id":"https:\/\/hubsch-interior.com\/de\/produkt\/norm-regal-zylinder-schwarz\/#breadcrumb","itemListElement":[{"@type":"ListItem","position":1,"name":"Startseite","item":"https:\/\/hubsch-interior.com\/de\/"},{"@type":"ListItem","position":2,"name":"Produkte","item":"https:\/\/hubsch-interior.com\/de\/shop-2\/"},{"@type":"ListItem","position":3,"name":"M\u00f6bel","item":"https:\/\/hubsch-interior.com\/de\/produkt-kategorie\/moebel\/"},{"@type":"ListItem","position":4,"name":"Regale &amp; Aufbewahrung","item":"https:\/\/hubsch-interior.com\/de\/produkt-kategorie\/moebel\/regale-aufbewahrung-de\/"},{"@type":"ListItem","position":5,"name":"Regale","item":"https:\/\/hubsch-interior.com\/de\/produkt-kategorie\/moebel\/regale-aufbewahrung-de\/regale-de\/"},{"@type":"ListItem","position":6,"name":"Norm Regal Zylinder Schwarz"}]},{"@type":"WebSite","@id":"https:\/\/hubsch-interior.com\/de\/#website","url":"https:\/\/hubsch-interior.com\/de\/","name":"H\u00fcbsch","description":"Danish Home Interior and Design","publisher":{"@id":"https:\/\/hubsch-interior.com\/de\/#organization"},"potentialAction":[{"@type":"SearchAction","target":{"@type":"EntryPoint","urlTemplate":"https:\/\/hubsch-interior.com\/de\/?s={search_term_string}"},"query-input":{"@type":"PropertyValueSpecification","valueRequired":true,"valueName":"search_term_string"}}],"inLanguage":"de"},{"@type":"Organization","@id":"https:\/\/hubsch-interior.com\/de\/#organization","name":"H\u00fcbsch","url":"https:\/\/hubsch-interior.com\/de\/","logo":{"@type":"ImageObject","inLanguage":"de","@id":"https:\/\/hubsch-interior.com\/de\/#\/schema\/logo\/image\/","url":"https:\/\/hubsch-interior.com\/wp-content\/uploads\/2022\/12\/Hubsch_logo_black_one_line.svg","contentUrl":"https:\/\/hubsch-interior.com\/wp-content\/uploads\/2022\/12\/Hubsch_logo_black_one_line.svg","caption":"H\u00fcbsch"},"image":{"@id":"https:\/\/hubsch-interior.com\/de\/#\/schema\/logo\/image\/"}}]}},"_links":{"self":[{"href":"https:\/\/hubsch-interior.com\/de\/wp-json\/wp\/v2\/product\/386833","targetHints":{"allow":["GET"]}}],"collection":[{"href":"https:\/\/hubsch-interior.com\/de\/wp-json\/wp\/v2\/product"}],"about":[{"href":"https:\/\/hubsch-interior.com\/de\/wp-json\/wp\/v2\/types\/product"}],"wp:featuredmedia":[{"embeddable":true,"href":"https:\/\/hubsch-interior.com\/de\/wp-json\/wp\/v2\/media\/1094136"}],"wp:attachment":[{"href":"https:\/\/hubsch-interior.com\/de\/wp-json\/wp\/v2\/media?parent=386833"}],"wp:term":[{"taxonomy":"product_brand","embeddable":true,"href":"https:\/\/hubsch-interior.com\/de\/wp-json\/wp\/v2\/product_brand?post=386833"},{"taxonomy":"product_cat","embeddable":true,"href":"https:\/\/hubsch-interior.com\/de\/wp-json\/wp\/v2\/product_cat?post=386833"},{"taxonomy":"product_tag","embeddable":true,"href":"https:\/\/hubsch-interior.com\/de\/wp-json\/wp\/v2\/product_tag?post=386833"}],"curies":[{"name":"wp","href":"https:\/\/api.w.org\/{rel}","templated":true}]}}

<p>Dieses Regal verfügt über drei Ablageflächen und ist aus schwarzem Metall gefertigt. Das Regal kann zur Präsentation von Pflanzen, Lampen, Vasen und mehr verwendet werden. Stellen Sie das Regal in jedem beliebigen Raum in Ihrem Zuhause auf, um ein stilvolles und modernes Detail zu gestalten.</p>

<!-- This site is optimized with the Yoast SEO plugin v26.4 - https://yoast.com/wordpress/plugins/seo/ -->
<title>Norm Regal Zylinder Schwarz - Hübsch</title>
<meta name="description" content="Dieses Regal verfügt über drei Ablageflächen und ist aus schwarzem Metall gefertigt. Das Regal kann zur Präsentation von Pflanzen, Lampen, Vasen und mehr" />
<meta name="robots" content="index, follow, max-snippet:-1, max-image-preview:large, max-video-preview:-1" />
<link rel="canonical" href="https://hubsch-interior.com/de/wp-json/wp/v2/product/386833" />
<meta property="og:locale" content="de_DE" />
<meta property="og:type" content="article" />
<meta property="og:title" content="Norm Regal Zylinder Schwarz - Hübsch" />
<meta property="og:description" content="Dieses Regal verfügt über drei Ablageflächen und ist aus schwarzem Metall gefertigt. Das Regal kann zur Präsentation von Pflanzen, Lampen, Vasen und mehr" />
<meta property="og:url" content="https://hubsch-interior.com/de/produkt/norm-regal-zylinder-schwarz/" />
<meta property="og:site_name" content="Hübsch" />
<meta property="article:modified_time" content="2026-04-29T02:15:29+00:00" />
<meta property="og:image" content="https://hubsch-interior.com/wp-content/uploads/2026/02/norm-shelf-unit-cylinder-black-c4859f38c949b9a1a2d2c6d1b27d0802.jpg" />
	<meta property="og:image:width" content="1024" />
	<meta property="og:image:height" content="1024" />
	<meta property="og:image:type" content="image/jpeg" />
<meta name="twitter:card" content="summary_large_image" />
<script type="application/ld+json" class="yoast-schema-graph">{"@context":"https://schema.org","@graph":[{"@type":"WebPage","@id":"https://hubsch-interior.com/de/produkt/norm-regal-zylinder-schwarz/","url":"https://hubsch-interior.com/de/produkt/norm-regal-zylinder-schwarz/","name":"Norm Regal Zylinder Schwarz - Hübsch","isPartOf":{"@id":"https://hubsch-interior.com/de/#website"},"primaryImageOfPage":{"@id":"https://hubsch-interior.com/de/produkt/norm-regal-zylinder-schwarz/#primaryimage"},"image":{"@id":"https://hubsch-interior.com/de/produkt/norm-regal-zylinder-schwarz/#primaryimage"},"thumbnailUrl":"https://hubsch-interior.com/wp-content/uploads/2026/02/norm-shelf-unit-cylinder-black-c4859f38c949b9a1a2d2c6d1b27d0802.jpg","datePublished":"2021-06-04T07:39:45+00:00","dateModified":"2026-04-29T02:15:29+00:00","description":"Dieses Regal verfügt über drei Ablageflächen und ist aus schwarzem Metall gefertigt. Das Regal kann zur Präsentation von Pflanzen, Lampen, Vasen und mehr","breadcrumb":{"@id":"https://hubsch-interior.com/de/produkt/norm-regal-zylinder-schwarz/#breadcrumb"},"inLanguage":"de","potentialAction":[{"@type":"ReadAction","target":["https://hubsch-interior.com/de/produkt/norm-regal-zylinder-schwarz/"]}]},{"@type":"ImageObject","inLanguage":"de","@id":"https://hubsch-interior.com/de/produkt/norm-regal-zylinder-schwarz/#primaryimage","url":"https://hubsch-interior.com/wp-content/uploads/2026/02/norm-shelf-unit-cylinder-black-c4859f38c949b9a1a2d2c6d1b27d0802.jpg","contentUrl":"https://hubsch-interior.com/wp-content/uploads/2026/02/norm-shelf-unit-cylinder-black-c4859f38c949b9a1a2d2c6d1b27d0802.jpg","width":1024,"height":1024},{"@type":"BreadcrumbList","@id":"https://hubsch-interior.com/de/produkt/norm-regal-zylinder-schwarz/#breadcrumb","itemListElement":[{"@type":"ListItem","position":1,"name":"Startseite","item":"https://hubsch-interior.com/de/"},{"@type":"ListItem","position":2,"name":"Produkte","item":"https://hubsch-interior.com/de/shop-2/"},{"@type":"ListItem","position":3,"name":"Möbel","item":"https://hubsch-interior.com/de/produkt-kategorie/moebel/"},{"@type":"ListItem","position":4,"name":"Regale &amp; Aufbewahrung","item":"https://hubsch-interior.com/de/produkt-kategorie/moebel/regale-aufbewahrung-de/"},{"@type":"ListItem","position":5,"name":"Regale","item":"https://hubsch-interior.com/de/produkt-kategorie/moebel/regale-aufbewahrung-de/regale-de/"},{"@type":"ListItem","position":6,"name":"Norm Regal Zylinder Schwarz"}]},{"@type":"WebSite","@id":"https://hubsch-interior.com/de/#website","url":"https://hubsch-interior.com/de/","name":"Hübsch","description":"Danish Home Interior and Design","publisher":{"@id":"https://hubsch-interior.com/de/#organization"},"potentialAction":[{"@type":"SearchAction","target":{"@type":"EntryPoint","urlTemplate":"https://hubsch-interior.com/de/?s={search_term_string}"},"query-input":{"@type":"PropertyValueSpecification","valueRequired":true,"valueName":"search_term_string"}}],"inLanguage":"de"},{"@type":"Organization","@id":"https://hubsch-interior.com/de/#organization","name":"Hübsch","url":"https://hubsch-interior.com/de/","logo":{"@type":"ImageObject","inLanguage":"de","@id":"https://hubsch-interior.com/de/#/schema/logo/image/","url":"https://hubsch-interior.com/wp-content/uploads/2022/12/Hubsch_logo_black_one_line.svg","contentUrl":"https://hubsch-interior.com/wp-content/uploads/2022/12/Hubsch_logo_black_one_line.svg","caption":"Hübsch"},"image":{"@id":"https://hubsch-interior.com/de/#/schema/logo/image/"}}]}</script>
<!-- / Yoast SEO plugin. -->

Norm Regal Zylinder Schwarz - Hübsch

Dieses Regal verfügt über drei Ablageflächen und ist aus schwarzem Metall gefertigt. Das Regal kann zur Präsentation von Pflanzen, Lampen, Vasen und mehr

Hübsch

Möbel
