{"id":398549,"date":"2021-06-13T22:54:50","date_gmt":"2021-06-13T20:54:50","guid":{"rendered":"https:\/\/hubsch-interior.com\/shop-b2c\/product\/product\/"},"modified":"2026-04-04T04:47:15","modified_gmt":"2026-04-04T02:47:15","slug":"archive-regal-naturfarben-2","status":"publish","type":"product","link":"https:\/\/hubsch-interior.com\/de\/produkt\/archive-regal-naturfarben-2\/","title":{"rendered":"Archive Regal Naturfarben"},"content":{"rendered":"<p>Das Archive Regal von NATUREHOME ist ein stilvolles und praktisches M\u00f6belst\u00fcck. Es ist aus massiver Eiche und mit Eichenfurnier verkleidet. Durch das FSC-Siegel ist es nachhaltig und umweltfreundlich produziert. Es ist in zwei Naturfarben erh\u00e4ltlich und dank seines schlichten Designs ein Blickfang. Das Regal bietet viel Stauraum und ist ein echter Hingucker in jedem Wohnraum.<\/p>\n","protected":false},"excerpt":{"rendered":"<p>Das Archive Regal von NATUREHOME ist ein stilvolles und praktisches M\u00f6belst\u00fcck. Es ist aus massiver Eiche und mit Eichenfurnier verkleidet. Durch das FSC-Siegel ist es nachhaltig und umweltfreundlich produziert. Es ist in zwei Naturfarben erh\u00e4ltlich und dank seines schlichten Designs ein Blickfang. Das Regal bietet viel Stauraum und ist ein echter Hingucker in jedem Wohnraum.<\/p>\n","protected":false},"featured_media":1101786,"template":"","meta":{"_acf_changed":false,"inline_featured_image":false},"product_brand":[],"product_cat":[4003,4921],"product_tag":[],"class_list":{"0":"post-398549","1":"product","2":"type-product","3":"status-publish","4":"has-post-thumbnail","6":"product_cat-regale-aufbewahrung-de","7":"product_cat-kommoden-sideboards-de","8":"product_shipping_class-p10","9":"pa_color-naturfarben-2","10":"pa_material-mdf-de","11":"pa_material-eichenfurnier","12":"pa_material-eichenholz","14":"first","15":"instock","16":"taxable","17":"shipping-taxable","18":"purchasable","19":"product-type-simple"},"exclude_global_add_ons":[],"addons":[],"acf":[],"yoast_head":"<!-- This site is optimized with the Yoast SEO plugin v26.4 - https:\/\/yoast.com\/wordpress\/plugins\/seo\/ -->\n<title>Archive Regal Naturfarben - H\u00fcbsch<\/title>\n<meta name=\"description\" content=\"Das Archive Regal von NATUREHOME ist ein stilvolles und praktisches M\u00f6belst\u00fcck. Es ist aus massiver Eiche und mit Eichenfurnier verkleidet. Durch das\" \/>\n<meta name=\"robots\" content=\"index, follow, max-snippet:-1, max-image-preview:large, max-video-preview:-1\" \/>\n<link rel=\"canonical\" href=\"https:\/\/hubsch-interior.com\/de\/wp-json\/wp\/v2\/product\/398549\" \/>\n<meta property=\"og:locale\" content=\"de_DE\" \/>\n<meta property=\"og:type\" content=\"article\" \/>\n<meta property=\"og:title\" content=\"Archive Regal Naturfarben - H\u00fcbsch\" \/>\n<meta property=\"og:description\" content=\"Das Archive Regal von NATUREHOME ist ein stilvolles und praktisches M\u00f6belst\u00fcck. Es ist aus massiver Eiche und mit Eichenfurnier verkleidet. Durch das\" \/>\n<meta property=\"og:url\" content=\"https:\/\/hubsch-interior.com\/de\/produkt\/archive-regal-naturfarben-2\/\" \/>\n<meta property=\"og:site_name\" content=\"H\u00fcbsch\" \/>\n<meta property=\"article:modified_time\" content=\"2026-04-04T02:47:15+00:00\" \/>\n<meta property=\"og:image\" content=\"https:\/\/hubsch-interior.com\/wp-content\/uploads\/2026\/02\/archive-shelf-unit-natural-a39a92bd7ba4327784b7c82af49e4b7c.jpg\" \/>\n\t<meta property=\"og:image:width\" content=\"1024\" \/>\n\t<meta property=\"og:image:height\" content=\"1024\" \/>\n\t<meta property=\"og:image:type\" content=\"image\/jpeg\" \/>\n<meta name=\"twitter:card\" content=\"summary_large_image\" \/>\n<script type=\"application\/ld+json\" class=\"yoast-schema-graph\">{\"@context\":\"https:\/\/schema.org\",\"@graph\":[{\"@type\":\"WebPage\",\"@id\":\"https:\/\/hubsch-interior.com\/de\/produkt\/archive-regal-naturfarben-2\/\",\"url\":\"https:\/\/hubsch-interior.com\/de\/produkt\/archive-regal-naturfarben-2\/\",\"name\":\"Archive Regal Naturfarben - H\u00fcbsch\",\"isPartOf\":{\"@id\":\"https:\/\/hubsch-interior.com\/de\/#website\"},\"primaryImageOfPage\":{\"@id\":\"https:\/\/hubsch-interior.com\/de\/produkt\/archive-regal-naturfarben-2\/#primaryimage\"},\"image\":{\"@id\":\"https:\/\/hubsch-interior.com\/de\/produkt\/archive-regal-naturfarben-2\/#primaryimage\"},\"thumbnailUrl\":\"https:\/\/hubsch-interior.com\/wp-content\/uploads\/2026\/02\/archive-shelf-unit-natural-a39a92bd7ba4327784b7c82af49e4b7c.jpg\",\"datePublished\":\"2021-06-13T20:54:50+00:00\",\"dateModified\":\"2026-04-04T02:47:15+00:00\",\"description\":\"Das Archive Regal von NATUREHOME ist ein stilvolles und praktisches M\u00f6belst\u00fcck. Es ist aus massiver Eiche und mit Eichenfurnier verkleidet. Durch das\",\"breadcrumb\":{\"@id\":\"https:\/\/hubsch-interior.com\/de\/produkt\/archive-regal-naturfarben-2\/#breadcrumb\"},\"inLanguage\":\"de\",\"potentialAction\":[{\"@type\":\"ReadAction\",\"target\":[\"https:\/\/hubsch-interior.com\/de\/produkt\/archive-regal-naturfarben-2\/\"]}]},{\"@type\":\"ImageObject\",\"inLanguage\":\"de\",\"@id\":\"https:\/\/hubsch-interior.com\/de\/produkt\/archive-regal-naturfarben-2\/#primaryimage\",\"url\":\"https:\/\/hubsch-interior.com\/wp-content\/uploads\/2026\/02\/archive-shelf-unit-natural-a39a92bd7ba4327784b7c82af49e4b7c.jpg\",\"contentUrl\":\"https:\/\/hubsch-interior.com\/wp-content\/uploads\/2026\/02\/archive-shelf-unit-natural-a39a92bd7ba4327784b7c82af49e4b7c.jpg\",\"width\":1024,\"height\":1024},{\"@type\":\"BreadcrumbList\",\"@id\":\"https:\/\/hubsch-interior.com\/de\/produkt\/archive-regal-naturfarben-2\/#breadcrumb\",\"itemListElement\":[{\"@type\":\"ListItem\",\"position\":1,\"name\":\"Startseite\",\"item\":\"https:\/\/hubsch-interior.com\/de\/\"},{\"@type\":\"ListItem\",\"position\":2,\"name\":\"Produkte\",\"item\":\"https:\/\/hubsch-interior.com\/de\/shop-2\/\"},{\"@type\":\"ListItem\",\"position\":3,\"name\":\"M\u00f6bel\",\"item\":\"https:\/\/hubsch-interior.com\/de\/produkt-kategorie\/moebel\/\"},{\"@type\":\"ListItem\",\"position\":4,\"name\":\"Regale &amp; Aufbewahrung\",\"item\":\"https:\/\/hubsch-interior.com\/de\/produkt-kategorie\/moebel\/regale-aufbewahrung-de\/\"},{\"@type\":\"ListItem\",\"position\":5,\"name\":\"Kommoden &amp; Sideboards\",\"item\":\"https:\/\/hubsch-interior.com\/de\/produkt-kategorie\/moebel\/regale-aufbewahrung-de\/kommoden-sideboards-de\/\"},{\"@type\":\"ListItem\",\"position\":6,\"name\":\"Archive Regal Naturfarben\"}]},{\"@type\":\"WebSite\",\"@id\":\"https:\/\/hubsch-interior.com\/de\/#website\",\"url\":\"https:\/\/hubsch-interior.com\/de\/\",\"name\":\"H\u00fcbsch\",\"description\":\"Danish Home Interior and Design\",\"publisher\":{\"@id\":\"https:\/\/hubsch-interior.com\/de\/#organization\"},\"potentialAction\":[{\"@type\":\"SearchAction\",\"target\":{\"@type\":\"EntryPoint\",\"urlTemplate\":\"https:\/\/hubsch-interior.com\/de\/?s={search_term_string}\"},\"query-input\":{\"@type\":\"PropertyValueSpecification\",\"valueRequired\":true,\"valueName\":\"search_term_string\"}}],\"inLanguage\":\"de\"},{\"@type\":\"Organization\",\"@id\":\"https:\/\/hubsch-interior.com\/de\/#organization\",\"name\":\"H\u00fcbsch\",\"url\":\"https:\/\/hubsch-interior.com\/de\/\",\"logo\":{\"@type\":\"ImageObject\",\"inLanguage\":\"de\",\"@id\":\"https:\/\/hubsch-interior.com\/de\/#\/schema\/logo\/image\/\",\"url\":\"https:\/\/hubsch-interior.com\/wp-content\/uploads\/2022\/12\/Hubsch_logo_black_one_line.svg\",\"contentUrl\":\"https:\/\/hubsch-interior.com\/wp-content\/uploads\/2022\/12\/Hubsch_logo_black_one_line.svg\",\"caption\":\"H\u00fcbsch\"},\"image\":{\"@id\":\"https:\/\/hubsch-interior.com\/de\/#\/schema\/logo\/image\/\"}}]}<\/script>\n<!-- \/ Yoast SEO plugin. -->","yoast_head_json":{"title":"Archive Regal Naturfarben - H\u00fcbsch","description":"Das Archive Regal von NATUREHOME ist ein stilvolles und praktisches M\u00f6belst\u00fcck. Es ist aus massiver Eiche und mit Eichenfurnier verkleidet. Durch das","robots":{"index":"index","follow":"follow","max-snippet":"max-snippet:-1","max-image-preview":"max-image-preview:large","max-video-preview":"max-video-preview:-1"},"canonical":"https:\/\/hubsch-interior.com\/de\/wp-json\/wp\/v2\/product\/398549","og_locale":"de_DE","og_type":"article","og_title":"Archive Regal Naturfarben - H\u00fcbsch","og_description":"Das Archive Regal von NATUREHOME ist ein stilvolles und praktisches M\u00f6belst\u00fcck. Es ist aus massiver Eiche und mit Eichenfurnier verkleidet. Durch das","og_url":"https:\/\/hubsch-interior.com\/de\/produkt\/archive-regal-naturfarben-2\/","og_site_name":"H\u00fcbsch","article_modified_time":"2026-04-04T02:47:15+00:00","og_image":[{"width":1024,"height":1024,"url":"https:\/\/hubsch-interior.com\/wp-content\/uploads\/2026\/02\/archive-shelf-unit-natural-a39a92bd7ba4327784b7c82af49e4b7c.jpg","type":"image\/jpeg"}],"twitter_card":"summary_large_image","schema":{"@context":"https:\/\/schema.org","@graph":[{"@type":"WebPage","@id":"https:\/\/hubsch-interior.com\/de\/produkt\/archive-regal-naturfarben-2\/","url":"https:\/\/hubsch-interior.com\/de\/produkt\/archive-regal-naturfarben-2\/","name":"Archive Regal Naturfarben - H\u00fcbsch","isPartOf":{"@id":"https:\/\/hubsch-interior.com\/de\/#website"},"primaryImageOfPage":{"@id":"https:\/\/hubsch-interior.com\/de\/produkt\/archive-regal-naturfarben-2\/#primaryimage"},"image":{"@id":"https:\/\/hubsch-interior.com\/de\/produkt\/archive-regal-naturfarben-2\/#primaryimage"},"thumbnailUrl":"https:\/\/hubsch-interior.com\/wp-content\/uploads\/2026\/02\/archive-shelf-unit-natural-a39a92bd7ba4327784b7c82af49e4b7c.jpg","datePublished":"2021-06-13T20:54:50+00:00","dateModified":"2026-04-04T02:47:15+00:00","description":"Das Archive Regal von NATUREHOME ist ein stilvolles und praktisches M\u00f6belst\u00fcck. Es ist aus massiver Eiche und mit Eichenfurnier verkleidet. Durch das","breadcrumb":{"@id":"https:\/\/hubsch-interior.com\/de\/produkt\/archive-regal-naturfarben-2\/#breadcrumb"},"inLanguage":"de","potentialAction":[{"@type":"ReadAction","target":["https:\/\/hubsch-interior.com\/de\/produkt\/archive-regal-naturfarben-2\/"]}]},{"@type":"ImageObject","inLanguage":"de","@id":"https:\/\/hubsch-interior.com\/de\/produkt\/archive-regal-naturfarben-2\/#primaryimage","url":"https:\/\/hubsch-interior.com\/wp-content\/uploads\/2026\/02\/archive-shelf-unit-natural-a39a92bd7ba4327784b7c82af49e4b7c.jpg","contentUrl":"https:\/\/hubsch-interior.com\/wp-content\/uploads\/2026\/02\/archive-shelf-unit-natural-a39a92bd7ba4327784b7c82af49e4b7c.jpg","width":1024,"height":1024},{"@type":"BreadcrumbList","@id":"https:\/\/hubsch-interior.com\/de\/produkt\/archive-regal-naturfarben-2\/#breadcrumb","itemListElement":[{"@type":"ListItem","position":1,"name":"Startseite","item":"https:\/\/hubsch-interior.com\/de\/"},{"@type":"ListItem","position":2,"name":"Produkte","item":"https:\/\/hubsch-interior.com\/de\/shop-2\/"},{"@type":"ListItem","position":3,"name":"M\u00f6bel","item":"https:\/\/hubsch-interior.com\/de\/produkt-kategorie\/moebel\/"},{"@type":"ListItem","position":4,"name":"Regale &amp; Aufbewahrung","item":"https:\/\/hubsch-interior.com\/de\/produkt-kategorie\/moebel\/regale-aufbewahrung-de\/"},{"@type":"ListItem","position":5,"name":"Kommoden &amp; Sideboards","item":"https:\/\/hubsch-interior.com\/de\/produkt-kategorie\/moebel\/regale-aufbewahrung-de\/kommoden-sideboards-de\/"},{"@type":"ListItem","position":6,"name":"Archive Regal Naturfarben"}]},{"@type":"WebSite","@id":"https:\/\/hubsch-interior.com\/de\/#website","url":"https:\/\/hubsch-interior.com\/de\/","name":"H\u00fcbsch","description":"Danish Home Interior and Design","publisher":{"@id":"https:\/\/hubsch-interior.com\/de\/#organization"},"potentialAction":[{"@type":"SearchAction","target":{"@type":"EntryPoint","urlTemplate":"https:\/\/hubsch-interior.com\/de\/?s={search_term_string}"},"query-input":{"@type":"PropertyValueSpecification","valueRequired":true,"valueName":"search_term_string"}}],"inLanguage":"de"},{"@type":"Organization","@id":"https:\/\/hubsch-interior.com\/de\/#organization","name":"H\u00fcbsch","url":"https:\/\/hubsch-interior.com\/de\/","logo":{"@type":"ImageObject","inLanguage":"de","@id":"https:\/\/hubsch-interior.com\/de\/#\/schema\/logo\/image\/","url":"https:\/\/hubsch-interior.com\/wp-content\/uploads\/2022\/12\/Hubsch_logo_black_one_line.svg","contentUrl":"https:\/\/hubsch-interior.com\/wp-content\/uploads\/2022\/12\/Hubsch_logo_black_one_line.svg","caption":"H\u00fcbsch"},"image":{"@id":"https:\/\/hubsch-interior.com\/de\/#\/schema\/logo\/image\/"}}]}},"_links":{"self":[{"href":"https:\/\/hubsch-interior.com\/de\/wp-json\/wp\/v2\/product\/398549","targetHints":{"allow":["GET"]}}],"collection":[{"href":"https:\/\/hubsch-interior.com\/de\/wp-json\/wp\/v2\/product"}],"about":[{"href":"https:\/\/hubsch-interior.com\/de\/wp-json\/wp\/v2\/types\/product"}],"wp:featuredmedia":[{"embeddable":true,"href":"https:\/\/hubsch-interior.com\/de\/wp-json\/wp\/v2\/media\/1101786"}],"wp:attachment":[{"href":"https:\/\/hubsch-interior.com\/de\/wp-json\/wp\/v2\/media?parent=398549"}],"wp:term":[{"taxonomy":"product_brand","embeddable":true,"href":"https:\/\/hubsch-interior.com\/de\/wp-json\/wp\/v2\/product_brand?post=398549"},{"taxonomy":"product_cat","embeddable":true,"href":"https:\/\/hubsch-interior.com\/de\/wp-json\/wp\/v2\/product_cat?post=398549"},{"taxonomy":"product_tag","embeddable":true,"href":"https:\/\/hubsch-interior.com\/de\/wp-json\/wp\/v2\/product_tag?post=398549"}],"curies":[{"name":"wp","href":"https:\/\/api.w.org\/{rel}","templated":true}]}}

<p>Das Archive Regal von NATUREHOME ist ein stilvolles und praktisches Möbelstück. Es ist aus massiver Eiche und mit Eichenfurnier verkleidet. Durch das FSC-Siegel ist es nachhaltig und umweltfreundlich produziert. Es ist in zwei Naturfarben erhältlich und dank seines schlichten Designs ein Blickfang. Das Regal bietet viel Stauraum und ist ein echter Hingucker in jedem Wohnraum.</p>

<!-- This site is optimized with the Yoast SEO plugin v26.4 - https://yoast.com/wordpress/plugins/seo/ -->
<title>Archive Regal Naturfarben - Hübsch</title>
<meta name="description" content="Das Archive Regal von NATUREHOME ist ein stilvolles und praktisches Möbelstück. Es ist aus massiver Eiche und mit Eichenfurnier verkleidet. Durch das" />
<meta name="robots" content="index, follow, max-snippet:-1, max-image-preview:large, max-video-preview:-1" />
<link rel="canonical" href="https://hubsch-interior.com/de/wp-json/wp/v2/product/398549" />
<meta property="og:locale" content="de_DE" />
<meta property="og:type" content="article" />
<meta property="og:title" content="Archive Regal Naturfarben - Hübsch" />
<meta property="og:description" content="Das Archive Regal von NATUREHOME ist ein stilvolles und praktisches Möbelstück. Es ist aus massiver Eiche und mit Eichenfurnier verkleidet. Durch das" />
<meta property="og:url" content="https://hubsch-interior.com/de/produkt/archive-regal-naturfarben-2/" />
<meta property="og:site_name" content="Hübsch" />
<meta property="article:modified_time" content="2026-04-04T02:47:15+00:00" />
<meta property="og:image" content="https://hubsch-interior.com/wp-content/uploads/2026/02/archive-shelf-unit-natural-a39a92bd7ba4327784b7c82af49e4b7c.jpg" />
	<meta property="og:image:width" content="1024" />
	<meta property="og:image:height" content="1024" />
	<meta property="og:image:type" content="image/jpeg" />
<meta name="twitter:card" content="summary_large_image" />
<script type="application/ld+json" class="yoast-schema-graph">{"@context":"https://schema.org","@graph":[{"@type":"WebPage","@id":"https://hubsch-interior.com/de/produkt/archive-regal-naturfarben-2/","url":"https://hubsch-interior.com/de/produkt/archive-regal-naturfarben-2/","name":"Archive Regal Naturfarben - Hübsch","isPartOf":{"@id":"https://hubsch-interior.com/de/#website"},"primaryImageOfPage":{"@id":"https://hubsch-interior.com/de/produkt/archive-regal-naturfarben-2/#primaryimage"},"image":{"@id":"https://hubsch-interior.com/de/produkt/archive-regal-naturfarben-2/#primaryimage"},"thumbnailUrl":"https://hubsch-interior.com/wp-content/uploads/2026/02/archive-shelf-unit-natural-a39a92bd7ba4327784b7c82af49e4b7c.jpg","datePublished":"2021-06-13T20:54:50+00:00","dateModified":"2026-04-04T02:47:15+00:00","description":"Das Archive Regal von NATUREHOME ist ein stilvolles und praktisches Möbelstück. Es ist aus massiver Eiche und mit Eichenfurnier verkleidet. Durch das","breadcrumb":{"@id":"https://hubsch-interior.com/de/produkt/archive-regal-naturfarben-2/#breadcrumb"},"inLanguage":"de","potentialAction":[{"@type":"ReadAction","target":["https://hubsch-interior.com/de/produkt/archive-regal-naturfarben-2/"]}]},{"@type":"ImageObject","inLanguage":"de","@id":"https://hubsch-interior.com/de/produkt/archive-regal-naturfarben-2/#primaryimage","url":"https://hubsch-interior.com/wp-content/uploads/2026/02/archive-shelf-unit-natural-a39a92bd7ba4327784b7c82af49e4b7c.jpg","contentUrl":"https://hubsch-interior.com/wp-content/uploads/2026/02/archive-shelf-unit-natural-a39a92bd7ba4327784b7c82af49e4b7c.jpg","width":1024,"height":1024},{"@type":"BreadcrumbList","@id":"https://hubsch-interior.com/de/produkt/archive-regal-naturfarben-2/#breadcrumb","itemListElement":[{"@type":"ListItem","position":1,"name":"Startseite","item":"https://hubsch-interior.com/de/"},{"@type":"ListItem","position":2,"name":"Produkte","item":"https://hubsch-interior.com/de/shop-2/"},{"@type":"ListItem","position":3,"name":"Möbel","item":"https://hubsch-interior.com/de/produkt-kategorie/moebel/"},{"@type":"ListItem","position":4,"name":"Regale &amp; Aufbewahrung","item":"https://hubsch-interior.com/de/produkt-kategorie/moebel/regale-aufbewahrung-de/"},{"@type":"ListItem","position":5,"name":"Kommoden &amp; Sideboards","item":"https://hubsch-interior.com/de/produkt-kategorie/moebel/regale-aufbewahrung-de/kommoden-sideboards-de/"},{"@type":"ListItem","position":6,"name":"Archive Regal Naturfarben"}]},{"@type":"WebSite","@id":"https://hubsch-interior.com/de/#website","url":"https://hubsch-interior.com/de/","name":"Hübsch","description":"Danish Home Interior and Design","publisher":{"@id":"https://hubsch-interior.com/de/#organization"},"potentialAction":[{"@type":"SearchAction","target":{"@type":"EntryPoint","urlTemplate":"https://hubsch-interior.com/de/?s={search_term_string}"},"query-input":{"@type":"PropertyValueSpecification","valueRequired":true,"valueName":"search_term_string"}}],"inLanguage":"de"},{"@type":"Organization","@id":"https://hubsch-interior.com/de/#organization","name":"Hübsch","url":"https://hubsch-interior.com/de/","logo":{"@type":"ImageObject","inLanguage":"de","@id":"https://hubsch-interior.com/de/#/schema/logo/image/","url":"https://hubsch-interior.com/wp-content/uploads/2022/12/Hubsch_logo_black_one_line.svg","contentUrl":"https://hubsch-interior.com/wp-content/uploads/2022/12/Hubsch_logo_black_one_line.svg","caption":"Hübsch"},"image":{"@id":"https://hubsch-interior.com/de/#/schema/logo/image/"}}]}</script>
<!-- / Yoast SEO plugin. -->

Archive Regal Naturfarben - Hübsch

Das Archive Regal von NATUREHOME ist ein stilvolles und praktisches Möbelstück. Es ist aus massiver Eiche und mit Eichenfurnier verkleidet. Durch das

Hübsch

Möbel
