{"id":398557,"date":"2021-06-13T22:57:17","date_gmt":"2021-06-13T20:57:17","guid":{"rendered":"https:\/\/hubsch-interior.com\/shop-b2c\/product\/product\/"},"modified":"2026-04-29T04:51:05","modified_gmt":"2026-04-29T02:51:05","slug":"cubbie-regal-naturfarben","status":"publish","type":"product","link":"https:\/\/hubsch-interior.com\/de\/produkt\/cubbie-regal-naturfarben\/","title":{"rendered":"Cubbie Regal Naturfarben"},"content":{"rendered":"<p>Wenn Sie all Ihre dekorativen Kaffeetassen in Szene setzen wollen, ist unser Display-Regal aus Eiche genau das Richtige f\u00fcr Sie. Sie m\u00fcssen uns nicht \u00fcberzeugen, wir haben es verstanden! Sowohl Ihre sch\u00f6nen Kaffeetassen als auch Ihre unersetzlichen Erbst\u00fccke haben das Beste verdient. Das Beste an diesem h\u00f6lzernen Wunderwerk? Es ist aus FSC\u00ae-zertifiziertem Holz gefertigt. Und warum? Weil es cool ist, R\u00fccksicht auf unseren Planeten zu nehmen. <\/p>\n","protected":false},"excerpt":{"rendered":"<p>Wenn Sie all Ihre dekorativen Kaffeetassen in Szene setzen wollen, ist unser Display-Regal aus Eiche genau das Richtige f\u00fcr Sie. Sie m\u00fcssen uns nicht \u00fcberzeugen, wir haben es verstanden! Sowohl Ihre sch\u00f6nen Kaffeetassen als auch Ihre unersetzlichen Erbst\u00fccke haben das Beste verdient. Das Beste an diesem h\u00f6lzernen Wunderwerk? Es ist aus FSC\u00ae-zertifiziertem Holz gefertigt. Und [&hellip;]<\/p>\n","protected":false},"featured_media":1102528,"template":"","meta":{"_acf_changed":false,"inline_featured_image":false},"product_brand":[],"product_cat":[4024,7074,5027,6323,7073,4003],"product_tag":[],"class_list":{"0":"post-398557","1":"product","2":"type-product","3":"status-publish","4":"has-post-thumbnail","6":"product_cat-ablagen-de","7":"product_cat-kuchen-regale-de","8":"product_cat-bestsellers-de","9":"product_cat-fsc-de","10":"product_cat-haken-regale-de","11":"product_cat-regale-aufbewahrung-de","12":"product_shipping_class-pk","14":"pa_color-naturfarben-2","15":"pa_material-eichenfurnier","16":"pa_material-mdf-de","18":"first","19":"instock","20":"featured","21":"taxable","22":"shipping-taxable","23":"purchasable","24":"product-type-simple"},"exclude_global_add_ons":[],"addons":[],"acf":[],"yoast_head":"<!-- This site is optimized with the Yoast SEO plugin v26.4 - https:\/\/yoast.com\/wordpress\/plugins\/seo\/ -->\n<title>Cubbie Regal Naturfarben - H\u00fcbsch<\/title>\n<meta name=\"description\" content=\"Wenn Sie all Ihre dekorativen Kaffeetassen in Szene setzen wollen, ist unser Display-Regal aus Eiche genau das Richtige f\u00fcr Sie. Sie m\u00fcssen uns nicht\" \/>\n<meta name=\"robots\" content=\"index, follow, max-snippet:-1, max-image-preview:large, max-video-preview:-1\" \/>\n<link rel=\"canonical\" href=\"https:\/\/hubsch-interior.com\/de\/wp-json\/wp\/v2\/product\/398557\" \/>\n<meta property=\"og:locale\" content=\"de_DE\" \/>\n<meta property=\"og:type\" content=\"article\" \/>\n<meta property=\"og:title\" content=\"Cubbie Regal Naturfarben - H\u00fcbsch\" \/>\n<meta property=\"og:description\" content=\"Wenn Sie all Ihre dekorativen Kaffeetassen in Szene setzen wollen, ist unser Display-Regal aus Eiche genau das Richtige f\u00fcr Sie. Sie m\u00fcssen uns nicht\" \/>\n<meta property=\"og:url\" content=\"https:\/\/hubsch-interior.com\/de\/produkt\/cubbie-regal-naturfarben\/\" \/>\n<meta property=\"og:site_name\" content=\"H\u00fcbsch\" \/>\n<meta property=\"article:modified_time\" content=\"2026-04-29T02:51:05+00:00\" \/>\n<meta property=\"og:image\" content=\"https:\/\/hubsch-interior.com\/wp-content\/uploads\/2026\/02\/cubbie-shelf-unit-natural-7dac6a495b504883c25badb588302523.jpg\" \/>\n\t<meta property=\"og:image:width\" content=\"1024\" \/>\n\t<meta property=\"og:image:height\" content=\"1024\" \/>\n\t<meta property=\"og:image:type\" content=\"image\/jpeg\" \/>\n<meta name=\"twitter:card\" content=\"summary_large_image\" \/>\n<script type=\"application\/ld+json\" class=\"yoast-schema-graph\">{\"@context\":\"https:\/\/schema.org\",\"@graph\":[{\"@type\":\"WebPage\",\"@id\":\"https:\/\/hubsch-interior.com\/de\/produkt\/cubbie-regal-naturfarben\/\",\"url\":\"https:\/\/hubsch-interior.com\/de\/produkt\/cubbie-regal-naturfarben\/\",\"name\":\"Cubbie Regal Naturfarben - H\u00fcbsch\",\"isPartOf\":{\"@id\":\"https:\/\/hubsch-interior.com\/de\/#website\"},\"primaryImageOfPage\":{\"@id\":\"https:\/\/hubsch-interior.com\/de\/produkt\/cubbie-regal-naturfarben\/#primaryimage\"},\"image\":{\"@id\":\"https:\/\/hubsch-interior.com\/de\/produkt\/cubbie-regal-naturfarben\/#primaryimage\"},\"thumbnailUrl\":\"https:\/\/hubsch-interior.com\/wp-content\/uploads\/2026\/02\/cubbie-shelf-unit-natural-7dac6a495b504883c25badb588302523.jpg\",\"datePublished\":\"2021-06-13T20:57:17+00:00\",\"dateModified\":\"2026-04-29T02:51:05+00:00\",\"description\":\"Wenn Sie all Ihre dekorativen Kaffeetassen in Szene setzen wollen, ist unser Display-Regal aus Eiche genau das Richtige f\u00fcr Sie. Sie m\u00fcssen uns nicht\",\"breadcrumb\":{\"@id\":\"https:\/\/hubsch-interior.com\/de\/produkt\/cubbie-regal-naturfarben\/#breadcrumb\"},\"inLanguage\":\"de\",\"potentialAction\":[{\"@type\":\"ReadAction\",\"target\":[\"https:\/\/hubsch-interior.com\/de\/produkt\/cubbie-regal-naturfarben\/\"]}]},{\"@type\":\"ImageObject\",\"inLanguage\":\"de\",\"@id\":\"https:\/\/hubsch-interior.com\/de\/produkt\/cubbie-regal-naturfarben\/#primaryimage\",\"url\":\"https:\/\/hubsch-interior.com\/wp-content\/uploads\/2026\/02\/cubbie-shelf-unit-natural-7dac6a495b504883c25badb588302523.jpg\",\"contentUrl\":\"https:\/\/hubsch-interior.com\/wp-content\/uploads\/2026\/02\/cubbie-shelf-unit-natural-7dac6a495b504883c25badb588302523.jpg\",\"width\":1024,\"height\":1024},{\"@type\":\"BreadcrumbList\",\"@id\":\"https:\/\/hubsch-interior.com\/de\/produkt\/cubbie-regal-naturfarben\/#breadcrumb\",\"itemListElement\":[{\"@type\":\"ListItem\",\"position\":1,\"name\":\"Startseite\",\"item\":\"https:\/\/hubsch-interior.com\/de\/\"},{\"@type\":\"ListItem\",\"position\":2,\"name\":\"Produkte\",\"item\":\"https:\/\/hubsch-interior.com\/de\/shop-2\/\"},{\"@type\":\"ListItem\",\"position\":3,\"name\":\"M\u00f6bel\",\"item\":\"https:\/\/hubsch-interior.com\/de\/produkt-kategorie\/moebel\/\"},{\"@type\":\"ListItem\",\"position\":4,\"name\":\"Regale &amp; Aufbewahrung\",\"item\":\"https:\/\/hubsch-interior.com\/de\/produkt-kategorie\/moebel\/regale-aufbewahrung-de\/\"},{\"@type\":\"ListItem\",\"position\":5,\"name\":\"Ablagen\",\"item\":\"https:\/\/hubsch-interior.com\/de\/produkt-kategorie\/moebel\/regale-aufbewahrung-de\/ablagen-de\/\"},{\"@type\":\"ListItem\",\"position\":6,\"name\":\"Cubbie Regal Naturfarben\"}]},{\"@type\":\"WebSite\",\"@id\":\"https:\/\/hubsch-interior.com\/de\/#website\",\"url\":\"https:\/\/hubsch-interior.com\/de\/\",\"name\":\"H\u00fcbsch\",\"description\":\"Danish Home Interior and Design\",\"publisher\":{\"@id\":\"https:\/\/hubsch-interior.com\/de\/#organization\"},\"potentialAction\":[{\"@type\":\"SearchAction\",\"target\":{\"@type\":\"EntryPoint\",\"urlTemplate\":\"https:\/\/hubsch-interior.com\/de\/?s={search_term_string}\"},\"query-input\":{\"@type\":\"PropertyValueSpecification\",\"valueRequired\":true,\"valueName\":\"search_term_string\"}}],\"inLanguage\":\"de\"},{\"@type\":\"Organization\",\"@id\":\"https:\/\/hubsch-interior.com\/de\/#organization\",\"name\":\"H\u00fcbsch\",\"url\":\"https:\/\/hubsch-interior.com\/de\/\",\"logo\":{\"@type\":\"ImageObject\",\"inLanguage\":\"de\",\"@id\":\"https:\/\/hubsch-interior.com\/de\/#\/schema\/logo\/image\/\",\"url\":\"https:\/\/hubsch-interior.com\/wp-content\/uploads\/2022\/12\/Hubsch_logo_black_one_line.svg\",\"contentUrl\":\"https:\/\/hubsch-interior.com\/wp-content\/uploads\/2022\/12\/Hubsch_logo_black_one_line.svg\",\"caption\":\"H\u00fcbsch\"},\"image\":{\"@id\":\"https:\/\/hubsch-interior.com\/de\/#\/schema\/logo\/image\/\"}}]}<\/script>\n<!-- \/ Yoast SEO plugin. -->","yoast_head_json":{"title":"Cubbie Regal Naturfarben - H\u00fcbsch","description":"Wenn Sie all Ihre dekorativen Kaffeetassen in Szene setzen wollen, ist unser Display-Regal aus Eiche genau das Richtige f\u00fcr Sie. Sie m\u00fcssen uns nicht","robots":{"index":"index","follow":"follow","max-snippet":"max-snippet:-1","max-image-preview":"max-image-preview:large","max-video-preview":"max-video-preview:-1"},"canonical":"https:\/\/hubsch-interior.com\/de\/wp-json\/wp\/v2\/product\/398557","og_locale":"de_DE","og_type":"article","og_title":"Cubbie Regal Naturfarben - H\u00fcbsch","og_description":"Wenn Sie all Ihre dekorativen Kaffeetassen in Szene setzen wollen, ist unser Display-Regal aus Eiche genau das Richtige f\u00fcr Sie. Sie m\u00fcssen uns nicht","og_url":"https:\/\/hubsch-interior.com\/de\/produkt\/cubbie-regal-naturfarben\/","og_site_name":"H\u00fcbsch","article_modified_time":"2026-04-29T02:51:05+00:00","og_image":[{"width":1024,"height":1024,"url":"https:\/\/hubsch-interior.com\/wp-content\/uploads\/2026\/02\/cubbie-shelf-unit-natural-7dac6a495b504883c25badb588302523.jpg","type":"image\/jpeg"}],"twitter_card":"summary_large_image","schema":{"@context":"https:\/\/schema.org","@graph":[{"@type":"WebPage","@id":"https:\/\/hubsch-interior.com\/de\/produkt\/cubbie-regal-naturfarben\/","url":"https:\/\/hubsch-interior.com\/de\/produkt\/cubbie-regal-naturfarben\/","name":"Cubbie Regal Naturfarben - H\u00fcbsch","isPartOf":{"@id":"https:\/\/hubsch-interior.com\/de\/#website"},"primaryImageOfPage":{"@id":"https:\/\/hubsch-interior.com\/de\/produkt\/cubbie-regal-naturfarben\/#primaryimage"},"image":{"@id":"https:\/\/hubsch-interior.com\/de\/produkt\/cubbie-regal-naturfarben\/#primaryimage"},"thumbnailUrl":"https:\/\/hubsch-interior.com\/wp-content\/uploads\/2026\/02\/cubbie-shelf-unit-natural-7dac6a495b504883c25badb588302523.jpg","datePublished":"2021-06-13T20:57:17+00:00","dateModified":"2026-04-29T02:51:05+00:00","description":"Wenn Sie all Ihre dekorativen Kaffeetassen in Szene setzen wollen, ist unser Display-Regal aus Eiche genau das Richtige f\u00fcr Sie. Sie m\u00fcssen uns nicht","breadcrumb":{"@id":"https:\/\/hubsch-interior.com\/de\/produkt\/cubbie-regal-naturfarben\/#breadcrumb"},"inLanguage":"de","potentialAction":[{"@type":"ReadAction","target":["https:\/\/hubsch-interior.com\/de\/produkt\/cubbie-regal-naturfarben\/"]}]},{"@type":"ImageObject","inLanguage":"de","@id":"https:\/\/hubsch-interior.com\/de\/produkt\/cubbie-regal-naturfarben\/#primaryimage","url":"https:\/\/hubsch-interior.com\/wp-content\/uploads\/2026\/02\/cubbie-shelf-unit-natural-7dac6a495b504883c25badb588302523.jpg","contentUrl":"https:\/\/hubsch-interior.com\/wp-content\/uploads\/2026\/02\/cubbie-shelf-unit-natural-7dac6a495b504883c25badb588302523.jpg","width":1024,"height":1024},{"@type":"BreadcrumbList","@id":"https:\/\/hubsch-interior.com\/de\/produkt\/cubbie-regal-naturfarben\/#breadcrumb","itemListElement":[{"@type":"ListItem","position":1,"name":"Startseite","item":"https:\/\/hubsch-interior.com\/de\/"},{"@type":"ListItem","position":2,"name":"Produkte","item":"https:\/\/hubsch-interior.com\/de\/shop-2\/"},{"@type":"ListItem","position":3,"name":"M\u00f6bel","item":"https:\/\/hubsch-interior.com\/de\/produkt-kategorie\/moebel\/"},{"@type":"ListItem","position":4,"name":"Regale &amp; Aufbewahrung","item":"https:\/\/hubsch-interior.com\/de\/produkt-kategorie\/moebel\/regale-aufbewahrung-de\/"},{"@type":"ListItem","position":5,"name":"Ablagen","item":"https:\/\/hubsch-interior.com\/de\/produkt-kategorie\/moebel\/regale-aufbewahrung-de\/ablagen-de\/"},{"@type":"ListItem","position":6,"name":"Cubbie Regal Naturfarben"}]},{"@type":"WebSite","@id":"https:\/\/hubsch-interior.com\/de\/#website","url":"https:\/\/hubsch-interior.com\/de\/","name":"H\u00fcbsch","description":"Danish Home Interior and Design","publisher":{"@id":"https:\/\/hubsch-interior.com\/de\/#organization"},"potentialAction":[{"@type":"SearchAction","target":{"@type":"EntryPoint","urlTemplate":"https:\/\/hubsch-interior.com\/de\/?s={search_term_string}"},"query-input":{"@type":"PropertyValueSpecification","valueRequired":true,"valueName":"search_term_string"}}],"inLanguage":"de"},{"@type":"Organization","@id":"https:\/\/hubsch-interior.com\/de\/#organization","name":"H\u00fcbsch","url":"https:\/\/hubsch-interior.com\/de\/","logo":{"@type":"ImageObject","inLanguage":"de","@id":"https:\/\/hubsch-interior.com\/de\/#\/schema\/logo\/image\/","url":"https:\/\/hubsch-interior.com\/wp-content\/uploads\/2022\/12\/Hubsch_logo_black_one_line.svg","contentUrl":"https:\/\/hubsch-interior.com\/wp-content\/uploads\/2022\/12\/Hubsch_logo_black_one_line.svg","caption":"H\u00fcbsch"},"image":{"@id":"https:\/\/hubsch-interior.com\/de\/#\/schema\/logo\/image\/"}}]}},"_links":{"self":[{"href":"https:\/\/hubsch-interior.com\/de\/wp-json\/wp\/v2\/product\/398557","targetHints":{"allow":["GET"]}}],"collection":[{"href":"https:\/\/hubsch-interior.com\/de\/wp-json\/wp\/v2\/product"}],"about":[{"href":"https:\/\/hubsch-interior.com\/de\/wp-json\/wp\/v2\/types\/product"}],"wp:featuredmedia":[{"embeddable":true,"href":"https:\/\/hubsch-interior.com\/de\/wp-json\/wp\/v2\/media\/1102528"}],"wp:attachment":[{"href":"https:\/\/hubsch-interior.com\/de\/wp-json\/wp\/v2\/media?parent=398557"}],"wp:term":[{"taxonomy":"product_brand","embeddable":true,"href":"https:\/\/hubsch-interior.com\/de\/wp-json\/wp\/v2\/product_brand?post=398557"},{"taxonomy":"product_cat","embeddable":true,"href":"https:\/\/hubsch-interior.com\/de\/wp-json\/wp\/v2\/product_cat?post=398557"},{"taxonomy":"product_tag","embeddable":true,"href":"https:\/\/hubsch-interior.com\/de\/wp-json\/wp\/v2\/product_tag?post=398557"}],"curies":[{"name":"wp","href":"https:\/\/api.w.org\/{rel}","templated":true}]}}

<p>Wenn Sie all Ihre dekorativen Kaffeetassen in Szene setzen wollen, ist unser Display-Regal aus Eiche genau das Richtige für Sie. Sie müssen uns nicht überzeugen, wir haben es verstanden! Sowohl Ihre schönen Kaffeetassen als auch Ihre unersetzlichen Erbstücke haben das Beste verdient. Das Beste an diesem hölzernen Wunderwerk? Es ist aus FSC®-zertifiziertem Holz gefertigt. Und warum? Weil es cool ist, Rücksicht auf unseren Planeten zu nehmen. </p>

<p>Wenn Sie all Ihre dekorativen Kaffeetassen in Szene setzen wollen, ist unser Display-Regal aus Eiche genau das Richtige für Sie. Sie müssen uns nicht überzeugen, wir haben es verstanden! Sowohl Ihre schönen Kaffeetassen als auch Ihre unersetzlichen Erbstücke haben das Beste verdient. Das Beste an diesem hölzernen Wunderwerk? Es ist aus FSC®-zertifiziertem Holz gefertigt. Und [&hellip;]</p>

<!-- This site is optimized with the Yoast SEO plugin v26.4 - https://yoast.com/wordpress/plugins/seo/ -->
<title>Cubbie Regal Naturfarben - Hübsch</title>
<meta name="description" content="Wenn Sie all Ihre dekorativen Kaffeetassen in Szene setzen wollen, ist unser Display-Regal aus Eiche genau das Richtige für Sie. Sie müssen uns nicht" />
<meta name="robots" content="index, follow, max-snippet:-1, max-image-preview:large, max-video-preview:-1" />
<link rel="canonical" href="https://hubsch-interior.com/de/wp-json/wp/v2/product/398557" />
<meta property="og:locale" content="de_DE" />
<meta property="og:type" content="article" />
<meta property="og:title" content="Cubbie Regal Naturfarben - Hübsch" />
<meta property="og:description" content="Wenn Sie all Ihre dekorativen Kaffeetassen in Szene setzen wollen, ist unser Display-Regal aus Eiche genau das Richtige für Sie. Sie müssen uns nicht" />
<meta property="og:url" content="https://hubsch-interior.com/de/produkt/cubbie-regal-naturfarben/" />
<meta property="og:site_name" content="Hübsch" />
<meta property="article:modified_time" content="2026-04-29T02:51:05+00:00" />
<meta property="og:image" content="https://hubsch-interior.com/wp-content/uploads/2026/02/cubbie-shelf-unit-natural-7dac6a495b504883c25badb588302523.jpg" />
	<meta property="og:image:width" content="1024" />
	<meta property="og:image:height" content="1024" />
	<meta property="og:image:type" content="image/jpeg" />
<meta name="twitter:card" content="summary_large_image" />
<script type="application/ld+json" class="yoast-schema-graph">{"@context":"https://schema.org","@graph":[{"@type":"WebPage","@id":"https://hubsch-interior.com/de/produkt/cubbie-regal-naturfarben/","url":"https://hubsch-interior.com/de/produkt/cubbie-regal-naturfarben/","name":"Cubbie Regal Naturfarben - Hübsch","isPartOf":{"@id":"https://hubsch-interior.com/de/#website"},"primaryImageOfPage":{"@id":"https://hubsch-interior.com/de/produkt/cubbie-regal-naturfarben/#primaryimage"},"image":{"@id":"https://hubsch-interior.com/de/produkt/cubbie-regal-naturfarben/#primaryimage"},"thumbnailUrl":"https://hubsch-interior.com/wp-content/uploads/2026/02/cubbie-shelf-unit-natural-7dac6a495b504883c25badb588302523.jpg","datePublished":"2021-06-13T20:57:17+00:00","dateModified":"2026-04-29T02:51:05+00:00","description":"Wenn Sie all Ihre dekorativen Kaffeetassen in Szene setzen wollen, ist unser Display-Regal aus Eiche genau das Richtige für Sie. Sie müssen uns nicht","breadcrumb":{"@id":"https://hubsch-interior.com/de/produkt/cubbie-regal-naturfarben/#breadcrumb"},"inLanguage":"de","potentialAction":[{"@type":"ReadAction","target":["https://hubsch-interior.com/de/produkt/cubbie-regal-naturfarben/"]}]},{"@type":"ImageObject","inLanguage":"de","@id":"https://hubsch-interior.com/de/produkt/cubbie-regal-naturfarben/#primaryimage","url":"https://hubsch-interior.com/wp-content/uploads/2026/02/cubbie-shelf-unit-natural-7dac6a495b504883c25badb588302523.jpg","contentUrl":"https://hubsch-interior.com/wp-content/uploads/2026/02/cubbie-shelf-unit-natural-7dac6a495b504883c25badb588302523.jpg","width":1024,"height":1024},{"@type":"BreadcrumbList","@id":"https://hubsch-interior.com/de/produkt/cubbie-regal-naturfarben/#breadcrumb","itemListElement":[{"@type":"ListItem","position":1,"name":"Startseite","item":"https://hubsch-interior.com/de/"},{"@type":"ListItem","position":2,"name":"Produkte","item":"https://hubsch-interior.com/de/shop-2/"},{"@type":"ListItem","position":3,"name":"Möbel","item":"https://hubsch-interior.com/de/produkt-kategorie/moebel/"},{"@type":"ListItem","position":4,"name":"Regale &amp; Aufbewahrung","item":"https://hubsch-interior.com/de/produkt-kategorie/moebel/regale-aufbewahrung-de/"},{"@type":"ListItem","position":5,"name":"Ablagen","item":"https://hubsch-interior.com/de/produkt-kategorie/moebel/regale-aufbewahrung-de/ablagen-de/"},{"@type":"ListItem","position":6,"name":"Cubbie Regal Naturfarben"}]},{"@type":"WebSite","@id":"https://hubsch-interior.com/de/#website","url":"https://hubsch-interior.com/de/","name":"Hübsch","description":"Danish Home Interior and Design","publisher":{"@id":"https://hubsch-interior.com/de/#organization"},"potentialAction":[{"@type":"SearchAction","target":{"@type":"EntryPoint","urlTemplate":"https://hubsch-interior.com/de/?s={search_term_string}"},"query-input":{"@type":"PropertyValueSpecification","valueRequired":true,"valueName":"search_term_string"}}],"inLanguage":"de"},{"@type":"Organization","@id":"https://hubsch-interior.com/de/#organization","name":"Hübsch","url":"https://hubsch-interior.com/de/","logo":{"@type":"ImageObject","inLanguage":"de","@id":"https://hubsch-interior.com/de/#/schema/logo/image/","url":"https://hubsch-interior.com/wp-content/uploads/2022/12/Hubsch_logo_black_one_line.svg","contentUrl":"https://hubsch-interior.com/wp-content/uploads/2022/12/Hubsch_logo_black_one_line.svg","caption":"Hübsch"},"image":{"@id":"https://hubsch-interior.com/de/#/schema/logo/image/"}}]}</script>
<!-- / Yoast SEO plugin. -->

Cubbie Regal Naturfarben - Hübsch

Wenn Sie all Ihre dekorativen Kaffeetassen in Szene setzen wollen, ist unser Display-Regal aus Eiche genau das Richtige für Sie. Sie müssen uns nicht

Hübsch

Möbel
