{"id":714162,"date":"2021-10-05T16:21:43","date_gmt":"2021-10-05T14:21:43","guid":{"rendered":"https:\/\/hubsch-interior.com\/shop-b2c\/product\/product\/"},"modified":"2026-04-30T04:24:22","modified_gmt":"2026-04-30T02:24:22","slug":"stribe-korb-schwarz-naturfarben-2er-set","status":"publish","type":"product","link":"https:\/\/hubsch-interior.com\/de\/produkt\/stribe-korb-schwarz-naturfarben-2er-set\/","title":{"rendered":"Stribe Korb Schwarz\/Naturfarben (2er Set)"},"content":{"rendered":"<p>Der Korb besteht aus Bambus und wird als 2er Set in zwei Gr\u00f6\u00dfen geliefert. Die farbige Basis und das leichte nat\u00fcrliche Oberband verleihen dem Korb eine dekorative visuelle Tiefe. Die K\u00f6rbe k\u00f6nnen f\u00fcr verschiedene Aufbewahrungsm\u00f6glichkeiten wie Decken und Garn verwendet werden. Dieses Produkt ist handgefertigt und kann daher variieren.<\/p>\n","protected":false},"excerpt":{"rendered":"<p>Der Korb besteht aus Bambus und wird als 2er Set in zwei Gr\u00f6\u00dfen geliefert. Die farbige Basis und das leichte nat\u00fcrliche Oberband verleihen dem Korb eine dekorative visuelle Tiefe. Die K\u00f6rbe k\u00f6nnen f\u00fcr verschiedene Aufbewahrungsm\u00f6glichkeiten wie Decken und Garn verwendet werden. Dieses Produkt ist handgefertigt und kann daher variieren.<\/p>\n","protected":false},"featured_media":1095557,"template":"","meta":{"_acf_changed":false,"inline_featured_image":false},"product_brand":[],"product_cat":[3111,4076],"product_tag":[],"class_list":{"0":"post-714162","1":"product","2":"type-product","3":"status-publish","4":"has-post-thumbnail","6":"product_cat-aufbewahrung-de","7":"product_cat-koerbe-de","8":"product_shipping_class-pk","9":"pa_color-naturfarben-2","10":"pa_color-schwarz","11":"pa_material-bambus-de","13":"first","14":"instock","15":"taxable","16":"shipping-taxable","17":"purchasable","18":"product-type-simple"},"exclude_global_add_ons":[],"addons":[],"acf":[],"yoast_head":"<!-- This site is optimized with the Yoast SEO plugin v26.4 - https:\/\/yoast.com\/wordpress\/plugins\/seo\/ -->\n<title>Stribe Korb Schwarz\/Naturfarben (2er Set) - H\u00fcbsch<\/title>\n<meta name=\"description\" content=\"Der Korb besteht aus Bambus und wird als 2er Set in zwei Gr\u00f6\u00dfen geliefert. Die farbige Basis und das leichte nat\u00fcrliche Oberband verleihen dem Korb eine\" \/>\n<meta name=\"robots\" content=\"index, follow, max-snippet:-1, max-image-preview:large, max-video-preview:-1\" \/>\n<link rel=\"canonical\" href=\"https:\/\/hubsch-interior.com\/de\/wp-json\/wp\/v2\/product\/714162\" \/>\n<meta property=\"og:locale\" content=\"de_DE\" \/>\n<meta property=\"og:type\" content=\"article\" \/>\n<meta property=\"og:title\" content=\"Stribe Korb Schwarz\/Naturfarben (2er Set) - H\u00fcbsch\" \/>\n<meta property=\"og:description\" content=\"Der Korb besteht aus Bambus und wird als 2er Set in zwei Gr\u00f6\u00dfen geliefert. Die farbige Basis und das leichte nat\u00fcrliche Oberband verleihen dem Korb eine\" \/>\n<meta property=\"og:url\" content=\"https:\/\/hubsch-interior.com\/de\/produkt\/stribe-korb-schwarz-naturfarben-2er-set\/\" \/>\n<meta property=\"og:site_name\" content=\"H\u00fcbsch\" \/>\n<meta property=\"article:modified_time\" content=\"2026-04-30T02:24:22+00:00\" \/>\n<meta property=\"og:image\" content=\"https:\/\/hubsch-interior.com\/wp-content\/uploads\/2023\/08\/stribe-basket-blacknatural-set-of-2-5cb9d4cb28753743053dddf0b4de989b.jpg\" \/>\n\t<meta property=\"og:image:width\" content=\"1200\" \/>\n\t<meta property=\"og:image:height\" content=\"1200\" \/>\n\t<meta property=\"og:image:type\" content=\"image\/jpeg\" \/>\n<meta name=\"twitter:card\" content=\"summary_large_image\" \/>\n<script type=\"application\/ld+json\" class=\"yoast-schema-graph\">{\"@context\":\"https:\/\/schema.org\",\"@graph\":[{\"@type\":\"WebPage\",\"@id\":\"https:\/\/hubsch-interior.com\/de\/produkt\/stribe-korb-schwarz-naturfarben-2er-set\/\",\"url\":\"https:\/\/hubsch-interior.com\/de\/produkt\/stribe-korb-schwarz-naturfarben-2er-set\/\",\"name\":\"Stribe Korb Schwarz\/Naturfarben (2er Set) - H\u00fcbsch\",\"isPartOf\":{\"@id\":\"https:\/\/hubsch-interior.com\/de\/#website\"},\"primaryImageOfPage\":{\"@id\":\"https:\/\/hubsch-interior.com\/de\/produkt\/stribe-korb-schwarz-naturfarben-2er-set\/#primaryimage\"},\"image\":{\"@id\":\"https:\/\/hubsch-interior.com\/de\/produkt\/stribe-korb-schwarz-naturfarben-2er-set\/#primaryimage\"},\"thumbnailUrl\":\"https:\/\/hubsch-interior.com\/wp-content\/uploads\/2026\/02\/stribe-basket-blacknatural-set-of-2-c18eccc333929a75153a63c592aae09a.jpg\",\"datePublished\":\"2021-10-05T14:21:43+00:00\",\"dateModified\":\"2026-04-30T02:24:22+00:00\",\"description\":\"Der Korb besteht aus Bambus und wird als 2er Set in zwei Gr\u00f6\u00dfen geliefert. Die farbige Basis und das leichte nat\u00fcrliche Oberband verleihen dem Korb eine\",\"breadcrumb\":{\"@id\":\"https:\/\/hubsch-interior.com\/de\/produkt\/stribe-korb-schwarz-naturfarben-2er-set\/#breadcrumb\"},\"inLanguage\":\"de\",\"potentialAction\":[{\"@type\":\"ReadAction\",\"target\":[\"https:\/\/hubsch-interior.com\/de\/produkt\/stribe-korb-schwarz-naturfarben-2er-set\/\"]}]},{\"@type\":\"ImageObject\",\"inLanguage\":\"de\",\"@id\":\"https:\/\/hubsch-interior.com\/de\/produkt\/stribe-korb-schwarz-naturfarben-2er-set\/#primaryimage\",\"url\":\"https:\/\/hubsch-interior.com\/wp-content\/uploads\/2026\/02\/stribe-basket-blacknatural-set-of-2-c18eccc333929a75153a63c592aae09a.jpg\",\"contentUrl\":\"https:\/\/hubsch-interior.com\/wp-content\/uploads\/2026\/02\/stribe-basket-blacknatural-set-of-2-c18eccc333929a75153a63c592aae09a.jpg\",\"width\":1024,\"height\":1024},{\"@type\":\"BreadcrumbList\",\"@id\":\"https:\/\/hubsch-interior.com\/de\/produkt\/stribe-korb-schwarz-naturfarben-2er-set\/#breadcrumb\",\"itemListElement\":[{\"@type\":\"ListItem\",\"position\":1,\"name\":\"Startseite\",\"item\":\"https:\/\/hubsch-interior.com\/de\/\"},{\"@type\":\"ListItem\",\"position\":2,\"name\":\"Produkte\",\"item\":\"https:\/\/hubsch-interior.com\/de\/shop-2\/\"},{\"@type\":\"ListItem\",\"position\":3,\"name\":\"Wohnaccessoires\",\"item\":\"https:\/\/hubsch-interior.com\/de\/produkt-kategorie\/wohnaccessoires\/\"},{\"@type\":\"ListItem\",\"position\":4,\"name\":\"Aufbewahrung\",\"item\":\"https:\/\/hubsch-interior.com\/de\/produkt-kategorie\/wohnaccessoires\/aufbewahrung-de\/\"},{\"@type\":\"ListItem\",\"position\":5,\"name\":\"K&ouml;rbe\",\"item\":\"https:\/\/hubsch-interior.com\/de\/produkt-kategorie\/wohnaccessoires\/aufbewahrung-de\/koerbe-de\/\"},{\"@type\":\"ListItem\",\"position\":6,\"name\":\"Stribe Korb Schwarz\/Naturfarben (2er Set)\"}]},{\"@type\":\"WebSite\",\"@id\":\"https:\/\/hubsch-interior.com\/de\/#website\",\"url\":\"https:\/\/hubsch-interior.com\/de\/\",\"name\":\"H\u00fcbsch\",\"description\":\"Danish Home Interior and Design\",\"publisher\":{\"@id\":\"https:\/\/hubsch-interior.com\/de\/#organization\"},\"potentialAction\":[{\"@type\":\"SearchAction\",\"target\":{\"@type\":\"EntryPoint\",\"urlTemplate\":\"https:\/\/hubsch-interior.com\/de\/?s={search_term_string}\"},\"query-input\":{\"@type\":\"PropertyValueSpecification\",\"valueRequired\":true,\"valueName\":\"search_term_string\"}}],\"inLanguage\":\"de\"},{\"@type\":\"Organization\",\"@id\":\"https:\/\/hubsch-interior.com\/de\/#organization\",\"name\":\"H\u00fcbsch\",\"url\":\"https:\/\/hubsch-interior.com\/de\/\",\"logo\":{\"@type\":\"ImageObject\",\"inLanguage\":\"de\",\"@id\":\"https:\/\/hubsch-interior.com\/de\/#\/schema\/logo\/image\/\",\"url\":\"https:\/\/hubsch-interior.com\/wp-content\/uploads\/2022\/12\/Hubsch_logo_black_one_line.svg\",\"contentUrl\":\"https:\/\/hubsch-interior.com\/wp-content\/uploads\/2022\/12\/Hubsch_logo_black_one_line.svg\",\"caption\":\"H\u00fcbsch\"},\"image\":{\"@id\":\"https:\/\/hubsch-interior.com\/de\/#\/schema\/logo\/image\/\"}}]}<\/script>\n<!-- \/ Yoast SEO plugin. -->","yoast_head_json":{"title":"Stribe Korb Schwarz\/Naturfarben (2er Set) - H\u00fcbsch","description":"Der Korb besteht aus Bambus und wird als 2er Set in zwei Gr\u00f6\u00dfen geliefert. Die farbige Basis und das leichte nat\u00fcrliche Oberband verleihen dem Korb eine","robots":{"index":"index","follow":"follow","max-snippet":"max-snippet:-1","max-image-preview":"max-image-preview:large","max-video-preview":"max-video-preview:-1"},"canonical":"https:\/\/hubsch-interior.com\/de\/wp-json\/wp\/v2\/product\/714162","og_locale":"de_DE","og_type":"article","og_title":"Stribe Korb Schwarz\/Naturfarben (2er Set) - H\u00fcbsch","og_description":"Der Korb besteht aus Bambus und wird als 2er Set in zwei Gr\u00f6\u00dfen geliefert. Die farbige Basis und das leichte nat\u00fcrliche Oberband verleihen dem Korb eine","og_url":"https:\/\/hubsch-interior.com\/de\/produkt\/stribe-korb-schwarz-naturfarben-2er-set\/","og_site_name":"H\u00fcbsch","article_modified_time":"2026-04-30T02:24:22+00:00","og_image":[{"width":1200,"height":1200,"url":"https:\/\/hubsch-interior.com\/wp-content\/uploads\/2023\/08\/stribe-basket-blacknatural-set-of-2-5cb9d4cb28753743053dddf0b4de989b.jpg","type":"image\/jpeg"}],"twitter_card":"summary_large_image","schema":{"@context":"https:\/\/schema.org","@graph":[{"@type":"WebPage","@id":"https:\/\/hubsch-interior.com\/de\/produkt\/stribe-korb-schwarz-naturfarben-2er-set\/","url":"https:\/\/hubsch-interior.com\/de\/produkt\/stribe-korb-schwarz-naturfarben-2er-set\/","name":"Stribe Korb Schwarz\/Naturfarben (2er Set) - H\u00fcbsch","isPartOf":{"@id":"https:\/\/hubsch-interior.com\/de\/#website"},"primaryImageOfPage":{"@id":"https:\/\/hubsch-interior.com\/de\/produkt\/stribe-korb-schwarz-naturfarben-2er-set\/#primaryimage"},"image":{"@id":"https:\/\/hubsch-interior.com\/de\/produkt\/stribe-korb-schwarz-naturfarben-2er-set\/#primaryimage"},"thumbnailUrl":"https:\/\/hubsch-interior.com\/wp-content\/uploads\/2026\/02\/stribe-basket-blacknatural-set-of-2-c18eccc333929a75153a63c592aae09a.jpg","datePublished":"2021-10-05T14:21:43+00:00","dateModified":"2026-04-30T02:24:22+00:00","description":"Der Korb besteht aus Bambus und wird als 2er Set in zwei Gr\u00f6\u00dfen geliefert. Die farbige Basis und das leichte nat\u00fcrliche Oberband verleihen dem Korb eine","breadcrumb":{"@id":"https:\/\/hubsch-interior.com\/de\/produkt\/stribe-korb-schwarz-naturfarben-2er-set\/#breadcrumb"},"inLanguage":"de","potentialAction":[{"@type":"ReadAction","target":["https:\/\/hubsch-interior.com\/de\/produkt\/stribe-korb-schwarz-naturfarben-2er-set\/"]}]},{"@type":"ImageObject","inLanguage":"de","@id":"https:\/\/hubsch-interior.com\/de\/produkt\/stribe-korb-schwarz-naturfarben-2er-set\/#primaryimage","url":"https:\/\/hubsch-interior.com\/wp-content\/uploads\/2026\/02\/stribe-basket-blacknatural-set-of-2-c18eccc333929a75153a63c592aae09a.jpg","contentUrl":"https:\/\/hubsch-interior.com\/wp-content\/uploads\/2026\/02\/stribe-basket-blacknatural-set-of-2-c18eccc333929a75153a63c592aae09a.jpg","width":1024,"height":1024},{"@type":"BreadcrumbList","@id":"https:\/\/hubsch-interior.com\/de\/produkt\/stribe-korb-schwarz-naturfarben-2er-set\/#breadcrumb","itemListElement":[{"@type":"ListItem","position":1,"name":"Startseite","item":"https:\/\/hubsch-interior.com\/de\/"},{"@type":"ListItem","position":2,"name":"Produkte","item":"https:\/\/hubsch-interior.com\/de\/shop-2\/"},{"@type":"ListItem","position":3,"name":"Wohnaccessoires","item":"https:\/\/hubsch-interior.com\/de\/produkt-kategorie\/wohnaccessoires\/"},{"@type":"ListItem","position":4,"name":"Aufbewahrung","item":"https:\/\/hubsch-interior.com\/de\/produkt-kategorie\/wohnaccessoires\/aufbewahrung-de\/"},{"@type":"ListItem","position":5,"name":"K&ouml;rbe","item":"https:\/\/hubsch-interior.com\/de\/produkt-kategorie\/wohnaccessoires\/aufbewahrung-de\/koerbe-de\/"},{"@type":"ListItem","position":6,"name":"Stribe Korb Schwarz\/Naturfarben (2er Set)"}]},{"@type":"WebSite","@id":"https:\/\/hubsch-interior.com\/de\/#website","url":"https:\/\/hubsch-interior.com\/de\/","name":"H\u00fcbsch","description":"Danish Home Interior and Design","publisher":{"@id":"https:\/\/hubsch-interior.com\/de\/#organization"},"potentialAction":[{"@type":"SearchAction","target":{"@type":"EntryPoint","urlTemplate":"https:\/\/hubsch-interior.com\/de\/?s={search_term_string}"},"query-input":{"@type":"PropertyValueSpecification","valueRequired":true,"valueName":"search_term_string"}}],"inLanguage":"de"},{"@type":"Organization","@id":"https:\/\/hubsch-interior.com\/de\/#organization","name":"H\u00fcbsch","url":"https:\/\/hubsch-interior.com\/de\/","logo":{"@type":"ImageObject","inLanguage":"de","@id":"https:\/\/hubsch-interior.com\/de\/#\/schema\/logo\/image\/","url":"https:\/\/hubsch-interior.com\/wp-content\/uploads\/2022\/12\/Hubsch_logo_black_one_line.svg","contentUrl":"https:\/\/hubsch-interior.com\/wp-content\/uploads\/2022\/12\/Hubsch_logo_black_one_line.svg","caption":"H\u00fcbsch"},"image":{"@id":"https:\/\/hubsch-interior.com\/de\/#\/schema\/logo\/image\/"}}]}},"_links":{"self":[{"href":"https:\/\/hubsch-interior.com\/de\/wp-json\/wp\/v2\/product\/714162","targetHints":{"allow":["GET"]}}],"collection":[{"href":"https:\/\/hubsch-interior.com\/de\/wp-json\/wp\/v2\/product"}],"about":[{"href":"https:\/\/hubsch-interior.com\/de\/wp-json\/wp\/v2\/types\/product"}],"wp:featuredmedia":[{"embeddable":true,"href":"https:\/\/hubsch-interior.com\/de\/wp-json\/wp\/v2\/media\/1095557"}],"wp:attachment":[{"href":"https:\/\/hubsch-interior.com\/de\/wp-json\/wp\/v2\/media?parent=714162"}],"wp:term":[{"taxonomy":"product_brand","embeddable":true,"href":"https:\/\/hubsch-interior.com\/de\/wp-json\/wp\/v2\/product_brand?post=714162"},{"taxonomy":"product_cat","embeddable":true,"href":"https:\/\/hubsch-interior.com\/de\/wp-json\/wp\/v2\/product_cat?post=714162"},{"taxonomy":"product_tag","embeddable":true,"href":"https:\/\/hubsch-interior.com\/de\/wp-json\/wp\/v2\/product_tag?post=714162"}],"curies":[{"name":"wp","href":"https:\/\/api.w.org\/{rel}","templated":true}]}}

<p>Der Korb besteht aus Bambus und wird als 2er Set in zwei Größen geliefert. Die farbige Basis und das leichte natürliche Oberband verleihen dem Korb eine dekorative visuelle Tiefe. Die Körbe können für verschiedene Aufbewahrungsmöglichkeiten wie Decken und Garn verwendet werden. Dieses Produkt ist handgefertigt und kann daher variieren.</p>

<!-- This site is optimized with the Yoast SEO plugin v26.4 - https://yoast.com/wordpress/plugins/seo/ -->
<title>Stribe Korb Schwarz/Naturfarben (2er Set) - Hübsch</title>
<meta name="description" content="Der Korb besteht aus Bambus und wird als 2er Set in zwei Größen geliefert. Die farbige Basis und das leichte natürliche Oberband verleihen dem Korb eine" />
<meta name="robots" content="index, follow, max-snippet:-1, max-image-preview:large, max-video-preview:-1" />
<link rel="canonical" href="https://hubsch-interior.com/de/wp-json/wp/v2/product/714162" />
<meta property="og:locale" content="de_DE" />
<meta property="og:type" content="article" />
<meta property="og:title" content="Stribe Korb Schwarz/Naturfarben (2er Set) - Hübsch" />
<meta property="og:description" content="Der Korb besteht aus Bambus und wird als 2er Set in zwei Größen geliefert. Die farbige Basis und das leichte natürliche Oberband verleihen dem Korb eine" />
<meta property="og:url" content="https://hubsch-interior.com/de/produkt/stribe-korb-schwarz-naturfarben-2er-set/" />
<meta property="og:site_name" content="Hübsch" />
<meta property="article:modified_time" content="2026-04-30T02:24:22+00:00" />
<meta property="og:image" content="https://hubsch-interior.com/wp-content/uploads/2023/08/stribe-basket-blacknatural-set-of-2-5cb9d4cb28753743053dddf0b4de989b.jpg" />
	<meta property="og:image:width" content="1200" />
	<meta property="og:image:height" content="1200" />
	<meta property="og:image:type" content="image/jpeg" />
<meta name="twitter:card" content="summary_large_image" />
<script type="application/ld+json" class="yoast-schema-graph">{"@context":"https://schema.org","@graph":[{"@type":"WebPage","@id":"https://hubsch-interior.com/de/produkt/stribe-korb-schwarz-naturfarben-2er-set/","url":"https://hubsch-interior.com/de/produkt/stribe-korb-schwarz-naturfarben-2er-set/","name":"Stribe Korb Schwarz/Naturfarben (2er Set) - Hübsch","isPartOf":{"@id":"https://hubsch-interior.com/de/#website"},"primaryImageOfPage":{"@id":"https://hubsch-interior.com/de/produkt/stribe-korb-schwarz-naturfarben-2er-set/#primaryimage"},"image":{"@id":"https://hubsch-interior.com/de/produkt/stribe-korb-schwarz-naturfarben-2er-set/#primaryimage"},"thumbnailUrl":"https://hubsch-interior.com/wp-content/uploads/2026/02/stribe-basket-blacknatural-set-of-2-c18eccc333929a75153a63c592aae09a.jpg","datePublished":"2021-10-05T14:21:43+00:00","dateModified":"2026-04-30T02:24:22+00:00","description":"Der Korb besteht aus Bambus und wird als 2er Set in zwei Größen geliefert. Die farbige Basis und das leichte natürliche Oberband verleihen dem Korb eine","breadcrumb":{"@id":"https://hubsch-interior.com/de/produkt/stribe-korb-schwarz-naturfarben-2er-set/#breadcrumb"},"inLanguage":"de","potentialAction":[{"@type":"ReadAction","target":["https://hubsch-interior.com/de/produkt/stribe-korb-schwarz-naturfarben-2er-set/"]}]},{"@type":"ImageObject","inLanguage":"de","@id":"https://hubsch-interior.com/de/produkt/stribe-korb-schwarz-naturfarben-2er-set/#primaryimage","url":"https://hubsch-interior.com/wp-content/uploads/2026/02/stribe-basket-blacknatural-set-of-2-c18eccc333929a75153a63c592aae09a.jpg","contentUrl":"https://hubsch-interior.com/wp-content/uploads/2026/02/stribe-basket-blacknatural-set-of-2-c18eccc333929a75153a63c592aae09a.jpg","width":1024,"height":1024},{"@type":"BreadcrumbList","@id":"https://hubsch-interior.com/de/produkt/stribe-korb-schwarz-naturfarben-2er-set/#breadcrumb","itemListElement":[{"@type":"ListItem","position":1,"name":"Startseite","item":"https://hubsch-interior.com/de/"},{"@type":"ListItem","position":2,"name":"Produkte","item":"https://hubsch-interior.com/de/shop-2/"},{"@type":"ListItem","position":3,"name":"Wohnaccessoires","item":"https://hubsch-interior.com/de/produkt-kategorie/wohnaccessoires/"},{"@type":"ListItem","position":4,"name":"Aufbewahrung","item":"https://hubsch-interior.com/de/produkt-kategorie/wohnaccessoires/aufbewahrung-de/"},{"@type":"ListItem","position":5,"name":"K&ouml;rbe","item":"https://hubsch-interior.com/de/produkt-kategorie/wohnaccessoires/aufbewahrung-de/koerbe-de/"},{"@type":"ListItem","position":6,"name":"Stribe Korb Schwarz/Naturfarben (2er Set)"}]},{"@type":"WebSite","@id":"https://hubsch-interior.com/de/#website","url":"https://hubsch-interior.com/de/","name":"Hübsch","description":"Danish Home Interior and Design","publisher":{"@id":"https://hubsch-interior.com/de/#organization"},"potentialAction":[{"@type":"SearchAction","target":{"@type":"EntryPoint","urlTemplate":"https://hubsch-interior.com/de/?s={search_term_string}"},"query-input":{"@type":"PropertyValueSpecification","valueRequired":true,"valueName":"search_term_string"}}],"inLanguage":"de"},{"@type":"Organization","@id":"https://hubsch-interior.com/de/#organization","name":"Hübsch","url":"https://hubsch-interior.com/de/","logo":{"@type":"ImageObject","inLanguage":"de","@id":"https://hubsch-interior.com/de/#/schema/logo/image/","url":"https://hubsch-interior.com/wp-content/uploads/2022/12/Hubsch_logo_black_one_line.svg","contentUrl":"https://hubsch-interior.com/wp-content/uploads/2022/12/Hubsch_logo_black_one_line.svg","caption":"Hübsch"},"image":{"@id":"https://hubsch-interior.com/de/#/schema/logo/image/"}}]}</script>
<!-- / Yoast SEO plugin. -->

Stribe Korb Schwarz/Naturfarben (2er Set) - Hübsch

Der Korb besteht aus Bambus und wird als 2er Set in zwei Größen geliefert. Die farbige Basis und das leichte natürliche Oberband verleihen dem Korb eine

Hübsch
