{"id":742027,"date":"2022-02-08T15:45:22","date_gmt":"2022-02-08T14:45:22","guid":{"rendered":"https:\/\/hubsch-interior.com\/product\/product\/"},"modified":"2026-04-30T04:51:28","modified_gmt":"2026-04-30T02:51:28","slug":"candour-schrank-naturfarben","status":"publish","type":"product","link":"https:\/\/hubsch-interior.com\/de\/produkt\/candour-schrank-naturfarben\/","title":{"rendered":"Candour Schrank Naturfarben"},"content":{"rendered":"<p>Der Schrank Candour ist vielseitig und elegant. Dieser sch\u00f6ne Eichenschrank erm\u00f6glicht nicht nur Aufbewahrungsl\u00f6sungen f\u00fcr kleinere R\u00e4ume, sondern eignet sich auch gut als Begleiter f\u00fcr das Sofa. Stellen Sie in Ihrem Wohnbereich auf und behalten Sie den \u00dcberblick \u00fcber all den Schnickschnack, der oft auf Ihrem Couchtisch landet, wie z. B. die Fernbedienung, Zeitschriften oder Zeitungen. Gefertigt aus FSC\u00ae-zertifiziertem Eichenholz. Stellen Sie f\u00fcr das perfekte Ambiente doch eine sch\u00f6ne Vase und eine h\u00fcbsche Tischlampe auf den Schrank.<\/p>\n","protected":false},"excerpt":{"rendered":"<p>Der Schrank Candour ist vielseitig und elegant. Dieser sch\u00f6ne Eichenschrank erm\u00f6glicht nicht nur Aufbewahrungsl\u00f6sungen f\u00fcr kleinere R\u00e4ume, sondern eignet sich auch gut als Begleiter f\u00fcr das Sofa. Stellen Sie in Ihrem Wohnbereich auf und behalten Sie den \u00dcberblick \u00fcber all den Schnickschnack, der oft auf Ihrem Couchtisch landet, wie z. B. die Fernbedienung, Zeitschriften oder [&hellip;]<\/p>\n","protected":false},"featured_media":1102836,"template":"","meta":{"_acf_changed":false,"inline_featured_image":false},"product_brand":[],"product_cat":[4003,4921,5027],"product_tag":[],"class_list":{"0":"post-742027","1":"product","2":"type-product","3":"status-publish","4":"has-post-thumbnail","6":"product_cat-regale-aufbewahrung-de","7":"product_cat-kommoden-sideboards-de","8":"product_cat-bestsellers-de","9":"product_shipping_class-p05","10":"pa_color-naturfarben-2","11":"pa_material-mdf-de","12":"pa_material-eichenfurnier","13":"pa_material-eichenholz","15":"first","16":"outofstock","17":"featured","18":"taxable","19":"shipping-taxable","20":"purchasable","21":"product-type-simple"},"exclude_global_add_ons":[],"addons":[],"acf":[],"yoast_head":"<!-- This site is optimized with the Yoast SEO plugin v26.4 - https:\/\/yoast.com\/wordpress\/plugins\/seo\/ -->\n<title>Candour Schrank Naturfarben - H\u00fcbsch<\/title>\n<meta name=\"description\" content=\"Der Schrank Candour ist vielseitig und elegant. Dieser sch\u00f6ne Eichenschrank erm\u00f6glicht nicht nur Aufbewahrungsl\u00f6sungen f\u00fcr kleinere R\u00e4ume, sondern eignet\" \/>\n<meta name=\"robots\" content=\"index, follow, max-snippet:-1, max-image-preview:large, max-video-preview:-1\" \/>\n<link rel=\"canonical\" href=\"https:\/\/hubsch-interior.com\/de\/wp-json\/wp\/v2\/product\/742027\" \/>\n<meta property=\"og:locale\" content=\"de_DE\" \/>\n<meta property=\"og:type\" content=\"article\" \/>\n<meta property=\"og:title\" content=\"Candour Schrank Naturfarben - H\u00fcbsch\" \/>\n<meta property=\"og:description\" content=\"Der Schrank Candour ist vielseitig und elegant. Dieser sch\u00f6ne Eichenschrank erm\u00f6glicht nicht nur Aufbewahrungsl\u00f6sungen f\u00fcr kleinere R\u00e4ume, sondern eignet\" \/>\n<meta property=\"og:url\" content=\"https:\/\/hubsch-interior.com\/de\/produkt\/candour-schrank-naturfarben\/\" \/>\n<meta property=\"og:site_name\" content=\"H\u00fcbsch\" \/>\n<meta property=\"article:modified_time\" content=\"2026-04-30T02:51:28+00:00\" \/>\n<meta property=\"og:image\" content=\"https:\/\/hubsch-interior.com\/wp-content\/uploads\/2023\/08\/candour-cabinet-natural-3da09d84482f39d64ee5adfa88cb287e.jpg\" \/>\n\t<meta property=\"og:image:width\" content=\"1200\" \/>\n\t<meta property=\"og:image:height\" content=\"1200\" \/>\n\t<meta property=\"og:image:type\" content=\"image\/jpeg\" \/>\n<meta name=\"twitter:card\" content=\"summary_large_image\" \/>\n<script type=\"application\/ld+json\" class=\"yoast-schema-graph\">{\"@context\":\"https:\/\/schema.org\",\"@graph\":[{\"@type\":\"WebPage\",\"@id\":\"https:\/\/hubsch-interior.com\/de\/produkt\/candour-schrank-naturfarben\/\",\"url\":\"https:\/\/hubsch-interior.com\/de\/produkt\/candour-schrank-naturfarben\/\",\"name\":\"Candour Schrank Naturfarben - H\u00fcbsch\",\"isPartOf\":{\"@id\":\"https:\/\/hubsch-interior.com\/de\/#website\"},\"primaryImageOfPage\":{\"@id\":\"https:\/\/hubsch-interior.com\/de\/produkt\/candour-schrank-naturfarben\/#primaryimage\"},\"image\":{\"@id\":\"https:\/\/hubsch-interior.com\/de\/produkt\/candour-schrank-naturfarben\/#primaryimage\"},\"thumbnailUrl\":\"https:\/\/hubsch-interior.com\/wp-content\/uploads\/2026\/02\/candour-cabinet-natural-6546ab41cb6833f2a3f96989344dd452.jpg\",\"datePublished\":\"2022-02-08T14:45:22+00:00\",\"dateModified\":\"2026-04-30T02:51:28+00:00\",\"description\":\"Der Schrank Candour ist vielseitig und elegant. Dieser sch\u00f6ne Eichenschrank erm\u00f6glicht nicht nur Aufbewahrungsl\u00f6sungen f\u00fcr kleinere R\u00e4ume, sondern eignet\",\"breadcrumb\":{\"@id\":\"https:\/\/hubsch-interior.com\/de\/produkt\/candour-schrank-naturfarben\/#breadcrumb\"},\"inLanguage\":\"de\",\"potentialAction\":[{\"@type\":\"ReadAction\",\"target\":[\"https:\/\/hubsch-interior.com\/de\/produkt\/candour-schrank-naturfarben\/\"]}]},{\"@type\":\"ImageObject\",\"inLanguage\":\"de\",\"@id\":\"https:\/\/hubsch-interior.com\/de\/produkt\/candour-schrank-naturfarben\/#primaryimage\",\"url\":\"https:\/\/hubsch-interior.com\/wp-content\/uploads\/2026\/02\/candour-cabinet-natural-6546ab41cb6833f2a3f96989344dd452.jpg\",\"contentUrl\":\"https:\/\/hubsch-interior.com\/wp-content\/uploads\/2026\/02\/candour-cabinet-natural-6546ab41cb6833f2a3f96989344dd452.jpg\",\"width\":1024,\"height\":1024},{\"@type\":\"BreadcrumbList\",\"@id\":\"https:\/\/hubsch-interior.com\/de\/produkt\/candour-schrank-naturfarben\/#breadcrumb\",\"itemListElement\":[{\"@type\":\"ListItem\",\"position\":1,\"name\":\"Startseite\",\"item\":\"https:\/\/hubsch-interior.com\/de\/\"},{\"@type\":\"ListItem\",\"position\":2,\"name\":\"Produkte\",\"item\":\"https:\/\/hubsch-interior.com\/de\/shop-2\/\"},{\"@type\":\"ListItem\",\"position\":3,\"name\":\"M\u00f6bel\",\"item\":\"https:\/\/hubsch-interior.com\/de\/produkt-kategorie\/moebel\/\"},{\"@type\":\"ListItem\",\"position\":4,\"name\":\"Regale &amp; Aufbewahrung\",\"item\":\"https:\/\/hubsch-interior.com\/de\/produkt-kategorie\/moebel\/regale-aufbewahrung-de\/\"},{\"@type\":\"ListItem\",\"position\":5,\"name\":\"Kommoden &amp; Sideboards\",\"item\":\"https:\/\/hubsch-interior.com\/de\/produkt-kategorie\/moebel\/regale-aufbewahrung-de\/kommoden-sideboards-de\/\"},{\"@type\":\"ListItem\",\"position\":6,\"name\":\"Candour Schrank Naturfarben\"}]},{\"@type\":\"WebSite\",\"@id\":\"https:\/\/hubsch-interior.com\/de\/#website\",\"url\":\"https:\/\/hubsch-interior.com\/de\/\",\"name\":\"H\u00fcbsch\",\"description\":\"Danish Home Interior and Design\",\"publisher\":{\"@id\":\"https:\/\/hubsch-interior.com\/de\/#organization\"},\"potentialAction\":[{\"@type\":\"SearchAction\",\"target\":{\"@type\":\"EntryPoint\",\"urlTemplate\":\"https:\/\/hubsch-interior.com\/de\/?s={search_term_string}\"},\"query-input\":{\"@type\":\"PropertyValueSpecification\",\"valueRequired\":true,\"valueName\":\"search_term_string\"}}],\"inLanguage\":\"de\"},{\"@type\":\"Organization\",\"@id\":\"https:\/\/hubsch-interior.com\/de\/#organization\",\"name\":\"H\u00fcbsch\",\"url\":\"https:\/\/hubsch-interior.com\/de\/\",\"logo\":{\"@type\":\"ImageObject\",\"inLanguage\":\"de\",\"@id\":\"https:\/\/hubsch-interior.com\/de\/#\/schema\/logo\/image\/\",\"url\":\"https:\/\/hubsch-interior.com\/wp-content\/uploads\/2022\/12\/Hubsch_logo_black_one_line.svg\",\"contentUrl\":\"https:\/\/hubsch-interior.com\/wp-content\/uploads\/2022\/12\/Hubsch_logo_black_one_line.svg\",\"caption\":\"H\u00fcbsch\"},\"image\":{\"@id\":\"https:\/\/hubsch-interior.com\/de\/#\/schema\/logo\/image\/\"}}]}<\/script>\n<!-- \/ Yoast SEO plugin. -->","yoast_head_json":{"title":"Candour Schrank Naturfarben - H\u00fcbsch","description":"Der Schrank Candour ist vielseitig und elegant. Dieser sch\u00f6ne Eichenschrank erm\u00f6glicht nicht nur Aufbewahrungsl\u00f6sungen f\u00fcr kleinere R\u00e4ume, sondern eignet","robots":{"index":"index","follow":"follow","max-snippet":"max-snippet:-1","max-image-preview":"max-image-preview:large","max-video-preview":"max-video-preview:-1"},"canonical":"https:\/\/hubsch-interior.com\/de\/wp-json\/wp\/v2\/product\/742027","og_locale":"de_DE","og_type":"article","og_title":"Candour Schrank Naturfarben - H\u00fcbsch","og_description":"Der Schrank Candour ist vielseitig und elegant. Dieser sch\u00f6ne Eichenschrank erm\u00f6glicht nicht nur Aufbewahrungsl\u00f6sungen f\u00fcr kleinere R\u00e4ume, sondern eignet","og_url":"https:\/\/hubsch-interior.com\/de\/produkt\/candour-schrank-naturfarben\/","og_site_name":"H\u00fcbsch","article_modified_time":"2026-04-30T02:51:28+00:00","og_image":[{"width":1200,"height":1200,"url":"https:\/\/hubsch-interior.com\/wp-content\/uploads\/2023\/08\/candour-cabinet-natural-3da09d84482f39d64ee5adfa88cb287e.jpg","type":"image\/jpeg"}],"twitter_card":"summary_large_image","schema":{"@context":"https:\/\/schema.org","@graph":[{"@type":"WebPage","@id":"https:\/\/hubsch-interior.com\/de\/produkt\/candour-schrank-naturfarben\/","url":"https:\/\/hubsch-interior.com\/de\/produkt\/candour-schrank-naturfarben\/","name":"Candour Schrank Naturfarben - H\u00fcbsch","isPartOf":{"@id":"https:\/\/hubsch-interior.com\/de\/#website"},"primaryImageOfPage":{"@id":"https:\/\/hubsch-interior.com\/de\/produkt\/candour-schrank-naturfarben\/#primaryimage"},"image":{"@id":"https:\/\/hubsch-interior.com\/de\/produkt\/candour-schrank-naturfarben\/#primaryimage"},"thumbnailUrl":"https:\/\/hubsch-interior.com\/wp-content\/uploads\/2026\/02\/candour-cabinet-natural-6546ab41cb6833f2a3f96989344dd452.jpg","datePublished":"2022-02-08T14:45:22+00:00","dateModified":"2026-04-30T02:51:28+00:00","description":"Der Schrank Candour ist vielseitig und elegant. Dieser sch\u00f6ne Eichenschrank erm\u00f6glicht nicht nur Aufbewahrungsl\u00f6sungen f\u00fcr kleinere R\u00e4ume, sondern eignet","breadcrumb":{"@id":"https:\/\/hubsch-interior.com\/de\/produkt\/candour-schrank-naturfarben\/#breadcrumb"},"inLanguage":"de","potentialAction":[{"@type":"ReadAction","target":["https:\/\/hubsch-interior.com\/de\/produkt\/candour-schrank-naturfarben\/"]}]},{"@type":"ImageObject","inLanguage":"de","@id":"https:\/\/hubsch-interior.com\/de\/produkt\/candour-schrank-naturfarben\/#primaryimage","url":"https:\/\/hubsch-interior.com\/wp-content\/uploads\/2026\/02\/candour-cabinet-natural-6546ab41cb6833f2a3f96989344dd452.jpg","contentUrl":"https:\/\/hubsch-interior.com\/wp-content\/uploads\/2026\/02\/candour-cabinet-natural-6546ab41cb6833f2a3f96989344dd452.jpg","width":1024,"height":1024},{"@type":"BreadcrumbList","@id":"https:\/\/hubsch-interior.com\/de\/produkt\/candour-schrank-naturfarben\/#breadcrumb","itemListElement":[{"@type":"ListItem","position":1,"name":"Startseite","item":"https:\/\/hubsch-interior.com\/de\/"},{"@type":"ListItem","position":2,"name":"Produkte","item":"https:\/\/hubsch-interior.com\/de\/shop-2\/"},{"@type":"ListItem","position":3,"name":"M\u00f6bel","item":"https:\/\/hubsch-interior.com\/de\/produkt-kategorie\/moebel\/"},{"@type":"ListItem","position":4,"name":"Regale &amp; Aufbewahrung","item":"https:\/\/hubsch-interior.com\/de\/produkt-kategorie\/moebel\/regale-aufbewahrung-de\/"},{"@type":"ListItem","position":5,"name":"Kommoden &amp; Sideboards","item":"https:\/\/hubsch-interior.com\/de\/produkt-kategorie\/moebel\/regale-aufbewahrung-de\/kommoden-sideboards-de\/"},{"@type":"ListItem","position":6,"name":"Candour Schrank Naturfarben"}]},{"@type":"WebSite","@id":"https:\/\/hubsch-interior.com\/de\/#website","url":"https:\/\/hubsch-interior.com\/de\/","name":"H\u00fcbsch","description":"Danish Home Interior and Design","publisher":{"@id":"https:\/\/hubsch-interior.com\/de\/#organization"},"potentialAction":[{"@type":"SearchAction","target":{"@type":"EntryPoint","urlTemplate":"https:\/\/hubsch-interior.com\/de\/?s={search_term_string}"},"query-input":{"@type":"PropertyValueSpecification","valueRequired":true,"valueName":"search_term_string"}}],"inLanguage":"de"},{"@type":"Organization","@id":"https:\/\/hubsch-interior.com\/de\/#organization","name":"H\u00fcbsch","url":"https:\/\/hubsch-interior.com\/de\/","logo":{"@type":"ImageObject","inLanguage":"de","@id":"https:\/\/hubsch-interior.com\/de\/#\/schema\/logo\/image\/","url":"https:\/\/hubsch-interior.com\/wp-content\/uploads\/2022\/12\/Hubsch_logo_black_one_line.svg","contentUrl":"https:\/\/hubsch-interior.com\/wp-content\/uploads\/2022\/12\/Hubsch_logo_black_one_line.svg","caption":"H\u00fcbsch"},"image":{"@id":"https:\/\/hubsch-interior.com\/de\/#\/schema\/logo\/image\/"}}]}},"_links":{"self":[{"href":"https:\/\/hubsch-interior.com\/de\/wp-json\/wp\/v2\/product\/742027","targetHints":{"allow":["GET"]}}],"collection":[{"href":"https:\/\/hubsch-interior.com\/de\/wp-json\/wp\/v2\/product"}],"about":[{"href":"https:\/\/hubsch-interior.com\/de\/wp-json\/wp\/v2\/types\/product"}],"wp:featuredmedia":[{"embeddable":true,"href":"https:\/\/hubsch-interior.com\/de\/wp-json\/wp\/v2\/media\/1102836"}],"wp:attachment":[{"href":"https:\/\/hubsch-interior.com\/de\/wp-json\/wp\/v2\/media?parent=742027"}],"wp:term":[{"taxonomy":"product_brand","embeddable":true,"href":"https:\/\/hubsch-interior.com\/de\/wp-json\/wp\/v2\/product_brand?post=742027"},{"taxonomy":"product_cat","embeddable":true,"href":"https:\/\/hubsch-interior.com\/de\/wp-json\/wp\/v2\/product_cat?post=742027"},{"taxonomy":"product_tag","embeddable":true,"href":"https:\/\/hubsch-interior.com\/de\/wp-json\/wp\/v2\/product_tag?post=742027"}],"curies":[{"name":"wp","href":"https:\/\/api.w.org\/{rel}","templated":true}]}}

<p>Der Schrank Candour ist vielseitig und elegant. Dieser schöne Eichenschrank ermöglicht nicht nur Aufbewahrungslösungen für kleinere Räume, sondern eignet sich auch gut als Begleiter für das Sofa. Stellen Sie in Ihrem Wohnbereich auf und behalten Sie den Überblick über all den Schnickschnack, der oft auf Ihrem Couchtisch landet, wie z. B. die Fernbedienung, Zeitschriften oder Zeitungen. Gefertigt aus FSC®-zertifiziertem Eichenholz. Stellen Sie für das perfekte Ambiente doch eine schöne Vase und eine hübsche Tischlampe auf den Schrank.</p>

<p>Der Schrank Candour ist vielseitig und elegant. Dieser schöne Eichenschrank ermöglicht nicht nur Aufbewahrungslösungen für kleinere Räume, sondern eignet sich auch gut als Begleiter für das Sofa. Stellen Sie in Ihrem Wohnbereich auf und behalten Sie den Überblick über all den Schnickschnack, der oft auf Ihrem Couchtisch landet, wie z. B. die Fernbedienung, Zeitschriften oder [&hellip;]</p>

<!-- This site is optimized with the Yoast SEO plugin v26.4 - https://yoast.com/wordpress/plugins/seo/ -->
<title>Candour Schrank Naturfarben - Hübsch</title>
<meta name="description" content="Der Schrank Candour ist vielseitig und elegant. Dieser schöne Eichenschrank ermöglicht nicht nur Aufbewahrungslösungen für kleinere Räume, sondern eignet" />
<meta name="robots" content="index, follow, max-snippet:-1, max-image-preview:large, max-video-preview:-1" />
<link rel="canonical" href="https://hubsch-interior.com/de/wp-json/wp/v2/product/742027" />
<meta property="og:locale" content="de_DE" />
<meta property="og:type" content="article" />
<meta property="og:title" content="Candour Schrank Naturfarben - Hübsch" />
<meta property="og:description" content="Der Schrank Candour ist vielseitig und elegant. Dieser schöne Eichenschrank ermöglicht nicht nur Aufbewahrungslösungen für kleinere Räume, sondern eignet" />
<meta property="og:url" content="https://hubsch-interior.com/de/produkt/candour-schrank-naturfarben/" />
<meta property="og:site_name" content="Hübsch" />
<meta property="article:modified_time" content="2026-04-30T02:51:28+00:00" />
<meta property="og:image" content="https://hubsch-interior.com/wp-content/uploads/2023/08/candour-cabinet-natural-3da09d84482f39d64ee5adfa88cb287e.jpg" />
	<meta property="og:image:width" content="1200" />
	<meta property="og:image:height" content="1200" />
	<meta property="og:image:type" content="image/jpeg" />
<meta name="twitter:card" content="summary_large_image" />
<script type="application/ld+json" class="yoast-schema-graph">{"@context":"https://schema.org","@graph":[{"@type":"WebPage","@id":"https://hubsch-interior.com/de/produkt/candour-schrank-naturfarben/","url":"https://hubsch-interior.com/de/produkt/candour-schrank-naturfarben/","name":"Candour Schrank Naturfarben - Hübsch","isPartOf":{"@id":"https://hubsch-interior.com/de/#website"},"primaryImageOfPage":{"@id":"https://hubsch-interior.com/de/produkt/candour-schrank-naturfarben/#primaryimage"},"image":{"@id":"https://hubsch-interior.com/de/produkt/candour-schrank-naturfarben/#primaryimage"},"thumbnailUrl":"https://hubsch-interior.com/wp-content/uploads/2026/02/candour-cabinet-natural-6546ab41cb6833f2a3f96989344dd452.jpg","datePublished":"2022-02-08T14:45:22+00:00","dateModified":"2026-04-30T02:51:28+00:00","description":"Der Schrank Candour ist vielseitig und elegant. Dieser schöne Eichenschrank ermöglicht nicht nur Aufbewahrungslösungen für kleinere Räume, sondern eignet","breadcrumb":{"@id":"https://hubsch-interior.com/de/produkt/candour-schrank-naturfarben/#breadcrumb"},"inLanguage":"de","potentialAction":[{"@type":"ReadAction","target":["https://hubsch-interior.com/de/produkt/candour-schrank-naturfarben/"]}]},{"@type":"ImageObject","inLanguage":"de","@id":"https://hubsch-interior.com/de/produkt/candour-schrank-naturfarben/#primaryimage","url":"https://hubsch-interior.com/wp-content/uploads/2026/02/candour-cabinet-natural-6546ab41cb6833f2a3f96989344dd452.jpg","contentUrl":"https://hubsch-interior.com/wp-content/uploads/2026/02/candour-cabinet-natural-6546ab41cb6833f2a3f96989344dd452.jpg","width":1024,"height":1024},{"@type":"BreadcrumbList","@id":"https://hubsch-interior.com/de/produkt/candour-schrank-naturfarben/#breadcrumb","itemListElement":[{"@type":"ListItem","position":1,"name":"Startseite","item":"https://hubsch-interior.com/de/"},{"@type":"ListItem","position":2,"name":"Produkte","item":"https://hubsch-interior.com/de/shop-2/"},{"@type":"ListItem","position":3,"name":"Möbel","item":"https://hubsch-interior.com/de/produkt-kategorie/moebel/"},{"@type":"ListItem","position":4,"name":"Regale &amp; Aufbewahrung","item":"https://hubsch-interior.com/de/produkt-kategorie/moebel/regale-aufbewahrung-de/"},{"@type":"ListItem","position":5,"name":"Kommoden &amp; Sideboards","item":"https://hubsch-interior.com/de/produkt-kategorie/moebel/regale-aufbewahrung-de/kommoden-sideboards-de/"},{"@type":"ListItem","position":6,"name":"Candour Schrank Naturfarben"}]},{"@type":"WebSite","@id":"https://hubsch-interior.com/de/#website","url":"https://hubsch-interior.com/de/","name":"Hübsch","description":"Danish Home Interior and Design","publisher":{"@id":"https://hubsch-interior.com/de/#organization"},"potentialAction":[{"@type":"SearchAction","target":{"@type":"EntryPoint","urlTemplate":"https://hubsch-interior.com/de/?s={search_term_string}"},"query-input":{"@type":"PropertyValueSpecification","valueRequired":true,"valueName":"search_term_string"}}],"inLanguage":"de"},{"@type":"Organization","@id":"https://hubsch-interior.com/de/#organization","name":"Hübsch","url":"https://hubsch-interior.com/de/","logo":{"@type":"ImageObject","inLanguage":"de","@id":"https://hubsch-interior.com/de/#/schema/logo/image/","url":"https://hubsch-interior.com/wp-content/uploads/2022/12/Hubsch_logo_black_one_line.svg","contentUrl":"https://hubsch-interior.com/wp-content/uploads/2022/12/Hubsch_logo_black_one_line.svg","caption":"Hübsch"},"image":{"@id":"https://hubsch-interior.com/de/#/schema/logo/image/"}}]}</script>
<!-- / Yoast SEO plugin. -->

Candour Schrank Naturfarben - Hübsch

Der Schrank Candour ist vielseitig und elegant. Dieser schöne Eichenschrank ermöglicht nicht nur Aufbewahrungslösungen für kleinere Räume, sondern eignet

Hübsch

Möbel
