{"id":742123,"date":"2022-02-08T15:45:51","date_gmt":"2022-02-08T14:45:51","guid":{"rendered":"https:\/\/hubsch-interior.com\/product\/product\/"},"modified":"2026-04-30T04:51:37","modified_gmt":"2026-04-30T02:51:37","slug":"focal-regal-naturfarben","status":"publish","type":"product","link":"https:\/\/hubsch-interior.com\/de\/produkt\/focal-regal-naturfarben\/","title":{"rendered":"Focal Regal Naturfarben"},"content":{"rendered":"<p>Wir pr\u00e4sentieren: ein vielseitiges Regal! Mit seiner warmen Holzoptik und den geraden Linien steht das Regal Focal in der Tradition des nordischen Designs. Dieses kleine Regal passt gut in Ihr Schlafzimmer, in die K\u00fcche oder in den Wohnbereich. Das Focal-Regal eignet sich \u00fcberall dort, wo Sie zus\u00e4tzlichen Stauraum ben\u00f6tigen. Dank der klaren und offenen Linien ist es auch perfekt, um einige Ihrer wertvollsten Gegenst\u00e4nde zu pr\u00e4sentieren. Wenn Sie also den Scandi-Style lieben, k\u00f6nnen Sie mit diesem minimalistischen und doch warmen Regal nichts falsch machen.<\/p>\n","protected":false},"excerpt":{"rendered":"<p>Wir pr\u00e4sentieren: ein vielseitiges Regal! Mit seiner warmen Holzoptik und den geraden Linien steht das Regal Focal in der Tradition des nordischen Designs. Dieses kleine Regal passt gut in Ihr Schlafzimmer, in die K\u00fcche oder in den Wohnbereich. Das Focal-Regal eignet sich \u00fcberall dort, wo Sie zus\u00e4tzlichen Stauraum ben\u00f6tigen. Dank der klaren und offenen Linien [&hellip;]<\/p>\n","protected":false},"featured_media":1102892,"template":"","meta":{"_acf_changed":false,"inline_featured_image":false},"product_brand":[],"product_cat":[7074,7073,4003,4024,5027],"product_tag":[],"class_list":{"0":"post-742123","1":"product","2":"type-product","3":"status-publish","4":"has-post-thumbnail","6":"product_cat-kuchen-regale-de","7":"product_cat-haken-regale-de","8":"product_cat-regale-aufbewahrung-de","9":"product_cat-ablagen-de","10":"product_cat-bestsellers-de","11":"product_shipping_class-pk","12":"pa_color-naturfarben-2","13":"pa_material-mdf-de","14":"pa_material-eichenfurnier","16":"first","17":"outofstock","18":"featured","19":"taxable","20":"shipping-taxable","21":"purchasable","22":"product-type-simple"},"exclude_global_add_ons":[],"addons":[],"acf":[],"yoast_head":"<!-- This site is optimized with the Yoast SEO plugin v26.4 - https:\/\/yoast.com\/wordpress\/plugins\/seo\/ -->\n<title>Focal Regal Naturfarben - H\u00fcbsch<\/title>\n<meta name=\"description\" content=\"Wir pr\u00e4sentieren: ein vielseitiges Regal! Mit seiner warmen Holzoptik und den geraden Linien steht das Regal Focal in der Tradition des nordischen\" \/>\n<meta name=\"robots\" content=\"index, follow, max-snippet:-1, max-image-preview:large, max-video-preview:-1\" \/>\n<link rel=\"canonical\" href=\"https:\/\/hubsch-interior.com\/de\/wp-json\/wp\/v2\/product\/742123\" \/>\n<meta property=\"og:locale\" content=\"de_DE\" \/>\n<meta property=\"og:type\" content=\"article\" \/>\n<meta property=\"og:title\" content=\"Focal Regal Naturfarben - H\u00fcbsch\" \/>\n<meta property=\"og:description\" content=\"Wir pr\u00e4sentieren: ein vielseitiges Regal! Mit seiner warmen Holzoptik und den geraden Linien steht das Regal Focal in der Tradition des nordischen\" \/>\n<meta property=\"og:url\" content=\"https:\/\/hubsch-interior.com\/de\/produkt\/focal-regal-naturfarben\/\" \/>\n<meta property=\"og:site_name\" content=\"H\u00fcbsch\" \/>\n<meta property=\"article:modified_time\" content=\"2026-04-30T02:51:37+00:00\" \/>\n<meta property=\"og:image\" content=\"https:\/\/hubsch-interior.com\/wp-content\/uploads\/2026\/02\/focal-shelf-unit-natural-a97c855b7a23f2a1c5a41826adea79c8.jpg\" \/>\n\t<meta property=\"og:image:width\" content=\"1024\" \/>\n\t<meta property=\"og:image:height\" content=\"1024\" \/>\n\t<meta property=\"og:image:type\" content=\"image\/jpeg\" \/>\n<meta name=\"twitter:card\" content=\"summary_large_image\" \/>\n<script type=\"application\/ld+json\" class=\"yoast-schema-graph\">{\"@context\":\"https:\/\/schema.org\",\"@graph\":[{\"@type\":\"WebPage\",\"@id\":\"https:\/\/hubsch-interior.com\/de\/produkt\/focal-regal-naturfarben\/\",\"url\":\"https:\/\/hubsch-interior.com\/de\/produkt\/focal-regal-naturfarben\/\",\"name\":\"Focal Regal Naturfarben - H\u00fcbsch\",\"isPartOf\":{\"@id\":\"https:\/\/hubsch-interior.com\/de\/#website\"},\"primaryImageOfPage\":{\"@id\":\"https:\/\/hubsch-interior.com\/de\/produkt\/focal-regal-naturfarben\/#primaryimage\"},\"image\":{\"@id\":\"https:\/\/hubsch-interior.com\/de\/produkt\/focal-regal-naturfarben\/#primaryimage\"},\"thumbnailUrl\":\"https:\/\/hubsch-interior.com\/wp-content\/uploads\/2026\/02\/focal-shelf-unit-natural-a97c855b7a23f2a1c5a41826adea79c8.jpg\",\"datePublished\":\"2022-02-08T14:45:51+00:00\",\"dateModified\":\"2026-04-30T02:51:37+00:00\",\"description\":\"Wir pr\u00e4sentieren: ein vielseitiges Regal! Mit seiner warmen Holzoptik und den geraden Linien steht das Regal Focal in der Tradition des nordischen\",\"breadcrumb\":{\"@id\":\"https:\/\/hubsch-interior.com\/de\/produkt\/focal-regal-naturfarben\/#breadcrumb\"},\"inLanguage\":\"de\",\"potentialAction\":[{\"@type\":\"ReadAction\",\"target\":[\"https:\/\/hubsch-interior.com\/de\/produkt\/focal-regal-naturfarben\/\"]}]},{\"@type\":\"ImageObject\",\"inLanguage\":\"de\",\"@id\":\"https:\/\/hubsch-interior.com\/de\/produkt\/focal-regal-naturfarben\/#primaryimage\",\"url\":\"https:\/\/hubsch-interior.com\/wp-content\/uploads\/2026\/02\/focal-shelf-unit-natural-a97c855b7a23f2a1c5a41826adea79c8.jpg\",\"contentUrl\":\"https:\/\/hubsch-interior.com\/wp-content\/uploads\/2026\/02\/focal-shelf-unit-natural-a97c855b7a23f2a1c5a41826adea79c8.jpg\",\"width\":1024,\"height\":1024},{\"@type\":\"BreadcrumbList\",\"@id\":\"https:\/\/hubsch-interior.com\/de\/produkt\/focal-regal-naturfarben\/#breadcrumb\",\"itemListElement\":[{\"@type\":\"ListItem\",\"position\":1,\"name\":\"Startseite\",\"item\":\"https:\/\/hubsch-interior.com\/de\/\"},{\"@type\":\"ListItem\",\"position\":2,\"name\":\"Produkte\",\"item\":\"https:\/\/hubsch-interior.com\/de\/shop-2\/\"},{\"@type\":\"ListItem\",\"position\":3,\"name\":\"M\u00f6bel\",\"item\":\"https:\/\/hubsch-interior.com\/de\/produkt-kategorie\/moebel\/\"},{\"@type\":\"ListItem\",\"position\":4,\"name\":\"Regale &amp; Aufbewahrung\",\"item\":\"https:\/\/hubsch-interior.com\/de\/produkt-kategorie\/moebel\/regale-aufbewahrung-de\/\"},{\"@type\":\"ListItem\",\"position\":5,\"name\":\"Ablagen\",\"item\":\"https:\/\/hubsch-interior.com\/de\/produkt-kategorie\/moebel\/regale-aufbewahrung-de\/ablagen-de\/\"},{\"@type\":\"ListItem\",\"position\":6,\"name\":\"Focal Regal Naturfarben\"}]},{\"@type\":\"WebSite\",\"@id\":\"https:\/\/hubsch-interior.com\/de\/#website\",\"url\":\"https:\/\/hubsch-interior.com\/de\/\",\"name\":\"H\u00fcbsch\",\"description\":\"Danish Home Interior and Design\",\"publisher\":{\"@id\":\"https:\/\/hubsch-interior.com\/de\/#organization\"},\"potentialAction\":[{\"@type\":\"SearchAction\",\"target\":{\"@type\":\"EntryPoint\",\"urlTemplate\":\"https:\/\/hubsch-interior.com\/de\/?s={search_term_string}\"},\"query-input\":{\"@type\":\"PropertyValueSpecification\",\"valueRequired\":true,\"valueName\":\"search_term_string\"}}],\"inLanguage\":\"de\"},{\"@type\":\"Organization\",\"@id\":\"https:\/\/hubsch-interior.com\/de\/#organization\",\"name\":\"H\u00fcbsch\",\"url\":\"https:\/\/hubsch-interior.com\/de\/\",\"logo\":{\"@type\":\"ImageObject\",\"inLanguage\":\"de\",\"@id\":\"https:\/\/hubsch-interior.com\/de\/#\/schema\/logo\/image\/\",\"url\":\"https:\/\/hubsch-interior.com\/wp-content\/uploads\/2022\/12\/Hubsch_logo_black_one_line.svg\",\"contentUrl\":\"https:\/\/hubsch-interior.com\/wp-content\/uploads\/2022\/12\/Hubsch_logo_black_one_line.svg\",\"caption\":\"H\u00fcbsch\"},\"image\":{\"@id\":\"https:\/\/hubsch-interior.com\/de\/#\/schema\/logo\/image\/\"}}]}<\/script>\n<!-- \/ Yoast SEO plugin. -->","yoast_head_json":{"title":"Focal Regal Naturfarben - H\u00fcbsch","description":"Wir pr\u00e4sentieren: ein vielseitiges Regal! Mit seiner warmen Holzoptik und den geraden Linien steht das Regal Focal in der Tradition des nordischen","robots":{"index":"index","follow":"follow","max-snippet":"max-snippet:-1","max-image-preview":"max-image-preview:large","max-video-preview":"max-video-preview:-1"},"canonical":"https:\/\/hubsch-interior.com\/de\/wp-json\/wp\/v2\/product\/742123","og_locale":"de_DE","og_type":"article","og_title":"Focal Regal Naturfarben - H\u00fcbsch","og_description":"Wir pr\u00e4sentieren: ein vielseitiges Regal! Mit seiner warmen Holzoptik und den geraden Linien steht das Regal Focal in der Tradition des nordischen","og_url":"https:\/\/hubsch-interior.com\/de\/produkt\/focal-regal-naturfarben\/","og_site_name":"H\u00fcbsch","article_modified_time":"2026-04-30T02:51:37+00:00","og_image":[{"width":1024,"height":1024,"url":"https:\/\/hubsch-interior.com\/wp-content\/uploads\/2026\/02\/focal-shelf-unit-natural-a97c855b7a23f2a1c5a41826adea79c8.jpg","type":"image\/jpeg"}],"twitter_card":"summary_large_image","schema":{"@context":"https:\/\/schema.org","@graph":[{"@type":"WebPage","@id":"https:\/\/hubsch-interior.com\/de\/produkt\/focal-regal-naturfarben\/","url":"https:\/\/hubsch-interior.com\/de\/produkt\/focal-regal-naturfarben\/","name":"Focal Regal Naturfarben - H\u00fcbsch","isPartOf":{"@id":"https:\/\/hubsch-interior.com\/de\/#website"},"primaryImageOfPage":{"@id":"https:\/\/hubsch-interior.com\/de\/produkt\/focal-regal-naturfarben\/#primaryimage"},"image":{"@id":"https:\/\/hubsch-interior.com\/de\/produkt\/focal-regal-naturfarben\/#primaryimage"},"thumbnailUrl":"https:\/\/hubsch-interior.com\/wp-content\/uploads\/2026\/02\/focal-shelf-unit-natural-a97c855b7a23f2a1c5a41826adea79c8.jpg","datePublished":"2022-02-08T14:45:51+00:00","dateModified":"2026-04-30T02:51:37+00:00","description":"Wir pr\u00e4sentieren: ein vielseitiges Regal! Mit seiner warmen Holzoptik und den geraden Linien steht das Regal Focal in der Tradition des nordischen","breadcrumb":{"@id":"https:\/\/hubsch-interior.com\/de\/produkt\/focal-regal-naturfarben\/#breadcrumb"},"inLanguage":"de","potentialAction":[{"@type":"ReadAction","target":["https:\/\/hubsch-interior.com\/de\/produkt\/focal-regal-naturfarben\/"]}]},{"@type":"ImageObject","inLanguage":"de","@id":"https:\/\/hubsch-interior.com\/de\/produkt\/focal-regal-naturfarben\/#primaryimage","url":"https:\/\/hubsch-interior.com\/wp-content\/uploads\/2026\/02\/focal-shelf-unit-natural-a97c855b7a23f2a1c5a41826adea79c8.jpg","contentUrl":"https:\/\/hubsch-interior.com\/wp-content\/uploads\/2026\/02\/focal-shelf-unit-natural-a97c855b7a23f2a1c5a41826adea79c8.jpg","width":1024,"height":1024},{"@type":"BreadcrumbList","@id":"https:\/\/hubsch-interior.com\/de\/produkt\/focal-regal-naturfarben\/#breadcrumb","itemListElement":[{"@type":"ListItem","position":1,"name":"Startseite","item":"https:\/\/hubsch-interior.com\/de\/"},{"@type":"ListItem","position":2,"name":"Produkte","item":"https:\/\/hubsch-interior.com\/de\/shop-2\/"},{"@type":"ListItem","position":3,"name":"M\u00f6bel","item":"https:\/\/hubsch-interior.com\/de\/produkt-kategorie\/moebel\/"},{"@type":"ListItem","position":4,"name":"Regale &amp; Aufbewahrung","item":"https:\/\/hubsch-interior.com\/de\/produkt-kategorie\/moebel\/regale-aufbewahrung-de\/"},{"@type":"ListItem","position":5,"name":"Ablagen","item":"https:\/\/hubsch-interior.com\/de\/produkt-kategorie\/moebel\/regale-aufbewahrung-de\/ablagen-de\/"},{"@type":"ListItem","position":6,"name":"Focal Regal Naturfarben"}]},{"@type":"WebSite","@id":"https:\/\/hubsch-interior.com\/de\/#website","url":"https:\/\/hubsch-interior.com\/de\/","name":"H\u00fcbsch","description":"Danish Home Interior and Design","publisher":{"@id":"https:\/\/hubsch-interior.com\/de\/#organization"},"potentialAction":[{"@type":"SearchAction","target":{"@type":"EntryPoint","urlTemplate":"https:\/\/hubsch-interior.com\/de\/?s={search_term_string}"},"query-input":{"@type":"PropertyValueSpecification","valueRequired":true,"valueName":"search_term_string"}}],"inLanguage":"de"},{"@type":"Organization","@id":"https:\/\/hubsch-interior.com\/de\/#organization","name":"H\u00fcbsch","url":"https:\/\/hubsch-interior.com\/de\/","logo":{"@type":"ImageObject","inLanguage":"de","@id":"https:\/\/hubsch-interior.com\/de\/#\/schema\/logo\/image\/","url":"https:\/\/hubsch-interior.com\/wp-content\/uploads\/2022\/12\/Hubsch_logo_black_one_line.svg","contentUrl":"https:\/\/hubsch-interior.com\/wp-content\/uploads\/2022\/12\/Hubsch_logo_black_one_line.svg","caption":"H\u00fcbsch"},"image":{"@id":"https:\/\/hubsch-interior.com\/de\/#\/schema\/logo\/image\/"}}]}},"_links":{"self":[{"href":"https:\/\/hubsch-interior.com\/de\/wp-json\/wp\/v2\/product\/742123","targetHints":{"allow":["GET"]}}],"collection":[{"href":"https:\/\/hubsch-interior.com\/de\/wp-json\/wp\/v2\/product"}],"about":[{"href":"https:\/\/hubsch-interior.com\/de\/wp-json\/wp\/v2\/types\/product"}],"wp:featuredmedia":[{"embeddable":true,"href":"https:\/\/hubsch-interior.com\/de\/wp-json\/wp\/v2\/media\/1102892"}],"wp:attachment":[{"href":"https:\/\/hubsch-interior.com\/de\/wp-json\/wp\/v2\/media?parent=742123"}],"wp:term":[{"taxonomy":"product_brand","embeddable":true,"href":"https:\/\/hubsch-interior.com\/de\/wp-json\/wp\/v2\/product_brand?post=742123"},{"taxonomy":"product_cat","embeddable":true,"href":"https:\/\/hubsch-interior.com\/de\/wp-json\/wp\/v2\/product_cat?post=742123"},{"taxonomy":"product_tag","embeddable":true,"href":"https:\/\/hubsch-interior.com\/de\/wp-json\/wp\/v2\/product_tag?post=742123"}],"curies":[{"name":"wp","href":"https:\/\/api.w.org\/{rel}","templated":true}]}}

<p>Wir präsentieren: ein vielseitiges Regal! Mit seiner warmen Holzoptik und den geraden Linien steht das Regal Focal in der Tradition des nordischen Designs. Dieses kleine Regal passt gut in Ihr Schlafzimmer, in die Küche oder in den Wohnbereich. Das Focal-Regal eignet sich überall dort, wo Sie zusätzlichen Stauraum benötigen. Dank der klaren und offenen Linien ist es auch perfekt, um einige Ihrer wertvollsten Gegenstände zu präsentieren. Wenn Sie also den Scandi-Style lieben, können Sie mit diesem minimalistischen und doch warmen Regal nichts falsch machen.</p>

<p>Wir präsentieren: ein vielseitiges Regal! Mit seiner warmen Holzoptik und den geraden Linien steht das Regal Focal in der Tradition des nordischen Designs. Dieses kleine Regal passt gut in Ihr Schlafzimmer, in die Küche oder in den Wohnbereich. Das Focal-Regal eignet sich überall dort, wo Sie zusätzlichen Stauraum benötigen. Dank der klaren und offenen Linien [&hellip;]</p>

<!-- This site is optimized with the Yoast SEO plugin v26.4 - https://yoast.com/wordpress/plugins/seo/ -->
<title>Focal Regal Naturfarben - Hübsch</title>
<meta name="description" content="Wir präsentieren: ein vielseitiges Regal! Mit seiner warmen Holzoptik und den geraden Linien steht das Regal Focal in der Tradition des nordischen" />
<meta name="robots" content="index, follow, max-snippet:-1, max-image-preview:large, max-video-preview:-1" />
<link rel="canonical" href="https://hubsch-interior.com/de/wp-json/wp/v2/product/742123" />
<meta property="og:locale" content="de_DE" />
<meta property="og:type" content="article" />
<meta property="og:title" content="Focal Regal Naturfarben - Hübsch" />
<meta property="og:description" content="Wir präsentieren: ein vielseitiges Regal! Mit seiner warmen Holzoptik und den geraden Linien steht das Regal Focal in der Tradition des nordischen" />
<meta property="og:url" content="https://hubsch-interior.com/de/produkt/focal-regal-naturfarben/" />
<meta property="og:site_name" content="Hübsch" />
<meta property="article:modified_time" content="2026-04-30T02:51:37+00:00" />
<meta property="og:image" content="https://hubsch-interior.com/wp-content/uploads/2026/02/focal-shelf-unit-natural-a97c855b7a23f2a1c5a41826adea79c8.jpg" />
	<meta property="og:image:width" content="1024" />
	<meta property="og:image:height" content="1024" />
	<meta property="og:image:type" content="image/jpeg" />
<meta name="twitter:card" content="summary_large_image" />
<script type="application/ld+json" class="yoast-schema-graph">{"@context":"https://schema.org","@graph":[{"@type":"WebPage","@id":"https://hubsch-interior.com/de/produkt/focal-regal-naturfarben/","url":"https://hubsch-interior.com/de/produkt/focal-regal-naturfarben/","name":"Focal Regal Naturfarben - Hübsch","isPartOf":{"@id":"https://hubsch-interior.com/de/#website"},"primaryImageOfPage":{"@id":"https://hubsch-interior.com/de/produkt/focal-regal-naturfarben/#primaryimage"},"image":{"@id":"https://hubsch-interior.com/de/produkt/focal-regal-naturfarben/#primaryimage"},"thumbnailUrl":"https://hubsch-interior.com/wp-content/uploads/2026/02/focal-shelf-unit-natural-a97c855b7a23f2a1c5a41826adea79c8.jpg","datePublished":"2022-02-08T14:45:51+00:00","dateModified":"2026-04-30T02:51:37+00:00","description":"Wir präsentieren: ein vielseitiges Regal! Mit seiner warmen Holzoptik und den geraden Linien steht das Regal Focal in der Tradition des nordischen","breadcrumb":{"@id":"https://hubsch-interior.com/de/produkt/focal-regal-naturfarben/#breadcrumb"},"inLanguage":"de","potentialAction":[{"@type":"ReadAction","target":["https://hubsch-interior.com/de/produkt/focal-regal-naturfarben/"]}]},{"@type":"ImageObject","inLanguage":"de","@id":"https://hubsch-interior.com/de/produkt/focal-regal-naturfarben/#primaryimage","url":"https://hubsch-interior.com/wp-content/uploads/2026/02/focal-shelf-unit-natural-a97c855b7a23f2a1c5a41826adea79c8.jpg","contentUrl":"https://hubsch-interior.com/wp-content/uploads/2026/02/focal-shelf-unit-natural-a97c855b7a23f2a1c5a41826adea79c8.jpg","width":1024,"height":1024},{"@type":"BreadcrumbList","@id":"https://hubsch-interior.com/de/produkt/focal-regal-naturfarben/#breadcrumb","itemListElement":[{"@type":"ListItem","position":1,"name":"Startseite","item":"https://hubsch-interior.com/de/"},{"@type":"ListItem","position":2,"name":"Produkte","item":"https://hubsch-interior.com/de/shop-2/"},{"@type":"ListItem","position":3,"name":"Möbel","item":"https://hubsch-interior.com/de/produkt-kategorie/moebel/"},{"@type":"ListItem","position":4,"name":"Regale &amp; Aufbewahrung","item":"https://hubsch-interior.com/de/produkt-kategorie/moebel/regale-aufbewahrung-de/"},{"@type":"ListItem","position":5,"name":"Ablagen","item":"https://hubsch-interior.com/de/produkt-kategorie/moebel/regale-aufbewahrung-de/ablagen-de/"},{"@type":"ListItem","position":6,"name":"Focal Regal Naturfarben"}]},{"@type":"WebSite","@id":"https://hubsch-interior.com/de/#website","url":"https://hubsch-interior.com/de/","name":"Hübsch","description":"Danish Home Interior and Design","publisher":{"@id":"https://hubsch-interior.com/de/#organization"},"potentialAction":[{"@type":"SearchAction","target":{"@type":"EntryPoint","urlTemplate":"https://hubsch-interior.com/de/?s={search_term_string}"},"query-input":{"@type":"PropertyValueSpecification","valueRequired":true,"valueName":"search_term_string"}}],"inLanguage":"de"},{"@type":"Organization","@id":"https://hubsch-interior.com/de/#organization","name":"Hübsch","url":"https://hubsch-interior.com/de/","logo":{"@type":"ImageObject","inLanguage":"de","@id":"https://hubsch-interior.com/de/#/schema/logo/image/","url":"https://hubsch-interior.com/wp-content/uploads/2022/12/Hubsch_logo_black_one_line.svg","contentUrl":"https://hubsch-interior.com/wp-content/uploads/2022/12/Hubsch_logo_black_one_line.svg","caption":"Hübsch"},"image":{"@id":"https://hubsch-interior.com/de/#/schema/logo/image/"}}]}</script>
<!-- / Yoast SEO plugin. -->

Focal Regal Naturfarben - Hübsch

Wir präsentieren: ein vielseitiges Regal! Mit seiner warmen Holzoptik und den geraden Linien steht das Regal Focal in der Tradition des nordischen

Hübsch

Möbel
