{"id":808349,"date":"2022-08-23T14:33:13","date_gmt":"2022-08-23T12:33:13","guid":{"rendered":"https:\/\/hubsch-interior.com\/product\/product\/"},"modified":"2026-04-30T04:38:01","modified_gmt":"2026-04-30T02:38:01","slug":"umber-vase-bernstein","status":"publish","type":"product","link":"https:\/\/hubsch-interior.com\/de\/produkt\/umber-vase-bernstein\/","title":{"rendered":"Umber Vase Bernstein"},"content":{"rendered":"<p>Jede*r hat doch schon einmal versucht, eine sch\u00f6ne Vase mit einem pr\u00e4chtigen Strau\u00df frischer Blumen auf der Fensterbank zu platzieren: h\u00e4ufig leider ohne Erfolg. Hier ist die Vase Umber die Rettung! Sie wurde speziell als Accessoire f\u00fcr Ihre Fensterbank entworfen. Die schlanke Form der Vase erm\u00f6glicht es Ihnen, Ihre Fensterbank mit einem faszinierenden Stillleben aus aus Blumen und Vase zu dekorieren und zu versch\u00f6nern. Psssst \u2013 die Umber-Vase ist auch einzeln ein echter Hingucker.<\/p>\n","protected":false},"excerpt":{"rendered":"<p>Jede*r hat doch schon einmal versucht, eine sch\u00f6ne Vase mit einem pr\u00e4chtigen Strau\u00df frischer Blumen auf der Fensterbank zu platzieren: h\u00e4ufig leider ohne Erfolg. Hier ist die Vase Umber die Rettung! Sie wurde speziell als Accessoire f\u00fcr Ihre Fensterbank entworfen. Die schlanke Form der Vase erm\u00f6glicht es Ihnen, Ihre Fensterbank mit einem faszinierenden Stillleben aus [&hellip;]<\/p>\n","protected":false},"featured_media":1099144,"template":"","meta":{"_acf_changed":false,"inline_featured_image":false},"product_brand":[],"product_cat":[6739,6972,6380,3156],"product_tag":[],"class_list":{"0":"post-808349","1":"product","2":"type-product","3":"status-publish","4":"has-post-thumbnail","6":"product_cat-colour-revival-de","7":"product_cat-oster-sale","8":"product_cat-always-a-twist-de","9":"product_cat-vasen-de","10":"product_shipping_class-pk","11":"pa_color-bernstein","12":"pa_material-glas-de","14":"first","15":"instock","16":"taxable","17":"shipping-taxable","18":"purchasable","19":"product-type-simple"},"exclude_global_add_ons":[],"addons":[],"acf":[],"yoast_head":"<!-- This site is optimized with the Yoast SEO plugin v26.4 - https:\/\/yoast.com\/wordpress\/plugins\/seo\/ -->\n<title>Umber Vase Bernstein - H\u00fcbsch<\/title>\n<meta name=\"description\" content=\"Jede*r hat doch schon einmal versucht, eine sch\u00f6ne Vase mit einem pr\u00e4chtigen Strau\u00df frischer Blumen auf der Fensterbank zu platzieren: h\u00e4ufig leider ohne\" \/>\n<meta name=\"robots\" content=\"index, follow, max-snippet:-1, max-image-preview:large, max-video-preview:-1\" \/>\n<link rel=\"canonical\" href=\"https:\/\/hubsch-interior.com\/de\/wp-json\/wp\/v2\/product\/808349\" \/>\n<meta property=\"og:locale\" content=\"de_DE\" \/>\n<meta property=\"og:type\" content=\"article\" \/>\n<meta property=\"og:title\" content=\"Umber Vase Bernstein - H\u00fcbsch\" \/>\n<meta property=\"og:description\" content=\"Jede*r hat doch schon einmal versucht, eine sch\u00f6ne Vase mit einem pr\u00e4chtigen Strau\u00df frischer Blumen auf der Fensterbank zu platzieren: h\u00e4ufig leider ohne\" \/>\n<meta property=\"og:url\" content=\"https:\/\/hubsch-interior.com\/de\/produkt\/umber-vase-bernstein\/\" \/>\n<meta property=\"og:site_name\" content=\"H\u00fcbsch\" \/>\n<meta property=\"article:modified_time\" content=\"2026-04-30T02:38:01+00:00\" \/>\n<meta property=\"og:image\" content=\"https:\/\/hubsch-interior.com\/wp-content\/uploads\/2024\/01\/umber-vase-amber-0f755f1f9530117954aee222c3f88f8f.jpg\" \/>\n\t<meta property=\"og:image:width\" content=\"1200\" \/>\n\t<meta property=\"og:image:height\" content=\"1200\" \/>\n\t<meta property=\"og:image:type\" content=\"image\/jpeg\" \/>\n<meta name=\"twitter:card\" content=\"summary_large_image\" \/>\n<script type=\"application\/ld+json\" class=\"yoast-schema-graph\">{\"@context\":\"https:\/\/schema.org\",\"@graph\":[{\"@type\":\"WebPage\",\"@id\":\"https:\/\/hubsch-interior.com\/de\/produkt\/umber-vase-bernstein\/\",\"url\":\"https:\/\/hubsch-interior.com\/de\/produkt\/umber-vase-bernstein\/\",\"name\":\"Umber Vase Bernstein - H\u00fcbsch\",\"isPartOf\":{\"@id\":\"https:\/\/hubsch-interior.com\/de\/#website\"},\"primaryImageOfPage\":{\"@id\":\"https:\/\/hubsch-interior.com\/de\/produkt\/umber-vase-bernstein\/#primaryimage\"},\"image\":{\"@id\":\"https:\/\/hubsch-interior.com\/de\/produkt\/umber-vase-bernstein\/#primaryimage\"},\"thumbnailUrl\":\"https:\/\/hubsch-interior.com\/wp-content\/uploads\/2026\/02\/umber-vase-amber-bbce48b46ef17e00074bd55146a12838.jpg\",\"datePublished\":\"2022-08-23T12:33:13+00:00\",\"dateModified\":\"2026-04-30T02:38:01+00:00\",\"description\":\"Jede*r hat doch schon einmal versucht, eine sch\u00f6ne Vase mit einem pr\u00e4chtigen Strau\u00df frischer Blumen auf der Fensterbank zu platzieren: h\u00e4ufig leider ohne\",\"breadcrumb\":{\"@id\":\"https:\/\/hubsch-interior.com\/de\/produkt\/umber-vase-bernstein\/#breadcrumb\"},\"inLanguage\":\"de\",\"potentialAction\":[{\"@type\":\"ReadAction\",\"target\":[\"https:\/\/hubsch-interior.com\/de\/produkt\/umber-vase-bernstein\/\"]}]},{\"@type\":\"ImageObject\",\"inLanguage\":\"de\",\"@id\":\"https:\/\/hubsch-interior.com\/de\/produkt\/umber-vase-bernstein\/#primaryimage\",\"url\":\"https:\/\/hubsch-interior.com\/wp-content\/uploads\/2026\/02\/umber-vase-amber-bbce48b46ef17e00074bd55146a12838.jpg\",\"contentUrl\":\"https:\/\/hubsch-interior.com\/wp-content\/uploads\/2026\/02\/umber-vase-amber-bbce48b46ef17e00074bd55146a12838.jpg\",\"width\":1024,\"height\":1024},{\"@type\":\"BreadcrumbList\",\"@id\":\"https:\/\/hubsch-interior.com\/de\/produkt\/umber-vase-bernstein\/#breadcrumb\",\"itemListElement\":[{\"@type\":\"ListItem\",\"position\":1,\"name\":\"Startseite\",\"item\":\"https:\/\/hubsch-interior.com\/de\/\"},{\"@type\":\"ListItem\",\"position\":2,\"name\":\"Produkte\",\"item\":\"https:\/\/hubsch-interior.com\/de\/shop-2\/\"},{\"@type\":\"ListItem\",\"position\":3,\"name\":\"Wohnaccessoires\",\"item\":\"https:\/\/hubsch-interior.com\/de\/produkt-kategorie\/wohnaccessoires\/\"},{\"@type\":\"ListItem\",\"position\":4,\"name\":\"Vasen\",\"item\":\"https:\/\/hubsch-interior.com\/de\/produkt-kategorie\/wohnaccessoires\/vasen-de\/\"},{\"@type\":\"ListItem\",\"position\":5,\"name\":\"Umber Vase Bernstein\"}]},{\"@type\":\"WebSite\",\"@id\":\"https:\/\/hubsch-interior.com\/de\/#website\",\"url\":\"https:\/\/hubsch-interior.com\/de\/\",\"name\":\"H\u00fcbsch\",\"description\":\"Danish Home Interior and Design\",\"publisher\":{\"@id\":\"https:\/\/hubsch-interior.com\/de\/#organization\"},\"potentialAction\":[{\"@type\":\"SearchAction\",\"target\":{\"@type\":\"EntryPoint\",\"urlTemplate\":\"https:\/\/hubsch-interior.com\/de\/?s={search_term_string}\"},\"query-input\":{\"@type\":\"PropertyValueSpecification\",\"valueRequired\":true,\"valueName\":\"search_term_string\"}}],\"inLanguage\":\"de\"},{\"@type\":\"Organization\",\"@id\":\"https:\/\/hubsch-interior.com\/de\/#organization\",\"name\":\"H\u00fcbsch\",\"url\":\"https:\/\/hubsch-interior.com\/de\/\",\"logo\":{\"@type\":\"ImageObject\",\"inLanguage\":\"de\",\"@id\":\"https:\/\/hubsch-interior.com\/de\/#\/schema\/logo\/image\/\",\"url\":\"https:\/\/hubsch-interior.com\/wp-content\/uploads\/2022\/12\/Hubsch_logo_black_one_line.svg\",\"contentUrl\":\"https:\/\/hubsch-interior.com\/wp-content\/uploads\/2022\/12\/Hubsch_logo_black_one_line.svg\",\"caption\":\"H\u00fcbsch\"},\"image\":{\"@id\":\"https:\/\/hubsch-interior.com\/de\/#\/schema\/logo\/image\/\"}}]}<\/script>\n<!-- \/ Yoast SEO plugin. -->","yoast_head_json":{"title":"Umber Vase Bernstein - H\u00fcbsch","description":"Jede*r hat doch schon einmal versucht, eine sch\u00f6ne Vase mit einem pr\u00e4chtigen Strau\u00df frischer Blumen auf der Fensterbank zu platzieren: h\u00e4ufig leider ohne","robots":{"index":"index","follow":"follow","max-snippet":"max-snippet:-1","max-image-preview":"max-image-preview:large","max-video-preview":"max-video-preview:-1"},"canonical":"https:\/\/hubsch-interior.com\/de\/wp-json\/wp\/v2\/product\/808349","og_locale":"de_DE","og_type":"article","og_title":"Umber Vase Bernstein - H\u00fcbsch","og_description":"Jede*r hat doch schon einmal versucht, eine sch\u00f6ne Vase mit einem pr\u00e4chtigen Strau\u00df frischer Blumen auf der Fensterbank zu platzieren: h\u00e4ufig leider ohne","og_url":"https:\/\/hubsch-interior.com\/de\/produkt\/umber-vase-bernstein\/","og_site_name":"H\u00fcbsch","article_modified_time":"2026-04-30T02:38:01+00:00","og_image":[{"width":1200,"height":1200,"url":"https:\/\/hubsch-interior.com\/wp-content\/uploads\/2024\/01\/umber-vase-amber-0f755f1f9530117954aee222c3f88f8f.jpg","type":"image\/jpeg"}],"twitter_card":"summary_large_image","schema":{"@context":"https:\/\/schema.org","@graph":[{"@type":"WebPage","@id":"https:\/\/hubsch-interior.com\/de\/produkt\/umber-vase-bernstein\/","url":"https:\/\/hubsch-interior.com\/de\/produkt\/umber-vase-bernstein\/","name":"Umber Vase Bernstein - H\u00fcbsch","isPartOf":{"@id":"https:\/\/hubsch-interior.com\/de\/#website"},"primaryImageOfPage":{"@id":"https:\/\/hubsch-interior.com\/de\/produkt\/umber-vase-bernstein\/#primaryimage"},"image":{"@id":"https:\/\/hubsch-interior.com\/de\/produkt\/umber-vase-bernstein\/#primaryimage"},"thumbnailUrl":"https:\/\/hubsch-interior.com\/wp-content\/uploads\/2026\/02\/umber-vase-amber-bbce48b46ef17e00074bd55146a12838.jpg","datePublished":"2022-08-23T12:33:13+00:00","dateModified":"2026-04-30T02:38:01+00:00","description":"Jede*r hat doch schon einmal versucht, eine sch\u00f6ne Vase mit einem pr\u00e4chtigen Strau\u00df frischer Blumen auf der Fensterbank zu platzieren: h\u00e4ufig leider ohne","breadcrumb":{"@id":"https:\/\/hubsch-interior.com\/de\/produkt\/umber-vase-bernstein\/#breadcrumb"},"inLanguage":"de","potentialAction":[{"@type":"ReadAction","target":["https:\/\/hubsch-interior.com\/de\/produkt\/umber-vase-bernstein\/"]}]},{"@type":"ImageObject","inLanguage":"de","@id":"https:\/\/hubsch-interior.com\/de\/produkt\/umber-vase-bernstein\/#primaryimage","url":"https:\/\/hubsch-interior.com\/wp-content\/uploads\/2026\/02\/umber-vase-amber-bbce48b46ef17e00074bd55146a12838.jpg","contentUrl":"https:\/\/hubsch-interior.com\/wp-content\/uploads\/2026\/02\/umber-vase-amber-bbce48b46ef17e00074bd55146a12838.jpg","width":1024,"height":1024},{"@type":"BreadcrumbList","@id":"https:\/\/hubsch-interior.com\/de\/produkt\/umber-vase-bernstein\/#breadcrumb","itemListElement":[{"@type":"ListItem","position":1,"name":"Startseite","item":"https:\/\/hubsch-interior.com\/de\/"},{"@type":"ListItem","position":2,"name":"Produkte","item":"https:\/\/hubsch-interior.com\/de\/shop-2\/"},{"@type":"ListItem","position":3,"name":"Wohnaccessoires","item":"https:\/\/hubsch-interior.com\/de\/produkt-kategorie\/wohnaccessoires\/"},{"@type":"ListItem","position":4,"name":"Vasen","item":"https:\/\/hubsch-interior.com\/de\/produkt-kategorie\/wohnaccessoires\/vasen-de\/"},{"@type":"ListItem","position":5,"name":"Umber Vase Bernstein"}]},{"@type":"WebSite","@id":"https:\/\/hubsch-interior.com\/de\/#website","url":"https:\/\/hubsch-interior.com\/de\/","name":"H\u00fcbsch","description":"Danish Home Interior and Design","publisher":{"@id":"https:\/\/hubsch-interior.com\/de\/#organization"},"potentialAction":[{"@type":"SearchAction","target":{"@type":"EntryPoint","urlTemplate":"https:\/\/hubsch-interior.com\/de\/?s={search_term_string}"},"query-input":{"@type":"PropertyValueSpecification","valueRequired":true,"valueName":"search_term_string"}}],"inLanguage":"de"},{"@type":"Organization","@id":"https:\/\/hubsch-interior.com\/de\/#organization","name":"H\u00fcbsch","url":"https:\/\/hubsch-interior.com\/de\/","logo":{"@type":"ImageObject","inLanguage":"de","@id":"https:\/\/hubsch-interior.com\/de\/#\/schema\/logo\/image\/","url":"https:\/\/hubsch-interior.com\/wp-content\/uploads\/2022\/12\/Hubsch_logo_black_one_line.svg","contentUrl":"https:\/\/hubsch-interior.com\/wp-content\/uploads\/2022\/12\/Hubsch_logo_black_one_line.svg","caption":"H\u00fcbsch"},"image":{"@id":"https:\/\/hubsch-interior.com\/de\/#\/schema\/logo\/image\/"}}]}},"_links":{"self":[{"href":"https:\/\/hubsch-interior.com\/de\/wp-json\/wp\/v2\/product\/808349","targetHints":{"allow":["GET"]}}],"collection":[{"href":"https:\/\/hubsch-interior.com\/de\/wp-json\/wp\/v2\/product"}],"about":[{"href":"https:\/\/hubsch-interior.com\/de\/wp-json\/wp\/v2\/types\/product"}],"wp:featuredmedia":[{"embeddable":true,"href":"https:\/\/hubsch-interior.com\/de\/wp-json\/wp\/v2\/media\/1099144"}],"wp:attachment":[{"href":"https:\/\/hubsch-interior.com\/de\/wp-json\/wp\/v2\/media?parent=808349"}],"wp:term":[{"taxonomy":"product_brand","embeddable":true,"href":"https:\/\/hubsch-interior.com\/de\/wp-json\/wp\/v2\/product_brand?post=808349"},{"taxonomy":"product_cat","embeddable":true,"href":"https:\/\/hubsch-interior.com\/de\/wp-json\/wp\/v2\/product_cat?post=808349"},{"taxonomy":"product_tag","embeddable":true,"href":"https:\/\/hubsch-interior.com\/de\/wp-json\/wp\/v2\/product_tag?post=808349"}],"curies":[{"name":"wp","href":"https:\/\/api.w.org\/{rel}","templated":true}]}}

<p>Jede*r hat doch schon einmal versucht, eine schöne Vase mit einem prächtigen Strauß frischer Blumen auf der Fensterbank zu platzieren: häufig leider ohne Erfolg. Hier ist die Vase Umber die Rettung! Sie wurde speziell als Accessoire für Ihre Fensterbank entworfen. Die schlanke Form der Vase ermöglicht es Ihnen, Ihre Fensterbank mit einem faszinierenden Stillleben aus aus Blumen und Vase zu dekorieren und zu verschönern. Psssst – die Umber-Vase ist auch einzeln ein echter Hingucker.</p>

<p>Jede*r hat doch schon einmal versucht, eine schöne Vase mit einem prächtigen Strauß frischer Blumen auf der Fensterbank zu platzieren: häufig leider ohne Erfolg. Hier ist die Vase Umber die Rettung! Sie wurde speziell als Accessoire für Ihre Fensterbank entworfen. Die schlanke Form der Vase ermöglicht es Ihnen, Ihre Fensterbank mit einem faszinierenden Stillleben aus [&hellip;]</p>

<!-- This site is optimized with the Yoast SEO plugin v26.4 - https://yoast.com/wordpress/plugins/seo/ -->
<title>Umber Vase Bernstein - Hübsch</title>
<meta name="description" content="Jede*r hat doch schon einmal versucht, eine schöne Vase mit einem prächtigen Strauß frischer Blumen auf der Fensterbank zu platzieren: häufig leider ohne" />
<meta name="robots" content="index, follow, max-snippet:-1, max-image-preview:large, max-video-preview:-1" />
<link rel="canonical" href="https://hubsch-interior.com/de/wp-json/wp/v2/product/808349" />
<meta property="og:locale" content="de_DE" />
<meta property="og:type" content="article" />
<meta property="og:title" content="Umber Vase Bernstein - Hübsch" />
<meta property="og:description" content="Jede*r hat doch schon einmal versucht, eine schöne Vase mit einem prächtigen Strauß frischer Blumen auf der Fensterbank zu platzieren: häufig leider ohne" />
<meta property="og:url" content="https://hubsch-interior.com/de/produkt/umber-vase-bernstein/" />
<meta property="og:site_name" content="Hübsch" />
<meta property="article:modified_time" content="2026-04-30T02:38:01+00:00" />
<meta property="og:image" content="https://hubsch-interior.com/wp-content/uploads/2024/01/umber-vase-amber-0f755f1f9530117954aee222c3f88f8f.jpg" />
	<meta property="og:image:width" content="1200" />
	<meta property="og:image:height" content="1200" />
	<meta property="og:image:type" content="image/jpeg" />
<meta name="twitter:card" content="summary_large_image" />
<script type="application/ld+json" class="yoast-schema-graph">{"@context":"https://schema.org","@graph":[{"@type":"WebPage","@id":"https://hubsch-interior.com/de/produkt/umber-vase-bernstein/","url":"https://hubsch-interior.com/de/produkt/umber-vase-bernstein/","name":"Umber Vase Bernstein - Hübsch","isPartOf":{"@id":"https://hubsch-interior.com/de/#website"},"primaryImageOfPage":{"@id":"https://hubsch-interior.com/de/produkt/umber-vase-bernstein/#primaryimage"},"image":{"@id":"https://hubsch-interior.com/de/produkt/umber-vase-bernstein/#primaryimage"},"thumbnailUrl":"https://hubsch-interior.com/wp-content/uploads/2026/02/umber-vase-amber-bbce48b46ef17e00074bd55146a12838.jpg","datePublished":"2022-08-23T12:33:13+00:00","dateModified":"2026-04-30T02:38:01+00:00","description":"Jede*r hat doch schon einmal versucht, eine schöne Vase mit einem prächtigen Strauß frischer Blumen auf der Fensterbank zu platzieren: häufig leider ohne","breadcrumb":{"@id":"https://hubsch-interior.com/de/produkt/umber-vase-bernstein/#breadcrumb"},"inLanguage":"de","potentialAction":[{"@type":"ReadAction","target":["https://hubsch-interior.com/de/produkt/umber-vase-bernstein/"]}]},{"@type":"ImageObject","inLanguage":"de","@id":"https://hubsch-interior.com/de/produkt/umber-vase-bernstein/#primaryimage","url":"https://hubsch-interior.com/wp-content/uploads/2026/02/umber-vase-amber-bbce48b46ef17e00074bd55146a12838.jpg","contentUrl":"https://hubsch-interior.com/wp-content/uploads/2026/02/umber-vase-amber-bbce48b46ef17e00074bd55146a12838.jpg","width":1024,"height":1024},{"@type":"BreadcrumbList","@id":"https://hubsch-interior.com/de/produkt/umber-vase-bernstein/#breadcrumb","itemListElement":[{"@type":"ListItem","position":1,"name":"Startseite","item":"https://hubsch-interior.com/de/"},{"@type":"ListItem","position":2,"name":"Produkte","item":"https://hubsch-interior.com/de/shop-2/"},{"@type":"ListItem","position":3,"name":"Wohnaccessoires","item":"https://hubsch-interior.com/de/produkt-kategorie/wohnaccessoires/"},{"@type":"ListItem","position":4,"name":"Vasen","item":"https://hubsch-interior.com/de/produkt-kategorie/wohnaccessoires/vasen-de/"},{"@type":"ListItem","position":5,"name":"Umber Vase Bernstein"}]},{"@type":"WebSite","@id":"https://hubsch-interior.com/de/#website","url":"https://hubsch-interior.com/de/","name":"Hübsch","description":"Danish Home Interior and Design","publisher":{"@id":"https://hubsch-interior.com/de/#organization"},"potentialAction":[{"@type":"SearchAction","target":{"@type":"EntryPoint","urlTemplate":"https://hubsch-interior.com/de/?s={search_term_string}"},"query-input":{"@type":"PropertyValueSpecification","valueRequired":true,"valueName":"search_term_string"}}],"inLanguage":"de"},{"@type":"Organization","@id":"https://hubsch-interior.com/de/#organization","name":"Hübsch","url":"https://hubsch-interior.com/de/","logo":{"@type":"ImageObject","inLanguage":"de","@id":"https://hubsch-interior.com/de/#/schema/logo/image/","url":"https://hubsch-interior.com/wp-content/uploads/2022/12/Hubsch_logo_black_one_line.svg","contentUrl":"https://hubsch-interior.com/wp-content/uploads/2022/12/Hubsch_logo_black_one_line.svg","caption":"Hübsch"},"image":{"@id":"https://hubsch-interior.com/de/#/schema/logo/image/"}}]}</script>
<!-- / Yoast SEO plugin. -->

Umber Vase Bernstein - Hübsch

Jede*r hat doch schon einmal versucht, eine schöne Vase mit einem prächtigen Strauß frischer Blumen auf der Fensterbank zu platzieren: häufig leider ohne

Hübsch
