{"id":975717,"date":"2024-01-29T08:31:07","date_gmt":"2024-01-29T07:31:07","guid":{"rendered":"https:\/\/hubsch-interior.com\/product\/product\/"},"modified":"2026-04-29T04:28:27","modified_gmt":"2026-04-29T02:28:27","slug":"amare-schale-small-sandfarben","status":"publish","type":"product","link":"https:\/\/hubsch-interior.com\/de\/produkt\/amare-schale-small-sandfarben\/","title":{"rendered":"Amare Schale Small Sandfarben"},"content":{"rendered":"<p>Lernen Sie die perfekte Erg\u00e4nzung zur Amare Serie kennen &#8211; die Amare Schale in einer atemberaubenden Sandfarbe! Hergestellt aus hochwertigem Steinpulver, ist diese moderne und vielseitige Schale nicht nur hitzebest\u00e4ndig, sondern auch in f\u00fcnf verschiedenen Varianten erh\u00e4ltlich, um Ihrem pers\u00f6nlichen Stil gerecht zu werden. Verstauen Sie Ihre Lieblingsfr\u00fcchte oder Gem\u00fcse oder verwenden Sie sie als Salat-Servierschale f\u00fcr zwei Personen &#8211; die M\u00f6glichkeiten sind endlos mit diesem vielseitigen Schmuckst\u00fcck. Geben Sie Ihren G\u00e4sten das volle Amare-Erlebnis, indem Sie diese exquisite Schale zu Ihrer Sammlung hinzuf\u00fcgen.<\/p>\n","protected":false},"excerpt":{"rendered":"<p>Lernen Sie die perfekte Erg\u00e4nzung zur Amare Serie kennen &#8211; die Amare Schale in einer atemberaubenden Sandfarbe! Hergestellt aus hochwertigem Steinpulver, ist diese moderne und vielseitige Schale nicht nur hitzebest\u00e4ndig, sondern auch in f\u00fcnf verschiedenen Varianten erh\u00e4ltlich, um Ihrem pers\u00f6nlichen Stil gerecht zu werden. Verstauen Sie Ihre Lieblingsfr\u00fcchte oder Gem\u00fcse oder verwenden Sie sie als [&hellip;]<\/p>\n","protected":false},"featured_media":1096540,"template":"","meta":{"_acf_changed":false,"inline_featured_image":false},"product_brand":[],"product_cat":[6674,6884,6349,4055,6972,7030,7044,7078,4096,7029],"product_tag":[],"class_list":{"0":"post-975717","1":"product","2":"type-product","3":"status-publish","4":"has-post-thumbnail","6":"product_cat-amare-tafelgeschirr-de","7":"product_cat-elevating-nostalgia-de","8":"product_cat-garden-selection-de","9":"product_cat-kuechenzubehoer-de","10":"product_cat-oster-sale","11":"product_cat-servierplatten-und-teller-de","12":"product_cat-servierschalen-de","13":"product_cat-teller-und-schuesseln-de","14":"product_cat-tischgeschirr-de","15":"product_cat-tischgeschirr-de-2","16":"product_shipping_class-pk","18":"pa_color-sandfarben","19":"pa_material-stone-powder-100-4","21":"first","22":"instock","23":"taxable","24":"shipping-taxable","25":"purchasable","26":"product-type-simple"},"exclude_global_add_ons":[],"addons":[],"acf":[],"yoast_head":"<!-- This site is optimized with the Yoast SEO plugin v26.4 - https:\/\/yoast.com\/wordpress\/plugins\/seo\/ -->\n<title>Amare Schale Small Sandfarben - H\u00fcbsch<\/title>\n<meta name=\"description\" content=\"Lernen Sie die perfekte Erg\u00e4nzung zur Amare Serie kennen - die Amare Schale in einer atemberaubenden Sandfarbe! Hergestellt aus hochwertigem Steinpulver,\" \/>\n<meta name=\"robots\" content=\"index, follow, max-snippet:-1, max-image-preview:large, max-video-preview:-1\" \/>\n<link rel=\"canonical\" href=\"https:\/\/hubsch-interior.com\/de\/wp-json\/wp\/v2\/product\/975717\" \/>\n<meta property=\"og:locale\" content=\"de_DE\" \/>\n<meta property=\"og:type\" content=\"article\" \/>\n<meta property=\"og:title\" content=\"Amare Schale Small Sandfarben - H\u00fcbsch\" \/>\n<meta property=\"og:description\" content=\"Lernen Sie die perfekte Erg\u00e4nzung zur Amare Serie kennen - die Amare Schale in einer atemberaubenden Sandfarbe! Hergestellt aus hochwertigem Steinpulver,\" \/>\n<meta property=\"og:url\" content=\"https:\/\/hubsch-interior.com\/de\/produkt\/amare-schale-small-sandfarben\/\" \/>\n<meta property=\"og:site_name\" content=\"H\u00fcbsch\" \/>\n<meta property=\"article:modified_time\" content=\"2026-04-29T02:28:27+00:00\" \/>\n<meta property=\"og:image\" content=\"https:\/\/hubsch-interior.com\/wp-content\/uploads\/2024\/09\/amare-bowl-small-sand-0fe7da7d4a1ccc60e5702eda71857c3d.jpg\" \/>\n\t<meta property=\"og:image:width\" content=\"1200\" \/>\n\t<meta property=\"og:image:height\" content=\"1200\" \/>\n\t<meta property=\"og:image:type\" content=\"image\/jpeg\" \/>\n<meta name=\"twitter:card\" content=\"summary_large_image\" \/>\n<script type=\"application\/ld+json\" class=\"yoast-schema-graph\">{\"@context\":\"https:\/\/schema.org\",\"@graph\":[{\"@type\":\"WebPage\",\"@id\":\"https:\/\/hubsch-interior.com\/de\/produkt\/amare-schale-small-sandfarben\/\",\"url\":\"https:\/\/hubsch-interior.com\/de\/produkt\/amare-schale-small-sandfarben\/\",\"name\":\"Amare Schale Small Sandfarben - H\u00fcbsch\",\"isPartOf\":{\"@id\":\"https:\/\/hubsch-interior.com\/de\/#website\"},\"primaryImageOfPage\":{\"@id\":\"https:\/\/hubsch-interior.com\/de\/produkt\/amare-schale-small-sandfarben\/#primaryimage\"},\"image\":{\"@id\":\"https:\/\/hubsch-interior.com\/de\/produkt\/amare-schale-small-sandfarben\/#primaryimage\"},\"thumbnailUrl\":\"https:\/\/hubsch-interior.com\/wp-content\/uploads\/2026\/02\/amare-bowl-small-sand-21b57c28965663d5f54ca265d72e118c.jpg\",\"datePublished\":\"2024-01-29T07:31:07+00:00\",\"dateModified\":\"2026-04-29T02:28:27+00:00\",\"description\":\"Lernen Sie die perfekte Erg\u00e4nzung zur Amare Serie kennen - die Amare Schale in einer atemberaubenden Sandfarbe! Hergestellt aus hochwertigem Steinpulver,\",\"breadcrumb\":{\"@id\":\"https:\/\/hubsch-interior.com\/de\/produkt\/amare-schale-small-sandfarben\/#breadcrumb\"},\"inLanguage\":\"de\",\"potentialAction\":[{\"@type\":\"ReadAction\",\"target\":[\"https:\/\/hubsch-interior.com\/de\/produkt\/amare-schale-small-sandfarben\/\"]}]},{\"@type\":\"ImageObject\",\"inLanguage\":\"de\",\"@id\":\"https:\/\/hubsch-interior.com\/de\/produkt\/amare-schale-small-sandfarben\/#primaryimage\",\"url\":\"https:\/\/hubsch-interior.com\/wp-content\/uploads\/2026\/02\/amare-bowl-small-sand-21b57c28965663d5f54ca265d72e118c.jpg\",\"contentUrl\":\"https:\/\/hubsch-interior.com\/wp-content\/uploads\/2026\/02\/amare-bowl-small-sand-21b57c28965663d5f54ca265d72e118c.jpg\",\"width\":1024,\"height\":1024},{\"@type\":\"BreadcrumbList\",\"@id\":\"https:\/\/hubsch-interior.com\/de\/produkt\/amare-schale-small-sandfarben\/#breadcrumb\",\"itemListElement\":[{\"@type\":\"ListItem\",\"position\":1,\"name\":\"Startseite\",\"item\":\"https:\/\/hubsch-interior.com\/de\/\"},{\"@type\":\"ListItem\",\"position\":2,\"name\":\"Produkte\",\"item\":\"https:\/\/hubsch-interior.com\/de\/shop-2\/\"},{\"@type\":\"ListItem\",\"position\":3,\"name\":\"K\u00fcche\",\"item\":\"https:\/\/hubsch-interior.com\/de\/produkt-kategorie\/kuche\/\"},{\"@type\":\"ListItem\",\"position\":4,\"name\":\"Tischgeschirr\",\"item\":\"https:\/\/hubsch-interior.com\/de\/produkt-kategorie\/kuche\/tischgeschirr-de-2\/\"},{\"@type\":\"ListItem\",\"position\":5,\"name\":\"Servierplatten und Teller\",\"item\":\"https:\/\/hubsch-interior.com\/de\/produkt-kategorie\/kuche\/tischgeschirr-de-2\/servierplatten-und-teller-de\/\"},{\"@type\":\"ListItem\",\"position\":6,\"name\":\"Amare Schale Small Sandfarben\"}]},{\"@type\":\"WebSite\",\"@id\":\"https:\/\/hubsch-interior.com\/de\/#website\",\"url\":\"https:\/\/hubsch-interior.com\/de\/\",\"name\":\"H\u00fcbsch\",\"description\":\"Danish Home Interior and Design\",\"publisher\":{\"@id\":\"https:\/\/hubsch-interior.com\/de\/#organization\"},\"potentialAction\":[{\"@type\":\"SearchAction\",\"target\":{\"@type\":\"EntryPoint\",\"urlTemplate\":\"https:\/\/hubsch-interior.com\/de\/?s={search_term_string}\"},\"query-input\":{\"@type\":\"PropertyValueSpecification\",\"valueRequired\":true,\"valueName\":\"search_term_string\"}}],\"inLanguage\":\"de\"},{\"@type\":\"Organization\",\"@id\":\"https:\/\/hubsch-interior.com\/de\/#organization\",\"name\":\"H\u00fcbsch\",\"url\":\"https:\/\/hubsch-interior.com\/de\/\",\"logo\":{\"@type\":\"ImageObject\",\"inLanguage\":\"de\",\"@id\":\"https:\/\/hubsch-interior.com\/de\/#\/schema\/logo\/image\/\",\"url\":\"https:\/\/hubsch-interior.com\/wp-content\/uploads\/2022\/12\/Hubsch_logo_black_one_line.svg\",\"contentUrl\":\"https:\/\/hubsch-interior.com\/wp-content\/uploads\/2022\/12\/Hubsch_logo_black_one_line.svg\",\"caption\":\"H\u00fcbsch\"},\"image\":{\"@id\":\"https:\/\/hubsch-interior.com\/de\/#\/schema\/logo\/image\/\"}}]}<\/script>\n<!-- \/ Yoast SEO plugin. -->","yoast_head_json":{"title":"Amare Schale Small Sandfarben - H\u00fcbsch","description":"Lernen Sie die perfekte Erg\u00e4nzung zur Amare Serie kennen - die Amare Schale in einer atemberaubenden Sandfarbe! Hergestellt aus hochwertigem Steinpulver,","robots":{"index":"index","follow":"follow","max-snippet":"max-snippet:-1","max-image-preview":"max-image-preview:large","max-video-preview":"max-video-preview:-1"},"canonical":"https:\/\/hubsch-interior.com\/de\/wp-json\/wp\/v2\/product\/975717","og_locale":"de_DE","og_type":"article","og_title":"Amare Schale Small Sandfarben - H\u00fcbsch","og_description":"Lernen Sie die perfekte Erg\u00e4nzung zur Amare Serie kennen - die Amare Schale in einer atemberaubenden Sandfarbe! Hergestellt aus hochwertigem Steinpulver,","og_url":"https:\/\/hubsch-interior.com\/de\/produkt\/amare-schale-small-sandfarben\/","og_site_name":"H\u00fcbsch","article_modified_time":"2026-04-29T02:28:27+00:00","og_image":[{"width":1200,"height":1200,"url":"https:\/\/hubsch-interior.com\/wp-content\/uploads\/2024\/09\/amare-bowl-small-sand-0fe7da7d4a1ccc60e5702eda71857c3d.jpg","type":"image\/jpeg"}],"twitter_card":"summary_large_image","schema":{"@context":"https:\/\/schema.org","@graph":[{"@type":"WebPage","@id":"https:\/\/hubsch-interior.com\/de\/produkt\/amare-schale-small-sandfarben\/","url":"https:\/\/hubsch-interior.com\/de\/produkt\/amare-schale-small-sandfarben\/","name":"Amare Schale Small Sandfarben - H\u00fcbsch","isPartOf":{"@id":"https:\/\/hubsch-interior.com\/de\/#website"},"primaryImageOfPage":{"@id":"https:\/\/hubsch-interior.com\/de\/produkt\/amare-schale-small-sandfarben\/#primaryimage"},"image":{"@id":"https:\/\/hubsch-interior.com\/de\/produkt\/amare-schale-small-sandfarben\/#primaryimage"},"thumbnailUrl":"https:\/\/hubsch-interior.com\/wp-content\/uploads\/2026\/02\/amare-bowl-small-sand-21b57c28965663d5f54ca265d72e118c.jpg","datePublished":"2024-01-29T07:31:07+00:00","dateModified":"2026-04-29T02:28:27+00:00","description":"Lernen Sie die perfekte Erg\u00e4nzung zur Amare Serie kennen - die Amare Schale in einer atemberaubenden Sandfarbe! Hergestellt aus hochwertigem Steinpulver,","breadcrumb":{"@id":"https:\/\/hubsch-interior.com\/de\/produkt\/amare-schale-small-sandfarben\/#breadcrumb"},"inLanguage":"de","potentialAction":[{"@type":"ReadAction","target":["https:\/\/hubsch-interior.com\/de\/produkt\/amare-schale-small-sandfarben\/"]}]},{"@type":"ImageObject","inLanguage":"de","@id":"https:\/\/hubsch-interior.com\/de\/produkt\/amare-schale-small-sandfarben\/#primaryimage","url":"https:\/\/hubsch-interior.com\/wp-content\/uploads\/2026\/02\/amare-bowl-small-sand-21b57c28965663d5f54ca265d72e118c.jpg","contentUrl":"https:\/\/hubsch-interior.com\/wp-content\/uploads\/2026\/02\/amare-bowl-small-sand-21b57c28965663d5f54ca265d72e118c.jpg","width":1024,"height":1024},{"@type":"BreadcrumbList","@id":"https:\/\/hubsch-interior.com\/de\/produkt\/amare-schale-small-sandfarben\/#breadcrumb","itemListElement":[{"@type":"ListItem","position":1,"name":"Startseite","item":"https:\/\/hubsch-interior.com\/de\/"},{"@type":"ListItem","position":2,"name":"Produkte","item":"https:\/\/hubsch-interior.com\/de\/shop-2\/"},{"@type":"ListItem","position":3,"name":"K\u00fcche","item":"https:\/\/hubsch-interior.com\/de\/produkt-kategorie\/kuche\/"},{"@type":"ListItem","position":4,"name":"Tischgeschirr","item":"https:\/\/hubsch-interior.com\/de\/produkt-kategorie\/kuche\/tischgeschirr-de-2\/"},{"@type":"ListItem","position":5,"name":"Servierplatten und Teller","item":"https:\/\/hubsch-interior.com\/de\/produkt-kategorie\/kuche\/tischgeschirr-de-2\/servierplatten-und-teller-de\/"},{"@type":"ListItem","position":6,"name":"Amare Schale Small Sandfarben"}]},{"@type":"WebSite","@id":"https:\/\/hubsch-interior.com\/de\/#website","url":"https:\/\/hubsch-interior.com\/de\/","name":"H\u00fcbsch","description":"Danish Home Interior and Design","publisher":{"@id":"https:\/\/hubsch-interior.com\/de\/#organization"},"potentialAction":[{"@type":"SearchAction","target":{"@type":"EntryPoint","urlTemplate":"https:\/\/hubsch-interior.com\/de\/?s={search_term_string}"},"query-input":{"@type":"PropertyValueSpecification","valueRequired":true,"valueName":"search_term_string"}}],"inLanguage":"de"},{"@type":"Organization","@id":"https:\/\/hubsch-interior.com\/de\/#organization","name":"H\u00fcbsch","url":"https:\/\/hubsch-interior.com\/de\/","logo":{"@type":"ImageObject","inLanguage":"de","@id":"https:\/\/hubsch-interior.com\/de\/#\/schema\/logo\/image\/","url":"https:\/\/hubsch-interior.com\/wp-content\/uploads\/2022\/12\/Hubsch_logo_black_one_line.svg","contentUrl":"https:\/\/hubsch-interior.com\/wp-content\/uploads\/2022\/12\/Hubsch_logo_black_one_line.svg","caption":"H\u00fcbsch"},"image":{"@id":"https:\/\/hubsch-interior.com\/de\/#\/schema\/logo\/image\/"}}]}},"_links":{"self":[{"href":"https:\/\/hubsch-interior.com\/de\/wp-json\/wp\/v2\/product\/975717","targetHints":{"allow":["GET"]}}],"collection":[{"href":"https:\/\/hubsch-interior.com\/de\/wp-json\/wp\/v2\/product"}],"about":[{"href":"https:\/\/hubsch-interior.com\/de\/wp-json\/wp\/v2\/types\/product"}],"wp:featuredmedia":[{"embeddable":true,"href":"https:\/\/hubsch-interior.com\/de\/wp-json\/wp\/v2\/media\/1096540"}],"wp:attachment":[{"href":"https:\/\/hubsch-interior.com\/de\/wp-json\/wp\/v2\/media?parent=975717"}],"wp:term":[{"taxonomy":"product_brand","embeddable":true,"href":"https:\/\/hubsch-interior.com\/de\/wp-json\/wp\/v2\/product_brand?post=975717"},{"taxonomy":"product_cat","embeddable":true,"href":"https:\/\/hubsch-interior.com\/de\/wp-json\/wp\/v2\/product_cat?post=975717"},{"taxonomy":"product_tag","embeddable":true,"href":"https:\/\/hubsch-interior.com\/de\/wp-json\/wp\/v2\/product_tag?post=975717"}],"curies":[{"name":"wp","href":"https:\/\/api.w.org\/{rel}","templated":true}]}}

<p>Lernen Sie die perfekte Ergänzung zur Amare Serie kennen &#8211; die Amare Schale in einer atemberaubenden Sandfarbe! Hergestellt aus hochwertigem Steinpulver, ist diese moderne und vielseitige Schale nicht nur hitzebeständig, sondern auch in fünf verschiedenen Varianten erhältlich, um Ihrem persönlichen Stil gerecht zu werden. Verstauen Sie Ihre Lieblingsfrüchte oder Gemüse oder verwenden Sie sie als Salat-Servierschale für zwei Personen &#8211; die Möglichkeiten sind endlos mit diesem vielseitigen Schmuckstück. Geben Sie Ihren Gästen das volle Amare-Erlebnis, indem Sie diese exquisite Schale zu Ihrer Sammlung hinzufügen.</p>

<p>Lernen Sie die perfekte Ergänzung zur Amare Serie kennen &#8211; die Amare Schale in einer atemberaubenden Sandfarbe! Hergestellt aus hochwertigem Steinpulver, ist diese moderne und vielseitige Schale nicht nur hitzebeständig, sondern auch in fünf verschiedenen Varianten erhältlich, um Ihrem persönlichen Stil gerecht zu werden. Verstauen Sie Ihre Lieblingsfrüchte oder Gemüse oder verwenden Sie sie als [&hellip;]</p>

<!-- This site is optimized with the Yoast SEO plugin v26.4 - https://yoast.com/wordpress/plugins/seo/ -->
<title>Amare Schale Small Sandfarben - Hübsch</title>
<meta name="description" content="Lernen Sie die perfekte Ergänzung zur Amare Serie kennen - die Amare Schale in einer atemberaubenden Sandfarbe! Hergestellt aus hochwertigem Steinpulver," />
<meta name="robots" content="index, follow, max-snippet:-1, max-image-preview:large, max-video-preview:-1" />
<link rel="canonical" href="https://hubsch-interior.com/de/wp-json/wp/v2/product/975717" />
<meta property="og:locale" content="de_DE" />
<meta property="og:type" content="article" />
<meta property="og:title" content="Amare Schale Small Sandfarben - Hübsch" />
<meta property="og:description" content="Lernen Sie die perfekte Ergänzung zur Amare Serie kennen - die Amare Schale in einer atemberaubenden Sandfarbe! Hergestellt aus hochwertigem Steinpulver," />
<meta property="og:url" content="https://hubsch-interior.com/de/produkt/amare-schale-small-sandfarben/" />
<meta property="og:site_name" content="Hübsch" />
<meta property="article:modified_time" content="2026-04-29T02:28:27+00:00" />
<meta property="og:image" content="https://hubsch-interior.com/wp-content/uploads/2024/09/amare-bowl-small-sand-0fe7da7d4a1ccc60e5702eda71857c3d.jpg" />
	<meta property="og:image:width" content="1200" />
	<meta property="og:image:height" content="1200" />
	<meta property="og:image:type" content="image/jpeg" />
<meta name="twitter:card" content="summary_large_image" />
<script type="application/ld+json" class="yoast-schema-graph">{"@context":"https://schema.org","@graph":[{"@type":"WebPage","@id":"https://hubsch-interior.com/de/produkt/amare-schale-small-sandfarben/","url":"https://hubsch-interior.com/de/produkt/amare-schale-small-sandfarben/","name":"Amare Schale Small Sandfarben - Hübsch","isPartOf":{"@id":"https://hubsch-interior.com/de/#website"},"primaryImageOfPage":{"@id":"https://hubsch-interior.com/de/produkt/amare-schale-small-sandfarben/#primaryimage"},"image":{"@id":"https://hubsch-interior.com/de/produkt/amare-schale-small-sandfarben/#primaryimage"},"thumbnailUrl":"https://hubsch-interior.com/wp-content/uploads/2026/02/amare-bowl-small-sand-21b57c28965663d5f54ca265d72e118c.jpg","datePublished":"2024-01-29T07:31:07+00:00","dateModified":"2026-04-29T02:28:27+00:00","description":"Lernen Sie die perfekte Ergänzung zur Amare Serie kennen - die Amare Schale in einer atemberaubenden Sandfarbe! Hergestellt aus hochwertigem Steinpulver,","breadcrumb":{"@id":"https://hubsch-interior.com/de/produkt/amare-schale-small-sandfarben/#breadcrumb"},"inLanguage":"de","potentialAction":[{"@type":"ReadAction","target":["https://hubsch-interior.com/de/produkt/amare-schale-small-sandfarben/"]}]},{"@type":"ImageObject","inLanguage":"de","@id":"https://hubsch-interior.com/de/produkt/amare-schale-small-sandfarben/#primaryimage","url":"https://hubsch-interior.com/wp-content/uploads/2026/02/amare-bowl-small-sand-21b57c28965663d5f54ca265d72e118c.jpg","contentUrl":"https://hubsch-interior.com/wp-content/uploads/2026/02/amare-bowl-small-sand-21b57c28965663d5f54ca265d72e118c.jpg","width":1024,"height":1024},{"@type":"BreadcrumbList","@id":"https://hubsch-interior.com/de/produkt/amare-schale-small-sandfarben/#breadcrumb","itemListElement":[{"@type":"ListItem","position":1,"name":"Startseite","item":"https://hubsch-interior.com/de/"},{"@type":"ListItem","position":2,"name":"Produkte","item":"https://hubsch-interior.com/de/shop-2/"},{"@type":"ListItem","position":3,"name":"Küche","item":"https://hubsch-interior.com/de/produkt-kategorie/kuche/"},{"@type":"ListItem","position":4,"name":"Tischgeschirr","item":"https://hubsch-interior.com/de/produkt-kategorie/kuche/tischgeschirr-de-2/"},{"@type":"ListItem","position":5,"name":"Servierplatten und Teller","item":"https://hubsch-interior.com/de/produkt-kategorie/kuche/tischgeschirr-de-2/servierplatten-und-teller-de/"},{"@type":"ListItem","position":6,"name":"Amare Schale Small Sandfarben"}]},{"@type":"WebSite","@id":"https://hubsch-interior.com/de/#website","url":"https://hubsch-interior.com/de/","name":"Hübsch","description":"Danish Home Interior and Design","publisher":{"@id":"https://hubsch-interior.com/de/#organization"},"potentialAction":[{"@type":"SearchAction","target":{"@type":"EntryPoint","urlTemplate":"https://hubsch-interior.com/de/?s={search_term_string}"},"query-input":{"@type":"PropertyValueSpecification","valueRequired":true,"valueName":"search_term_string"}}],"inLanguage":"de"},{"@type":"Organization","@id":"https://hubsch-interior.com/de/#organization","name":"Hübsch","url":"https://hubsch-interior.com/de/","logo":{"@type":"ImageObject","inLanguage":"de","@id":"https://hubsch-interior.com/de/#/schema/logo/image/","url":"https://hubsch-interior.com/wp-content/uploads/2022/12/Hubsch_logo_black_one_line.svg","contentUrl":"https://hubsch-interior.com/wp-content/uploads/2022/12/Hubsch_logo_black_one_line.svg","caption":"Hübsch"},"image":{"@id":"https://hubsch-interior.com/de/#/schema/logo/image/"}}]}</script>
<!-- / Yoast SEO plugin. -->

Amare Schale Small Sandfarben - Hübsch

Lernen Sie die perfekte Ergänzung zur Amare Serie kennen - die Amare Schale in einer atemberaubenden Sandfarbe! Hergestellt aus hochwertigem Steinpulver,

Hübsch

Küche
