{"id":977316,"date":"2024-01-29T09:27:12","date_gmt":"2024-01-29T08:27:12","guid":{"rendered":"https:\/\/hubsch-interior.com\/product\/product\/"},"modified":"2026-05-01T04:55:43","modified_gmt":"2026-05-01T02:55:43","slug":"heritage-regal-small-naturfarben","status":"publish","type":"product","link":"https:\/\/hubsch-interior.com\/de\/produkt\/heritage-regal-small-naturfarben\/","title":{"rendered":"Heritage Regal Small Naturfarben"},"content":{"rendered":"<p>Verleihen Sie Ihrem Zuhause eine zeitlose Eleganz mit unserem Heritage Regal. Hergestellt aus FSC-zertifiziertem Eichenholz und Furnier, ist dieses Regal nicht nur optisch ansprechend, sondern auch umweltfreundlich. Mit seiner nat\u00fcrlichen Farbe f\u00fcgt es sich m\u00fchelos in jeden Einrichtungsstil ein. Der 100%ige FSC Papierkordeinsatz verleiht dem Regal eine einzigartige Note und macht es perfekt als Raumteiler oder an der Wand. Die abgerundeten Ecken sorgen f\u00fcr eine sichere und stilvolle Erg\u00e4nzung Ihrer Wohnr\u00e4ume. W\u00e4hlen Sie aus zwei vielseitigen Varianten und verleihen Sie Ihrem Zuhause mit unserem Heritage Regal eine besondere Atmosph\u00e4re.<\/p>\n","protected":false},"excerpt":{"rendered":"<p>Verleihen Sie Ihrem Zuhause eine zeitlose Eleganz mit unserem Heritage Regal. Hergestellt aus FSC-zertifiziertem Eichenholz und Furnier, ist dieses Regal nicht nur optisch ansprechend, sondern auch umweltfreundlich. Mit seiner nat\u00fcrlichen Farbe f\u00fcgt es sich m\u00fchelos in jeden Einrichtungsstil ein. Der 100%ige FSC Papierkordeinsatz verleiht dem Regal eine einzigartige Note und macht es perfekt als Raumteiler [&hellip;]<\/p>\n","protected":false},"featured_media":1103777,"template":"","meta":{"_acf_changed":false,"inline_featured_image":false},"product_brand":[],"product_cat":[6884,6893,4003,4012,5027],"product_tag":[],"class_list":{"0":"post-977316","1":"product","2":"type-product","3":"status-publish","4":"has-post-thumbnail","6":"product_cat-elevating-nostalgia-de","7":"product_cat-multifunktionale-moebel-de","8":"product_cat-regale-aufbewahrung-de","9":"product_cat-regale-de","10":"product_cat-bestsellers-de","11":"product_shipping_class-p05","13":"pa_color-naturfarben-2","14":"pa_material-mdf-de","15":"pa_material-eichenfurnier","16":"pa_material-eichenholz","17":"pa_material-papierschnur","19":"first","20":"outofstock","21":"featured","22":"taxable","23":"shipping-taxable","24":"purchasable","25":"product-type-simple"},"exclude_global_add_ons":[],"addons":[],"acf":[],"yoast_head":"<!-- This site is optimized with the Yoast SEO plugin v26.4 - https:\/\/yoast.com\/wordpress\/plugins\/seo\/ -->\n<title>Heritage Regal Small Naturfarben - H\u00fcbsch<\/title>\n<meta name=\"description\" content=\"Verleihen Sie Ihrem Zuhause eine zeitlose Eleganz mit unserem Heritage Regal. Hergestellt aus FSC-zertifiziertem Eichenholz und Furnier, ist dieses Regal\" \/>\n<meta name=\"robots\" content=\"index, follow, max-snippet:-1, max-image-preview:large, max-video-preview:-1\" \/>\n<link rel=\"canonical\" href=\"https:\/\/hubsch-interior.com\/de\/wp-json\/wp\/v2\/product\/977316\" \/>\n<meta property=\"og:locale\" content=\"de_DE\" \/>\n<meta property=\"og:type\" content=\"article\" \/>\n<meta property=\"og:title\" content=\"Heritage Regal Small Naturfarben - H\u00fcbsch\" \/>\n<meta property=\"og:description\" content=\"Verleihen Sie Ihrem Zuhause eine zeitlose Eleganz mit unserem Heritage Regal. Hergestellt aus FSC-zertifiziertem Eichenholz und Furnier, ist dieses Regal\" \/>\n<meta property=\"og:url\" content=\"https:\/\/hubsch-interior.com\/de\/produkt\/heritage-regal-small-naturfarben\/\" \/>\n<meta property=\"og:site_name\" content=\"H\u00fcbsch\" \/>\n<meta property=\"article:modified_time\" content=\"2026-05-01T02:55:43+00:00\" \/>\n<meta property=\"og:image\" content=\"https:\/\/hubsch-interior.com\/wp-content\/uploads\/2026\/02\/heritage-shelf-unit-small-natural-4bc90dd462ef863c7f5acfc1d5499129.jpg\" \/>\n\t<meta property=\"og:image:width\" content=\"1024\" \/>\n\t<meta property=\"og:image:height\" content=\"1024\" \/>\n\t<meta property=\"og:image:type\" content=\"image\/jpeg\" \/>\n<meta name=\"twitter:card\" content=\"summary_large_image\" \/>\n<script type=\"application\/ld+json\" class=\"yoast-schema-graph\">{\"@context\":\"https:\/\/schema.org\",\"@graph\":[{\"@type\":\"WebPage\",\"@id\":\"https:\/\/hubsch-interior.com\/de\/produkt\/heritage-regal-small-naturfarben\/\",\"url\":\"https:\/\/hubsch-interior.com\/de\/produkt\/heritage-regal-small-naturfarben\/\",\"name\":\"Heritage Regal Small Naturfarben - H\u00fcbsch\",\"isPartOf\":{\"@id\":\"https:\/\/hubsch-interior.com\/de\/#website\"},\"primaryImageOfPage\":{\"@id\":\"https:\/\/hubsch-interior.com\/de\/produkt\/heritage-regal-small-naturfarben\/#primaryimage\"},\"image\":{\"@id\":\"https:\/\/hubsch-interior.com\/de\/produkt\/heritage-regal-small-naturfarben\/#primaryimage\"},\"thumbnailUrl\":\"https:\/\/hubsch-interior.com\/wp-content\/uploads\/2026\/02\/heritage-shelf-unit-small-natural-4bc90dd462ef863c7f5acfc1d5499129.jpg\",\"datePublished\":\"2024-01-29T08:27:12+00:00\",\"dateModified\":\"2026-05-01T02:55:43+00:00\",\"description\":\"Verleihen Sie Ihrem Zuhause eine zeitlose Eleganz mit unserem Heritage Regal. Hergestellt aus FSC-zertifiziertem Eichenholz und Furnier, ist dieses Regal\",\"breadcrumb\":{\"@id\":\"https:\/\/hubsch-interior.com\/de\/produkt\/heritage-regal-small-naturfarben\/#breadcrumb\"},\"inLanguage\":\"de\",\"potentialAction\":[{\"@type\":\"ReadAction\",\"target\":[\"https:\/\/hubsch-interior.com\/de\/produkt\/heritage-regal-small-naturfarben\/\"]}]},{\"@type\":\"ImageObject\",\"inLanguage\":\"de\",\"@id\":\"https:\/\/hubsch-interior.com\/de\/produkt\/heritage-regal-small-naturfarben\/#primaryimage\",\"url\":\"https:\/\/hubsch-interior.com\/wp-content\/uploads\/2026\/02\/heritage-shelf-unit-small-natural-4bc90dd462ef863c7f5acfc1d5499129.jpg\",\"contentUrl\":\"https:\/\/hubsch-interior.com\/wp-content\/uploads\/2026\/02\/heritage-shelf-unit-small-natural-4bc90dd462ef863c7f5acfc1d5499129.jpg\",\"width\":1024,\"height\":1024},{\"@type\":\"BreadcrumbList\",\"@id\":\"https:\/\/hubsch-interior.com\/de\/produkt\/heritage-regal-small-naturfarben\/#breadcrumb\",\"itemListElement\":[{\"@type\":\"ListItem\",\"position\":1,\"name\":\"Startseite\",\"item\":\"https:\/\/hubsch-interior.com\/de\/\"},{\"@type\":\"ListItem\",\"position\":2,\"name\":\"Produkte\",\"item\":\"https:\/\/hubsch-interior.com\/de\/shop-2\/\"},{\"@type\":\"ListItem\",\"position\":3,\"name\":\"M\u00f6bel\",\"item\":\"https:\/\/hubsch-interior.com\/de\/produkt-kategorie\/moebel\/\"},{\"@type\":\"ListItem\",\"position\":4,\"name\":\"Regale &amp; Aufbewahrung\",\"item\":\"https:\/\/hubsch-interior.com\/de\/produkt-kategorie\/moebel\/regale-aufbewahrung-de\/\"},{\"@type\":\"ListItem\",\"position\":5,\"name\":\"Regale\",\"item\":\"https:\/\/hubsch-interior.com\/de\/produkt-kategorie\/moebel\/regale-aufbewahrung-de\/regale-de\/\"},{\"@type\":\"ListItem\",\"position\":6,\"name\":\"Heritage Regal Small Naturfarben\"}]},{\"@type\":\"WebSite\",\"@id\":\"https:\/\/hubsch-interior.com\/de\/#website\",\"url\":\"https:\/\/hubsch-interior.com\/de\/\",\"name\":\"H\u00fcbsch\",\"description\":\"Danish Home Interior and Design\",\"publisher\":{\"@id\":\"https:\/\/hubsch-interior.com\/de\/#organization\"},\"potentialAction\":[{\"@type\":\"SearchAction\",\"target\":{\"@type\":\"EntryPoint\",\"urlTemplate\":\"https:\/\/hubsch-interior.com\/de\/?s={search_term_string}\"},\"query-input\":{\"@type\":\"PropertyValueSpecification\",\"valueRequired\":true,\"valueName\":\"search_term_string\"}}],\"inLanguage\":\"de\"},{\"@type\":\"Organization\",\"@id\":\"https:\/\/hubsch-interior.com\/de\/#organization\",\"name\":\"H\u00fcbsch\",\"url\":\"https:\/\/hubsch-interior.com\/de\/\",\"logo\":{\"@type\":\"ImageObject\",\"inLanguage\":\"de\",\"@id\":\"https:\/\/hubsch-interior.com\/de\/#\/schema\/logo\/image\/\",\"url\":\"https:\/\/hubsch-interior.com\/wp-content\/uploads\/2022\/12\/Hubsch_logo_black_one_line.svg\",\"contentUrl\":\"https:\/\/hubsch-interior.com\/wp-content\/uploads\/2022\/12\/Hubsch_logo_black_one_line.svg\",\"caption\":\"H\u00fcbsch\"},\"image\":{\"@id\":\"https:\/\/hubsch-interior.com\/de\/#\/schema\/logo\/image\/\"}}]}<\/script>\n<!-- \/ Yoast SEO plugin. -->","yoast_head_json":{"title":"Heritage Regal Small Naturfarben - H\u00fcbsch","description":"Verleihen Sie Ihrem Zuhause eine zeitlose Eleganz mit unserem Heritage Regal. Hergestellt aus FSC-zertifiziertem Eichenholz und Furnier, ist dieses Regal","robots":{"index":"index","follow":"follow","max-snippet":"max-snippet:-1","max-image-preview":"max-image-preview:large","max-video-preview":"max-video-preview:-1"},"canonical":"https:\/\/hubsch-interior.com\/de\/wp-json\/wp\/v2\/product\/977316","og_locale":"de_DE","og_type":"article","og_title":"Heritage Regal Small Naturfarben - H\u00fcbsch","og_description":"Verleihen Sie Ihrem Zuhause eine zeitlose Eleganz mit unserem Heritage Regal. Hergestellt aus FSC-zertifiziertem Eichenholz und Furnier, ist dieses Regal","og_url":"https:\/\/hubsch-interior.com\/de\/produkt\/heritage-regal-small-naturfarben\/","og_site_name":"H\u00fcbsch","article_modified_time":"2026-05-01T02:55:43+00:00","og_image":[{"width":1024,"height":1024,"url":"https:\/\/hubsch-interior.com\/wp-content\/uploads\/2026\/02\/heritage-shelf-unit-small-natural-4bc90dd462ef863c7f5acfc1d5499129.jpg","type":"image\/jpeg"}],"twitter_card":"summary_large_image","schema":{"@context":"https:\/\/schema.org","@graph":[{"@type":"WebPage","@id":"https:\/\/hubsch-interior.com\/de\/produkt\/heritage-regal-small-naturfarben\/","url":"https:\/\/hubsch-interior.com\/de\/produkt\/heritage-regal-small-naturfarben\/","name":"Heritage Regal Small Naturfarben - H\u00fcbsch","isPartOf":{"@id":"https:\/\/hubsch-interior.com\/de\/#website"},"primaryImageOfPage":{"@id":"https:\/\/hubsch-interior.com\/de\/produkt\/heritage-regal-small-naturfarben\/#primaryimage"},"image":{"@id":"https:\/\/hubsch-interior.com\/de\/produkt\/heritage-regal-small-naturfarben\/#primaryimage"},"thumbnailUrl":"https:\/\/hubsch-interior.com\/wp-content\/uploads\/2026\/02\/heritage-shelf-unit-small-natural-4bc90dd462ef863c7f5acfc1d5499129.jpg","datePublished":"2024-01-29T08:27:12+00:00","dateModified":"2026-05-01T02:55:43+00:00","description":"Verleihen Sie Ihrem Zuhause eine zeitlose Eleganz mit unserem Heritage Regal. Hergestellt aus FSC-zertifiziertem Eichenholz und Furnier, ist dieses Regal","breadcrumb":{"@id":"https:\/\/hubsch-interior.com\/de\/produkt\/heritage-regal-small-naturfarben\/#breadcrumb"},"inLanguage":"de","potentialAction":[{"@type":"ReadAction","target":["https:\/\/hubsch-interior.com\/de\/produkt\/heritage-regal-small-naturfarben\/"]}]},{"@type":"ImageObject","inLanguage":"de","@id":"https:\/\/hubsch-interior.com\/de\/produkt\/heritage-regal-small-naturfarben\/#primaryimage","url":"https:\/\/hubsch-interior.com\/wp-content\/uploads\/2026\/02\/heritage-shelf-unit-small-natural-4bc90dd462ef863c7f5acfc1d5499129.jpg","contentUrl":"https:\/\/hubsch-interior.com\/wp-content\/uploads\/2026\/02\/heritage-shelf-unit-small-natural-4bc90dd462ef863c7f5acfc1d5499129.jpg","width":1024,"height":1024},{"@type":"BreadcrumbList","@id":"https:\/\/hubsch-interior.com\/de\/produkt\/heritage-regal-small-naturfarben\/#breadcrumb","itemListElement":[{"@type":"ListItem","position":1,"name":"Startseite","item":"https:\/\/hubsch-interior.com\/de\/"},{"@type":"ListItem","position":2,"name":"Produkte","item":"https:\/\/hubsch-interior.com\/de\/shop-2\/"},{"@type":"ListItem","position":3,"name":"M\u00f6bel","item":"https:\/\/hubsch-interior.com\/de\/produkt-kategorie\/moebel\/"},{"@type":"ListItem","position":4,"name":"Regale &amp; Aufbewahrung","item":"https:\/\/hubsch-interior.com\/de\/produkt-kategorie\/moebel\/regale-aufbewahrung-de\/"},{"@type":"ListItem","position":5,"name":"Regale","item":"https:\/\/hubsch-interior.com\/de\/produkt-kategorie\/moebel\/regale-aufbewahrung-de\/regale-de\/"},{"@type":"ListItem","position":6,"name":"Heritage Regal Small Naturfarben"}]},{"@type":"WebSite","@id":"https:\/\/hubsch-interior.com\/de\/#website","url":"https:\/\/hubsch-interior.com\/de\/","name":"H\u00fcbsch","description":"Danish Home Interior and Design","publisher":{"@id":"https:\/\/hubsch-interior.com\/de\/#organization"},"potentialAction":[{"@type":"SearchAction","target":{"@type":"EntryPoint","urlTemplate":"https:\/\/hubsch-interior.com\/de\/?s={search_term_string}"},"query-input":{"@type":"PropertyValueSpecification","valueRequired":true,"valueName":"search_term_string"}}],"inLanguage":"de"},{"@type":"Organization","@id":"https:\/\/hubsch-interior.com\/de\/#organization","name":"H\u00fcbsch","url":"https:\/\/hubsch-interior.com\/de\/","logo":{"@type":"ImageObject","inLanguage":"de","@id":"https:\/\/hubsch-interior.com\/de\/#\/schema\/logo\/image\/","url":"https:\/\/hubsch-interior.com\/wp-content\/uploads\/2022\/12\/Hubsch_logo_black_one_line.svg","contentUrl":"https:\/\/hubsch-interior.com\/wp-content\/uploads\/2022\/12\/Hubsch_logo_black_one_line.svg","caption":"H\u00fcbsch"},"image":{"@id":"https:\/\/hubsch-interior.com\/de\/#\/schema\/logo\/image\/"}}]}},"_links":{"self":[{"href":"https:\/\/hubsch-interior.com\/de\/wp-json\/wp\/v2\/product\/977316","targetHints":{"allow":["GET"]}}],"collection":[{"href":"https:\/\/hubsch-interior.com\/de\/wp-json\/wp\/v2\/product"}],"about":[{"href":"https:\/\/hubsch-interior.com\/de\/wp-json\/wp\/v2\/types\/product"}],"wp:featuredmedia":[{"embeddable":true,"href":"https:\/\/hubsch-interior.com\/de\/wp-json\/wp\/v2\/media\/1103777"}],"wp:attachment":[{"href":"https:\/\/hubsch-interior.com\/de\/wp-json\/wp\/v2\/media?parent=977316"}],"wp:term":[{"taxonomy":"product_brand","embeddable":true,"href":"https:\/\/hubsch-interior.com\/de\/wp-json\/wp\/v2\/product_brand?post=977316"},{"taxonomy":"product_cat","embeddable":true,"href":"https:\/\/hubsch-interior.com\/de\/wp-json\/wp\/v2\/product_cat?post=977316"},{"taxonomy":"product_tag","embeddable":true,"href":"https:\/\/hubsch-interior.com\/de\/wp-json\/wp\/v2\/product_tag?post=977316"}],"curies":[{"name":"wp","href":"https:\/\/api.w.org\/{rel}","templated":true}]}}

<p>Verleihen Sie Ihrem Zuhause eine zeitlose Eleganz mit unserem Heritage Regal. Hergestellt aus FSC-zertifiziertem Eichenholz und Furnier, ist dieses Regal nicht nur optisch ansprechend, sondern auch umweltfreundlich. Mit seiner natürlichen Farbe fügt es sich mühelos in jeden Einrichtungsstil ein. Der 100%ige FSC Papierkordeinsatz verleiht dem Regal eine einzigartige Note und macht es perfekt als Raumteiler oder an der Wand. Die abgerundeten Ecken sorgen für eine sichere und stilvolle Ergänzung Ihrer Wohnräume. Wählen Sie aus zwei vielseitigen Varianten und verleihen Sie Ihrem Zuhause mit unserem Heritage Regal eine besondere Atmosphäre.</p>

<p>Verleihen Sie Ihrem Zuhause eine zeitlose Eleganz mit unserem Heritage Regal. Hergestellt aus FSC-zertifiziertem Eichenholz und Furnier, ist dieses Regal nicht nur optisch ansprechend, sondern auch umweltfreundlich. Mit seiner natürlichen Farbe fügt es sich mühelos in jeden Einrichtungsstil ein. Der 100%ige FSC Papierkordeinsatz verleiht dem Regal eine einzigartige Note und macht es perfekt als Raumteiler [&hellip;]</p>

<!-- This site is optimized with the Yoast SEO plugin v26.4 - https://yoast.com/wordpress/plugins/seo/ -->
<title>Heritage Regal Small Naturfarben - Hübsch</title>
<meta name="description" content="Verleihen Sie Ihrem Zuhause eine zeitlose Eleganz mit unserem Heritage Regal. Hergestellt aus FSC-zertifiziertem Eichenholz und Furnier, ist dieses Regal" />
<meta name="robots" content="index, follow, max-snippet:-1, max-image-preview:large, max-video-preview:-1" />
<link rel="canonical" href="https://hubsch-interior.com/de/wp-json/wp/v2/product/977316" />
<meta property="og:locale" content="de_DE" />
<meta property="og:type" content="article" />
<meta property="og:title" content="Heritage Regal Small Naturfarben - Hübsch" />
<meta property="og:description" content="Verleihen Sie Ihrem Zuhause eine zeitlose Eleganz mit unserem Heritage Regal. Hergestellt aus FSC-zertifiziertem Eichenholz und Furnier, ist dieses Regal" />
<meta property="og:url" content="https://hubsch-interior.com/de/produkt/heritage-regal-small-naturfarben/" />
<meta property="og:site_name" content="Hübsch" />
<meta property="article:modified_time" content="2026-05-01T02:55:43+00:00" />
<meta property="og:image" content="https://hubsch-interior.com/wp-content/uploads/2026/02/heritage-shelf-unit-small-natural-4bc90dd462ef863c7f5acfc1d5499129.jpg" />
	<meta property="og:image:width" content="1024" />
	<meta property="og:image:height" content="1024" />
	<meta property="og:image:type" content="image/jpeg" />
<meta name="twitter:card" content="summary_large_image" />
<script type="application/ld+json" class="yoast-schema-graph">{"@context":"https://schema.org","@graph":[{"@type":"WebPage","@id":"https://hubsch-interior.com/de/produkt/heritage-regal-small-naturfarben/","url":"https://hubsch-interior.com/de/produkt/heritage-regal-small-naturfarben/","name":"Heritage Regal Small Naturfarben - Hübsch","isPartOf":{"@id":"https://hubsch-interior.com/de/#website"},"primaryImageOfPage":{"@id":"https://hubsch-interior.com/de/produkt/heritage-regal-small-naturfarben/#primaryimage"},"image":{"@id":"https://hubsch-interior.com/de/produkt/heritage-regal-small-naturfarben/#primaryimage"},"thumbnailUrl":"https://hubsch-interior.com/wp-content/uploads/2026/02/heritage-shelf-unit-small-natural-4bc90dd462ef863c7f5acfc1d5499129.jpg","datePublished":"2024-01-29T08:27:12+00:00","dateModified":"2026-05-01T02:55:43+00:00","description":"Verleihen Sie Ihrem Zuhause eine zeitlose Eleganz mit unserem Heritage Regal. Hergestellt aus FSC-zertifiziertem Eichenholz und Furnier, ist dieses Regal","breadcrumb":{"@id":"https://hubsch-interior.com/de/produkt/heritage-regal-small-naturfarben/#breadcrumb"},"inLanguage":"de","potentialAction":[{"@type":"ReadAction","target":["https://hubsch-interior.com/de/produkt/heritage-regal-small-naturfarben/"]}]},{"@type":"ImageObject","inLanguage":"de","@id":"https://hubsch-interior.com/de/produkt/heritage-regal-small-naturfarben/#primaryimage","url":"https://hubsch-interior.com/wp-content/uploads/2026/02/heritage-shelf-unit-small-natural-4bc90dd462ef863c7f5acfc1d5499129.jpg","contentUrl":"https://hubsch-interior.com/wp-content/uploads/2026/02/heritage-shelf-unit-small-natural-4bc90dd462ef863c7f5acfc1d5499129.jpg","width":1024,"height":1024},{"@type":"BreadcrumbList","@id":"https://hubsch-interior.com/de/produkt/heritage-regal-small-naturfarben/#breadcrumb","itemListElement":[{"@type":"ListItem","position":1,"name":"Startseite","item":"https://hubsch-interior.com/de/"},{"@type":"ListItem","position":2,"name":"Produkte","item":"https://hubsch-interior.com/de/shop-2/"},{"@type":"ListItem","position":3,"name":"Möbel","item":"https://hubsch-interior.com/de/produkt-kategorie/moebel/"},{"@type":"ListItem","position":4,"name":"Regale &amp; Aufbewahrung","item":"https://hubsch-interior.com/de/produkt-kategorie/moebel/regale-aufbewahrung-de/"},{"@type":"ListItem","position":5,"name":"Regale","item":"https://hubsch-interior.com/de/produkt-kategorie/moebel/regale-aufbewahrung-de/regale-de/"},{"@type":"ListItem","position":6,"name":"Heritage Regal Small Naturfarben"}]},{"@type":"WebSite","@id":"https://hubsch-interior.com/de/#website","url":"https://hubsch-interior.com/de/","name":"Hübsch","description":"Danish Home Interior and Design","publisher":{"@id":"https://hubsch-interior.com/de/#organization"},"potentialAction":[{"@type":"SearchAction","target":{"@type":"EntryPoint","urlTemplate":"https://hubsch-interior.com/de/?s={search_term_string}"},"query-input":{"@type":"PropertyValueSpecification","valueRequired":true,"valueName":"search_term_string"}}],"inLanguage":"de"},{"@type":"Organization","@id":"https://hubsch-interior.com/de/#organization","name":"Hübsch","url":"https://hubsch-interior.com/de/","logo":{"@type":"ImageObject","inLanguage":"de","@id":"https://hubsch-interior.com/de/#/schema/logo/image/","url":"https://hubsch-interior.com/wp-content/uploads/2022/12/Hubsch_logo_black_one_line.svg","contentUrl":"https://hubsch-interior.com/wp-content/uploads/2022/12/Hubsch_logo_black_one_line.svg","caption":"Hübsch"},"image":{"@id":"https://hubsch-interior.com/de/#/schema/logo/image/"}}]}</script>
<!-- / Yoast SEO plugin. -->

Heritage Regal Small Naturfarben - Hübsch

Hübsch

Möbel
