{"id":1058017,"date":"2025-05-19T13:15:49","date_gmt":"2025-05-19T11:15:49","guid":{"rendered":"https:\/\/hubsch-interior.com\/product\/product\/"},"modified":"2026-04-30T04:42:58","modified_gmt":"2026-04-30T02:42:58","slug":"pavilion-plaid-block-bleu-multicolore","status":"publish","type":"product","link":"https:\/\/hubsch-interior.com\/fr\/produit\/pavilion-plaid-block-bleu-multicolore\/","title":{"rendered":"Pavilion Plaid Block Bleu\/\u00a0Multicolor\u00e9"},"content":{"rendered":"<p>D\u00e9couvrez le **Pavilion Plaid**, pr\u00e9sent\u00e9 dans une palette envo\u00fbtante de bleu et de multicolore, combinant des tons bleus et terreux avec une touche de rouge. Cette variante, confectionn\u00e9e selon une technique de couette douillette, garantit une exp\u00e9rience confortable. Certifi\u00e9 OEKO-TEX\u00ae STANDARD 100 et fabriqu\u00e9 avec amour en pur coton, il est parfait pour un pique-nique ou pour se blottir pendant les soir\u00e9es fra\u00eeches. Choisissez votre pr\u00e9f\u00e9r\u00e9 parmi nos deux charmantes variantes pour apporter une touche de chaleur et de couleur dans votre quotidien.<\/p>\n","protected":false},"excerpt":{"rendered":"<p>D\u00e9couvrez le **Pavilion Plaid**, pr\u00e9sent\u00e9 dans une palette envo\u00fbtante de bleu et de multicolore, combinant des tons bleus et terreux avec une touche de rouge. Cette variante, confectionn\u00e9e selon une technique de couette douillette, garantit une exp\u00e9rience confortable. Certifi\u00e9 OEKO-TEX\u00ae STANDARD 100 et fabriqu\u00e9 avec amour en pur coton, il est parfait pour un pique-nique [&hellip;]<\/p>\n","protected":false},"featured_media":1100508,"template":"","meta":{"_acf_changed":false,"inline_featured_image":false},"product_brand":[],"product_cat":[6939,6363,5026,4942,6971,3002,6997],"product_tag":[],"class_list":{"0":"post-1058017","1":"product","2":"type-product","3":"status-publish","4":"has-post-thumbnail","6":"product_cat-additions-fr","7":"product_cat-couvre-lits-fr","8":"product_cat-bestsellers-fr","9":"product_cat-plaids-fr","10":"product_cat-paques","11":"product_cat-textile","12":"product_cat-the-buzz-fr","13":"product_shipping_class-pk","14":"pa_color-multicolor-2","15":"pa_color-bleu-2","16":"pa_material-cotton-100-fr","18":"first","19":"instock","20":"featured","21":"taxable","22":"shipping-taxable","23":"purchasable","24":"product-type-simple"},"exclude_global_add_ons":[],"addons":[],"acf":[],"yoast_head":"<!-- This site is optimized with the Yoast SEO plugin v26.4 - https:\/\/yoast.com\/wordpress\/plugins\/seo\/ -->\n<title>Pavilion Plaid Block Bleu\/\u00a0Multicolor\u00e9 - H\u00fcbsch<\/title>\n<meta name=\"description\" content=\"D\u00e9couvrez le **Pavilion Plaid**, pr\u00e9sent\u00e9 dans une palette envo\u00fbtante de bleu et de multicolore, combinant des tons bleus et terreux avec une touche de\" \/>\n<meta name=\"robots\" content=\"index, follow, max-snippet:-1, max-image-preview:large, max-video-preview:-1\" \/>\n<link rel=\"canonical\" href=\"https:\/\/hubsch-interior.com\/fr\/wp-json\/wp\/v2\/product\/1058017\" \/>\n<meta property=\"og:locale\" content=\"fr_FR\" \/>\n<meta property=\"og:type\" content=\"article\" \/>\n<meta property=\"og:title\" content=\"Pavilion Plaid Block Bleu\/\u00a0Multicolor\u00e9 - H\u00fcbsch\" \/>\n<meta property=\"og:description\" content=\"D\u00e9couvrez le **Pavilion Plaid**, pr\u00e9sent\u00e9 dans une palette envo\u00fbtante de bleu et de multicolore, combinant des tons bleus et terreux avec une touche de\" \/>\n<meta property=\"og:url\" content=\"https:\/\/hubsch-interior.com\/fr\/produit\/pavilion-plaid-block-bleu-multicolore\/\" \/>\n<meta property=\"og:site_name\" content=\"H\u00fcbsch\" \/>\n<meta property=\"article:modified_time\" content=\"2026-04-30T02:42:58+00:00\" \/>\n<meta property=\"og:image\" content=\"https:\/\/hubsch-interior.com\/wp-content\/uploads\/2026\/02\/pavilion-plaid-block-bluemulticolour-62f91582c278786f40c4507a87abbfc2.jpg\" \/>\n\t<meta property=\"og:image:width\" content=\"1024\" \/>\n\t<meta property=\"og:image:height\" content=\"1024\" \/>\n\t<meta property=\"og:image:type\" content=\"image\/jpeg\" \/>\n<meta name=\"twitter:card\" content=\"summary_large_image\" \/>\n<script type=\"application\/ld+json\" class=\"yoast-schema-graph\">{\"@context\":\"https:\/\/schema.org\",\"@graph\":[{\"@type\":\"WebPage\",\"@id\":\"https:\/\/hubsch-interior.com\/fr\/produit\/pavilion-plaid-block-bleu-multicolore\/\",\"url\":\"https:\/\/hubsch-interior.com\/fr\/produit\/pavilion-plaid-block-bleu-multicolore\/\",\"name\":\"Pavilion Plaid Block Bleu\/\u00a0Multicolor\u00e9 - H\u00fcbsch\",\"isPartOf\":{\"@id\":\"https:\/\/hubsch-interior.com\/fr\/#website\"},\"primaryImageOfPage\":{\"@id\":\"https:\/\/hubsch-interior.com\/fr\/produit\/pavilion-plaid-block-bleu-multicolore\/#primaryimage\"},\"image\":{\"@id\":\"https:\/\/hubsch-interior.com\/fr\/produit\/pavilion-plaid-block-bleu-multicolore\/#primaryimage\"},\"thumbnailUrl\":\"https:\/\/hubsch-interior.com\/wp-content\/uploads\/2026\/02\/pavilion-plaid-block-bluemulticolour-62f91582c278786f40c4507a87abbfc2.jpg\",\"datePublished\":\"2025-05-19T11:15:49+00:00\",\"dateModified\":\"2026-04-30T02:42:58+00:00\",\"description\":\"D\u00e9couvrez le **Pavilion Plaid**, pr\u00e9sent\u00e9 dans une palette envo\u00fbtante de bleu et de multicolore, combinant des tons bleus et terreux avec une touche de\",\"breadcrumb\":{\"@id\":\"https:\/\/hubsch-interior.com\/fr\/produit\/pavilion-plaid-block-bleu-multicolore\/#breadcrumb\"},\"inLanguage\":\"fr-FR\",\"potentialAction\":[{\"@type\":\"ReadAction\",\"target\":[\"https:\/\/hubsch-interior.com\/fr\/produit\/pavilion-plaid-block-bleu-multicolore\/\"]}]},{\"@type\":\"ImageObject\",\"inLanguage\":\"fr-FR\",\"@id\":\"https:\/\/hubsch-interior.com\/fr\/produit\/pavilion-plaid-block-bleu-multicolore\/#primaryimage\",\"url\":\"https:\/\/hubsch-interior.com\/wp-content\/uploads\/2026\/02\/pavilion-plaid-block-bluemulticolour-62f91582c278786f40c4507a87abbfc2.jpg\",\"contentUrl\":\"https:\/\/hubsch-interior.com\/wp-content\/uploads\/2026\/02\/pavilion-plaid-block-bluemulticolour-62f91582c278786f40c4507a87abbfc2.jpg\",\"width\":1024,\"height\":1024},{\"@type\":\"BreadcrumbList\",\"@id\":\"https:\/\/hubsch-interior.com\/fr\/produit\/pavilion-plaid-block-bleu-multicolore\/#breadcrumb\",\"itemListElement\":[{\"@type\":\"ListItem\",\"position\":1,\"name\":\"Page d'accueil\",\"item\":\"https:\/\/hubsch-interior.com\/fr\/\"},{\"@type\":\"ListItem\",\"position\":2,\"name\":\"Produits\",\"item\":\"https:\/\/hubsch-interior.com\/fr\/shop-2\/\"},{\"@type\":\"ListItem\",\"position\":3,\"name\":\"Textiles\",\"item\":\"https:\/\/hubsch-interior.com\/fr\/categorie-produit\/textile\/\"},{\"@type\":\"ListItem\",\"position\":4,\"name\":\"Plaids\",\"item\":\"https:\/\/hubsch-interior.com\/fr\/categorie-produit\/textile\/plaids-fr\/\"},{\"@type\":\"ListItem\",\"position\":5,\"name\":\"Pavilion Plaid Block Bleu\/\u00a0Multicolor\u00e9\"}]},{\"@type\":\"WebSite\",\"@id\":\"https:\/\/hubsch-interior.com\/fr\/#website\",\"url\":\"https:\/\/hubsch-interior.com\/fr\/\",\"name\":\"H\u00fcbsch\",\"description\":\"Danish Home Interior and Design\",\"publisher\":{\"@id\":\"https:\/\/hubsch-interior.com\/fr\/#organization\"},\"potentialAction\":[{\"@type\":\"SearchAction\",\"target\":{\"@type\":\"EntryPoint\",\"urlTemplate\":\"https:\/\/hubsch-interior.com\/fr\/?s={search_term_string}\"},\"query-input\":{\"@type\":\"PropertyValueSpecification\",\"valueRequired\":true,\"valueName\":\"search_term_string\"}}],\"inLanguage\":\"fr-FR\"},{\"@type\":\"Organization\",\"@id\":\"https:\/\/hubsch-interior.com\/fr\/#organization\",\"name\":\"H\u00fcbsch\",\"url\":\"https:\/\/hubsch-interior.com\/fr\/\",\"logo\":{\"@type\":\"ImageObject\",\"inLanguage\":\"fr-FR\",\"@id\":\"https:\/\/hubsch-interior.com\/fr\/#\/schema\/logo\/image\/\",\"url\":\"https:\/\/hubsch-interior.com\/wp-content\/uploads\/2022\/12\/Hubsch_logo_black_one_line.svg\",\"contentUrl\":\"https:\/\/hubsch-interior.com\/wp-content\/uploads\/2022\/12\/Hubsch_logo_black_one_line.svg\",\"caption\":\"H\u00fcbsch\"},\"image\":{\"@id\":\"https:\/\/hubsch-interior.com\/fr\/#\/schema\/logo\/image\/\"}}]}<\/script>\n<!-- \/ Yoast SEO plugin. -->","yoast_head_json":{"title":"Pavilion Plaid Block Bleu\/\u00a0Multicolor\u00e9 - H\u00fcbsch","description":"D\u00e9couvrez le **Pavilion Plaid**, pr\u00e9sent\u00e9 dans une palette envo\u00fbtante de bleu et de multicolore, combinant des tons bleus et terreux avec une touche de","robots":{"index":"index","follow":"follow","max-snippet":"max-snippet:-1","max-image-preview":"max-image-preview:large","max-video-preview":"max-video-preview:-1"},"canonical":"https:\/\/hubsch-interior.com\/fr\/wp-json\/wp\/v2\/product\/1058017","og_locale":"fr_FR","og_type":"article","og_title":"Pavilion Plaid Block Bleu\/\u00a0Multicolor\u00e9 - H\u00fcbsch","og_description":"D\u00e9couvrez le **Pavilion Plaid**, pr\u00e9sent\u00e9 dans une palette envo\u00fbtante de bleu et de multicolore, combinant des tons bleus et terreux avec une touche de","og_url":"https:\/\/hubsch-interior.com\/fr\/produit\/pavilion-plaid-block-bleu-multicolore\/","og_site_name":"H\u00fcbsch","article_modified_time":"2026-04-30T02:42:58+00:00","og_image":[{"width":1024,"height":1024,"url":"https:\/\/hubsch-interior.com\/wp-content\/uploads\/2026\/02\/pavilion-plaid-block-bluemulticolour-62f91582c278786f40c4507a87abbfc2.jpg","type":"image\/jpeg"}],"twitter_card":"summary_large_image","schema":{"@context":"https:\/\/schema.org","@graph":[{"@type":"WebPage","@id":"https:\/\/hubsch-interior.com\/fr\/produit\/pavilion-plaid-block-bleu-multicolore\/","url":"https:\/\/hubsch-interior.com\/fr\/produit\/pavilion-plaid-block-bleu-multicolore\/","name":"Pavilion Plaid Block Bleu\/\u00a0Multicolor\u00e9 - H\u00fcbsch","isPartOf":{"@id":"https:\/\/hubsch-interior.com\/fr\/#website"},"primaryImageOfPage":{"@id":"https:\/\/hubsch-interior.com\/fr\/produit\/pavilion-plaid-block-bleu-multicolore\/#primaryimage"},"image":{"@id":"https:\/\/hubsch-interior.com\/fr\/produit\/pavilion-plaid-block-bleu-multicolore\/#primaryimage"},"thumbnailUrl":"https:\/\/hubsch-interior.com\/wp-content\/uploads\/2026\/02\/pavilion-plaid-block-bluemulticolour-62f91582c278786f40c4507a87abbfc2.jpg","datePublished":"2025-05-19T11:15:49+00:00","dateModified":"2026-04-30T02:42:58+00:00","description":"D\u00e9couvrez le **Pavilion Plaid**, pr\u00e9sent\u00e9 dans une palette envo\u00fbtante de bleu et de multicolore, combinant des tons bleus et terreux avec une touche de","breadcrumb":{"@id":"https:\/\/hubsch-interior.com\/fr\/produit\/pavilion-plaid-block-bleu-multicolore\/#breadcrumb"},"inLanguage":"fr-FR","potentialAction":[{"@type":"ReadAction","target":["https:\/\/hubsch-interior.com\/fr\/produit\/pavilion-plaid-block-bleu-multicolore\/"]}]},{"@type":"ImageObject","inLanguage":"fr-FR","@id":"https:\/\/hubsch-interior.com\/fr\/produit\/pavilion-plaid-block-bleu-multicolore\/#primaryimage","url":"https:\/\/hubsch-interior.com\/wp-content\/uploads\/2026\/02\/pavilion-plaid-block-bluemulticolour-62f91582c278786f40c4507a87abbfc2.jpg","contentUrl":"https:\/\/hubsch-interior.com\/wp-content\/uploads\/2026\/02\/pavilion-plaid-block-bluemulticolour-62f91582c278786f40c4507a87abbfc2.jpg","width":1024,"height":1024},{"@type":"BreadcrumbList","@id":"https:\/\/hubsch-interior.com\/fr\/produit\/pavilion-plaid-block-bleu-multicolore\/#breadcrumb","itemListElement":[{"@type":"ListItem","position":1,"name":"Page d'accueil","item":"https:\/\/hubsch-interior.com\/fr\/"},{"@type":"ListItem","position":2,"name":"Produits","item":"https:\/\/hubsch-interior.com\/fr\/shop-2\/"},{"@type":"ListItem","position":3,"name":"Textiles","item":"https:\/\/hubsch-interior.com\/fr\/categorie-produit\/textile\/"},{"@type":"ListItem","position":4,"name":"Plaids","item":"https:\/\/hubsch-interior.com\/fr\/categorie-produit\/textile\/plaids-fr\/"},{"@type":"ListItem","position":5,"name":"Pavilion Plaid Block Bleu\/\u00a0Multicolor\u00e9"}]},{"@type":"WebSite","@id":"https:\/\/hubsch-interior.com\/fr\/#website","url":"https:\/\/hubsch-interior.com\/fr\/","name":"H\u00fcbsch","description":"Danish Home Interior and Design","publisher":{"@id":"https:\/\/hubsch-interior.com\/fr\/#organization"},"potentialAction":[{"@type":"SearchAction","target":{"@type":"EntryPoint","urlTemplate":"https:\/\/hubsch-interior.com\/fr\/?s={search_term_string}"},"query-input":{"@type":"PropertyValueSpecification","valueRequired":true,"valueName":"search_term_string"}}],"inLanguage":"fr-FR"},{"@type":"Organization","@id":"https:\/\/hubsch-interior.com\/fr\/#organization","name":"H\u00fcbsch","url":"https:\/\/hubsch-interior.com\/fr\/","logo":{"@type":"ImageObject","inLanguage":"fr-FR","@id":"https:\/\/hubsch-interior.com\/fr\/#\/schema\/logo\/image\/","url":"https:\/\/hubsch-interior.com\/wp-content\/uploads\/2022\/12\/Hubsch_logo_black_one_line.svg","contentUrl":"https:\/\/hubsch-interior.com\/wp-content\/uploads\/2022\/12\/Hubsch_logo_black_one_line.svg","caption":"H\u00fcbsch"},"image":{"@id":"https:\/\/hubsch-interior.com\/fr\/#\/schema\/logo\/image\/"}}]}},"_links":{"self":[{"href":"https:\/\/hubsch-interior.com\/fr\/wp-json\/wp\/v2\/product\/1058017","targetHints":{"allow":["GET"]}}],"collection":[{"href":"https:\/\/hubsch-interior.com\/fr\/wp-json\/wp\/v2\/product"}],"about":[{"href":"https:\/\/hubsch-interior.com\/fr\/wp-json\/wp\/v2\/types\/product"}],"wp:featuredmedia":[{"embeddable":true,"href":"https:\/\/hubsch-interior.com\/fr\/wp-json\/wp\/v2\/media\/1100508"}],"wp:attachment":[{"href":"https:\/\/hubsch-interior.com\/fr\/wp-json\/wp\/v2\/media?parent=1058017"}],"wp:term":[{"taxonomy":"product_brand","embeddable":true,"href":"https:\/\/hubsch-interior.com\/fr\/wp-json\/wp\/v2\/product_brand?post=1058017"},{"taxonomy":"product_cat","embeddable":true,"href":"https:\/\/hubsch-interior.com\/fr\/wp-json\/wp\/v2\/product_cat?post=1058017"},{"taxonomy":"product_tag","embeddable":true,"href":"https:\/\/hubsch-interior.com\/fr\/wp-json\/wp\/v2\/product_tag?post=1058017"}],"curies":[{"name":"wp","href":"https:\/\/api.w.org\/{rel}","templated":true}]}}

Pavilion Plaid Block Bleu/ Multicoloré

<p>Découvrez le **Pavilion Plaid**, présenté dans une palette envoûtante de bleu et de multicolore, combinant des tons bleus et terreux avec une touche de rouge. Cette variante, confectionnée selon une technique de couette douillette, garantit une expérience confortable. Certifié OEKO-TEX® STANDARD 100 et fabriqué avec amour en pur coton, il est parfait pour un pique-nique ou pour se blottir pendant les soirées fraîches. Choisissez votre préféré parmi nos deux charmantes variantes pour apporter une touche de chaleur et de couleur dans votre quotidien.</p>

<p>Découvrez le **Pavilion Plaid**, présenté dans une palette envoûtante de bleu et de multicolore, combinant des tons bleus et terreux avec une touche de rouge. Cette variante, confectionnée selon une technique de couette douillette, garantit une expérience confortable. Certifié OEKO-TEX® STANDARD 100 et fabriqué avec amour en pur coton, il est parfait pour un pique-nique [&hellip;]</p>

<!-- This site is optimized with the Yoast SEO plugin v26.4 - https://yoast.com/wordpress/plugins/seo/ -->
<title>Pavilion Plaid Block Bleu/ Multicoloré - Hübsch</title>
<meta name="description" content="Découvrez le **Pavilion Plaid**, présenté dans une palette envoûtante de bleu et de multicolore, combinant des tons bleus et terreux avec une touche de" />
<meta name="robots" content="index, follow, max-snippet:-1, max-image-preview:large, max-video-preview:-1" />
<link rel="canonical" href="https://hubsch-interior.com/fr/wp-json/wp/v2/product/1058017" />
<meta property="og:locale" content="fr_FR" />
<meta property="og:type" content="article" />
<meta property="og:title" content="Pavilion Plaid Block Bleu/ Multicoloré - Hübsch" />
<meta property="og:description" content="Découvrez le **Pavilion Plaid**, présenté dans une palette envoûtante de bleu et de multicolore, combinant des tons bleus et terreux avec une touche de" />
<meta property="og:url" content="https://hubsch-interior.com/fr/produit/pavilion-plaid-block-bleu-multicolore/" />
<meta property="og:site_name" content="Hübsch" />
<meta property="article:modified_time" content="2026-04-30T02:42:58+00:00" />
<meta property="og:image" content="https://hubsch-interior.com/wp-content/uploads/2026/02/pavilion-plaid-block-bluemulticolour-62f91582c278786f40c4507a87abbfc2.jpg" />
	<meta property="og:image:width" content="1024" />
	<meta property="og:image:height" content="1024" />
	<meta property="og:image:type" content="image/jpeg" />
<meta name="twitter:card" content="summary_large_image" />
<script type="application/ld+json" class="yoast-schema-graph">{"@context":"https://schema.org","@graph":[{"@type":"WebPage","@id":"https://hubsch-interior.com/fr/produit/pavilion-plaid-block-bleu-multicolore/","url":"https://hubsch-interior.com/fr/produit/pavilion-plaid-block-bleu-multicolore/","name":"Pavilion Plaid Block Bleu/ Multicoloré - Hübsch","isPartOf":{"@id":"https://hubsch-interior.com/fr/#website"},"primaryImageOfPage":{"@id":"https://hubsch-interior.com/fr/produit/pavilion-plaid-block-bleu-multicolore/#primaryimage"},"image":{"@id":"https://hubsch-interior.com/fr/produit/pavilion-plaid-block-bleu-multicolore/#primaryimage"},"thumbnailUrl":"https://hubsch-interior.com/wp-content/uploads/2026/02/pavilion-plaid-block-bluemulticolour-62f91582c278786f40c4507a87abbfc2.jpg","datePublished":"2025-05-19T11:15:49+00:00","dateModified":"2026-04-30T02:42:58+00:00","description":"Découvrez le **Pavilion Plaid**, présenté dans une palette envoûtante de bleu et de multicolore, combinant des tons bleus et terreux avec une touche de","breadcrumb":{"@id":"https://hubsch-interior.com/fr/produit/pavilion-plaid-block-bleu-multicolore/#breadcrumb"},"inLanguage":"fr-FR","potentialAction":[{"@type":"ReadAction","target":["https://hubsch-interior.com/fr/produit/pavilion-plaid-block-bleu-multicolore/"]}]},{"@type":"ImageObject","inLanguage":"fr-FR","@id":"https://hubsch-interior.com/fr/produit/pavilion-plaid-block-bleu-multicolore/#primaryimage","url":"https://hubsch-interior.com/wp-content/uploads/2026/02/pavilion-plaid-block-bluemulticolour-62f91582c278786f40c4507a87abbfc2.jpg","contentUrl":"https://hubsch-interior.com/wp-content/uploads/2026/02/pavilion-plaid-block-bluemulticolour-62f91582c278786f40c4507a87abbfc2.jpg","width":1024,"height":1024},{"@type":"BreadcrumbList","@id":"https://hubsch-interior.com/fr/produit/pavilion-plaid-block-bleu-multicolore/#breadcrumb","itemListElement":[{"@type":"ListItem","position":1,"name":"Page d'accueil","item":"https://hubsch-interior.com/fr/"},{"@type":"ListItem","position":2,"name":"Produits","item":"https://hubsch-interior.com/fr/shop-2/"},{"@type":"ListItem","position":3,"name":"Textiles","item":"https://hubsch-interior.com/fr/categorie-produit/textile/"},{"@type":"ListItem","position":4,"name":"Plaids","item":"https://hubsch-interior.com/fr/categorie-produit/textile/plaids-fr/"},{"@type":"ListItem","position":5,"name":"Pavilion Plaid Block Bleu/ Multicoloré"}]},{"@type":"WebSite","@id":"https://hubsch-interior.com/fr/#website","url":"https://hubsch-interior.com/fr/","name":"Hübsch","description":"Danish Home Interior and Design","publisher":{"@id":"https://hubsch-interior.com/fr/#organization"},"potentialAction":[{"@type":"SearchAction","target":{"@type":"EntryPoint","urlTemplate":"https://hubsch-interior.com/fr/?s={search_term_string}"},"query-input":{"@type":"PropertyValueSpecification","valueRequired":true,"valueName":"search_term_string"}}],"inLanguage":"fr-FR"},{"@type":"Organization","@id":"https://hubsch-interior.com/fr/#organization","name":"Hübsch","url":"https://hubsch-interior.com/fr/","logo":{"@type":"ImageObject","inLanguage":"fr-FR","@id":"https://hubsch-interior.com/fr/#/schema/logo/image/","url":"https://hubsch-interior.com/wp-content/uploads/2022/12/Hubsch_logo_black_one_line.svg","contentUrl":"https://hubsch-interior.com/wp-content/uploads/2022/12/Hubsch_logo_black_one_line.svg","caption":"Hübsch"},"image":{"@id":"https://hubsch-interior.com/fr/#/schema/logo/image/"}}]}</script>
<!-- / Yoast SEO plugin. -->

Pavilion Plaid Block Bleu/ Multicoloré - Hübsch

Découvrez le **Pavilion Plaid**, présenté dans une palette envoûtante de bleu et de multicolore, combinant des tons bleus et terreux avec une touche de

Hübsch
