{"id":395088,"date":"2021-06-04T10:09:30","date_gmt":"2021-06-04T08:09:30","guid":{"rendered":"https:\/\/hubsch-interior.com\/shop-b2c\/product\/product-6\/"},"modified":"2026-04-29T04:50:00","modified_gmt":"2026-04-29T02:50:00","slug":"comb-miroir-a-main-naturel","status":"publish","type":"product","link":"https:\/\/hubsch-interior.com\/fr\/produit\/comb-miroir-a-main-naturel\/","title":{"rendered":"Comb Miroir \u00e0 Main Naturel"},"content":{"rendered":"<p>Ce miroir mural en ch\u00eane certifi\u00e9 FSC, se distingue par son design unique et son look moderne. Convient \u00e0 toutes les pi\u00e8ces de la maison, id\u00e9al pour apporter une touche moderne et \u00e9l\u00e9gante.<\/p>\n","protected":false},"excerpt":{"rendered":"<p>Ce miroir mural en ch\u00eane certifi\u00e9 FSC, se distingue par son design unique et son look moderne. Convient \u00e0 toutes les pi\u00e8ces de la maison, id\u00e9al pour apporter une touche moderne et \u00e9l\u00e9gante.<\/p>\n","protected":false},"featured_media":1102088,"template":"","meta":{"_acf_changed":false,"inline_featured_image":false},"product_brand":[],"product_cat":[6322,2923,2924],"product_tag":[],"class_list":{"0":"post-395088","1":"product","2":"type-product","3":"status-publish","4":"has-post-thumbnail","6":"product_cat-fsc-fr","7":"product_cat-miroirs-fr","8":"product_cat-miroirs-muraux-fr","9":"product_shipping_class-pk","11":"pa_color-naturel-2","12":"pa_material-verre","13":"pa_material-bois-de-chne-2","15":"first","16":"instock","17":"taxable","18":"shipping-taxable","19":"purchasable","20":"product-type-simple"},"exclude_global_add_ons":[],"addons":[],"acf":[],"yoast_head":"<!-- This site is optimized with the Yoast SEO plugin v26.4 - https:\/\/yoast.com\/wordpress\/plugins\/seo\/ -->\n<title>Comb Miroir \u00e0 Main Naturel - H\u00fcbsch<\/title>\n<meta name=\"description\" content=\"Ce miroir mural en ch\u00eane certifi\u00e9 FSC, se distingue par son design unique et son look moderne. Convient \u00e0 toutes les pi\u00e8ces de la maison, id\u00e9al pour\" \/>\n<meta name=\"robots\" content=\"index, follow, max-snippet:-1, max-image-preview:large, max-video-preview:-1\" \/>\n<link rel=\"canonical\" href=\"https:\/\/hubsch-interior.com\/fr\/wp-json\/wp\/v2\/product\/395088\" \/>\n<meta property=\"og:locale\" content=\"fr_FR\" \/>\n<meta property=\"og:type\" content=\"article\" \/>\n<meta property=\"og:title\" content=\"Comb Miroir \u00e0 Main Naturel - H\u00fcbsch\" \/>\n<meta property=\"og:description\" content=\"Ce miroir mural en ch\u00eane certifi\u00e9 FSC, se distingue par son design unique et son look moderne. Convient \u00e0 toutes les pi\u00e8ces de la maison, id\u00e9al pour\" \/>\n<meta property=\"og:url\" content=\"https:\/\/hubsch-interior.com\/fr\/produit\/comb-miroir-a-main-naturel\/\" \/>\n<meta property=\"og:site_name\" content=\"H\u00fcbsch\" \/>\n<meta property=\"article:modified_time\" content=\"2026-04-29T02:50:00+00:00\" \/>\n<meta property=\"og:image\" content=\"https:\/\/hubsch-interior.com\/wp-content\/uploads\/2023\/08\/comb-hand-mirror-natural-53205abd9239fb20a35b642655bd373d.jpg\" \/>\n\t<meta property=\"og:image:width\" content=\"1200\" \/>\n\t<meta property=\"og:image:height\" content=\"1200\" \/>\n\t<meta property=\"og:image:type\" content=\"image\/jpeg\" \/>\n<meta name=\"twitter:card\" content=\"summary_large_image\" \/>\n<script type=\"application\/ld+json\" class=\"yoast-schema-graph\">{\"@context\":\"https:\/\/schema.org\",\"@graph\":[{\"@type\":\"WebPage\",\"@id\":\"https:\/\/hubsch-interior.com\/fr\/produit\/comb-miroir-a-main-naturel\/\",\"url\":\"https:\/\/hubsch-interior.com\/fr\/produit\/comb-miroir-a-main-naturel\/\",\"name\":\"Comb Miroir \u00e0 Main Naturel - H\u00fcbsch\",\"isPartOf\":{\"@id\":\"https:\/\/hubsch-interior.com\/fr\/#website\"},\"primaryImageOfPage\":{\"@id\":\"https:\/\/hubsch-interior.com\/fr\/produit\/comb-miroir-a-main-naturel\/#primaryimage\"},\"image\":{\"@id\":\"https:\/\/hubsch-interior.com\/fr\/produit\/comb-miroir-a-main-naturel\/#primaryimage\"},\"thumbnailUrl\":\"https:\/\/hubsch-interior.com\/wp-content\/uploads\/2026\/02\/comb-hand-mirror-natural-1af3ecfaad4c0548333fb8eeab2ebd7b.jpg\",\"datePublished\":\"2021-06-04T08:09:30+00:00\",\"dateModified\":\"2026-04-29T02:50:00+00:00\",\"description\":\"Ce miroir mural en ch\u00eane certifi\u00e9 FSC, se distingue par son design unique et son look moderne. Convient \u00e0 toutes les pi\u00e8ces de la maison, id\u00e9al pour\",\"breadcrumb\":{\"@id\":\"https:\/\/hubsch-interior.com\/fr\/produit\/comb-miroir-a-main-naturel\/#breadcrumb\"},\"inLanguage\":\"fr-FR\",\"potentialAction\":[{\"@type\":\"ReadAction\",\"target\":[\"https:\/\/hubsch-interior.com\/fr\/produit\/comb-miroir-a-main-naturel\/\"]}]},{\"@type\":\"ImageObject\",\"inLanguage\":\"fr-FR\",\"@id\":\"https:\/\/hubsch-interior.com\/fr\/produit\/comb-miroir-a-main-naturel\/#primaryimage\",\"url\":\"https:\/\/hubsch-interior.com\/wp-content\/uploads\/2026\/02\/comb-hand-mirror-natural-1af3ecfaad4c0548333fb8eeab2ebd7b.jpg\",\"contentUrl\":\"https:\/\/hubsch-interior.com\/wp-content\/uploads\/2026\/02\/comb-hand-mirror-natural-1af3ecfaad4c0548333fb8eeab2ebd7b.jpg\",\"width\":1024,\"height\":1024},{\"@type\":\"BreadcrumbList\",\"@id\":\"https:\/\/hubsch-interior.com\/fr\/produit\/comb-miroir-a-main-naturel\/#breadcrumb\",\"itemListElement\":[{\"@type\":\"ListItem\",\"position\":1,\"name\":\"Page d'accueil\",\"item\":\"https:\/\/hubsch-interior.com\/fr\/\"},{\"@type\":\"ListItem\",\"position\":2,\"name\":\"Produits\",\"item\":\"https:\/\/hubsch-interior.com\/fr\/shop-2\/\"},{\"@type\":\"ListItem\",\"position\":3,\"name\":\"Accessoires maison\",\"item\":\"https:\/\/hubsch-interior.com\/fr\/categorie-produit\/accessoires-maison\/\"},{\"@type\":\"ListItem\",\"position\":4,\"name\":\"Miroirs\",\"item\":\"https:\/\/hubsch-interior.com\/fr\/categorie-produit\/accessoires-maison\/miroirs-fr\/\"},{\"@type\":\"ListItem\",\"position\":5,\"name\":\"Miroirs muraux\",\"item\":\"https:\/\/hubsch-interior.com\/fr\/categorie-produit\/accessoires-maison\/miroirs-fr\/miroirs-muraux-fr\/\"},{\"@type\":\"ListItem\",\"position\":6,\"name\":\"Comb Miroir \u00e0 Main Naturel\"}]},{\"@type\":\"WebSite\",\"@id\":\"https:\/\/hubsch-interior.com\/fr\/#website\",\"url\":\"https:\/\/hubsch-interior.com\/fr\/\",\"name\":\"H\u00fcbsch\",\"description\":\"Danish Home Interior and Design\",\"publisher\":{\"@id\":\"https:\/\/hubsch-interior.com\/fr\/#organization\"},\"potentialAction\":[{\"@type\":\"SearchAction\",\"target\":{\"@type\":\"EntryPoint\",\"urlTemplate\":\"https:\/\/hubsch-interior.com\/fr\/?s={search_term_string}\"},\"query-input\":{\"@type\":\"PropertyValueSpecification\",\"valueRequired\":true,\"valueName\":\"search_term_string\"}}],\"inLanguage\":\"fr-FR\"},{\"@type\":\"Organization\",\"@id\":\"https:\/\/hubsch-interior.com\/fr\/#organization\",\"name\":\"H\u00fcbsch\",\"url\":\"https:\/\/hubsch-interior.com\/fr\/\",\"logo\":{\"@type\":\"ImageObject\",\"inLanguage\":\"fr-FR\",\"@id\":\"https:\/\/hubsch-interior.com\/fr\/#\/schema\/logo\/image\/\",\"url\":\"https:\/\/hubsch-interior.com\/wp-content\/uploads\/2022\/12\/Hubsch_logo_black_one_line.svg\",\"contentUrl\":\"https:\/\/hubsch-interior.com\/wp-content\/uploads\/2022\/12\/Hubsch_logo_black_one_line.svg\",\"caption\":\"H\u00fcbsch\"},\"image\":{\"@id\":\"https:\/\/hubsch-interior.com\/fr\/#\/schema\/logo\/image\/\"}}]}<\/script>\n<!-- \/ Yoast SEO plugin. -->","yoast_head_json":{"title":"Comb Miroir \u00e0 Main Naturel - H\u00fcbsch","description":"Ce miroir mural en ch\u00eane certifi\u00e9 FSC, se distingue par son design unique et son look moderne. Convient \u00e0 toutes les pi\u00e8ces de la maison, id\u00e9al pour","robots":{"index":"index","follow":"follow","max-snippet":"max-snippet:-1","max-image-preview":"max-image-preview:large","max-video-preview":"max-video-preview:-1"},"canonical":"https:\/\/hubsch-interior.com\/fr\/wp-json\/wp\/v2\/product\/395088","og_locale":"fr_FR","og_type":"article","og_title":"Comb Miroir \u00e0 Main Naturel - H\u00fcbsch","og_description":"Ce miroir mural en ch\u00eane certifi\u00e9 FSC, se distingue par son design unique et son look moderne. Convient \u00e0 toutes les pi\u00e8ces de la maison, id\u00e9al pour","og_url":"https:\/\/hubsch-interior.com\/fr\/produit\/comb-miroir-a-main-naturel\/","og_site_name":"H\u00fcbsch","article_modified_time":"2026-04-29T02:50:00+00:00","og_image":[{"width":1200,"height":1200,"url":"https:\/\/hubsch-interior.com\/wp-content\/uploads\/2023\/08\/comb-hand-mirror-natural-53205abd9239fb20a35b642655bd373d.jpg","type":"image\/jpeg"}],"twitter_card":"summary_large_image","schema":{"@context":"https:\/\/schema.org","@graph":[{"@type":"WebPage","@id":"https:\/\/hubsch-interior.com\/fr\/produit\/comb-miroir-a-main-naturel\/","url":"https:\/\/hubsch-interior.com\/fr\/produit\/comb-miroir-a-main-naturel\/","name":"Comb Miroir \u00e0 Main Naturel - H\u00fcbsch","isPartOf":{"@id":"https:\/\/hubsch-interior.com\/fr\/#website"},"primaryImageOfPage":{"@id":"https:\/\/hubsch-interior.com\/fr\/produit\/comb-miroir-a-main-naturel\/#primaryimage"},"image":{"@id":"https:\/\/hubsch-interior.com\/fr\/produit\/comb-miroir-a-main-naturel\/#primaryimage"},"thumbnailUrl":"https:\/\/hubsch-interior.com\/wp-content\/uploads\/2026\/02\/comb-hand-mirror-natural-1af3ecfaad4c0548333fb8eeab2ebd7b.jpg","datePublished":"2021-06-04T08:09:30+00:00","dateModified":"2026-04-29T02:50:00+00:00","description":"Ce miroir mural en ch\u00eane certifi\u00e9 FSC, se distingue par son design unique et son look moderne. Convient \u00e0 toutes les pi\u00e8ces de la maison, id\u00e9al pour","breadcrumb":{"@id":"https:\/\/hubsch-interior.com\/fr\/produit\/comb-miroir-a-main-naturel\/#breadcrumb"},"inLanguage":"fr-FR","potentialAction":[{"@type":"ReadAction","target":["https:\/\/hubsch-interior.com\/fr\/produit\/comb-miroir-a-main-naturel\/"]}]},{"@type":"ImageObject","inLanguage":"fr-FR","@id":"https:\/\/hubsch-interior.com\/fr\/produit\/comb-miroir-a-main-naturel\/#primaryimage","url":"https:\/\/hubsch-interior.com\/wp-content\/uploads\/2026\/02\/comb-hand-mirror-natural-1af3ecfaad4c0548333fb8eeab2ebd7b.jpg","contentUrl":"https:\/\/hubsch-interior.com\/wp-content\/uploads\/2026\/02\/comb-hand-mirror-natural-1af3ecfaad4c0548333fb8eeab2ebd7b.jpg","width":1024,"height":1024},{"@type":"BreadcrumbList","@id":"https:\/\/hubsch-interior.com\/fr\/produit\/comb-miroir-a-main-naturel\/#breadcrumb","itemListElement":[{"@type":"ListItem","position":1,"name":"Page d'accueil","item":"https:\/\/hubsch-interior.com\/fr\/"},{"@type":"ListItem","position":2,"name":"Produits","item":"https:\/\/hubsch-interior.com\/fr\/shop-2\/"},{"@type":"ListItem","position":3,"name":"Accessoires maison","item":"https:\/\/hubsch-interior.com\/fr\/categorie-produit\/accessoires-maison\/"},{"@type":"ListItem","position":4,"name":"Miroirs","item":"https:\/\/hubsch-interior.com\/fr\/categorie-produit\/accessoires-maison\/miroirs-fr\/"},{"@type":"ListItem","position":5,"name":"Miroirs muraux","item":"https:\/\/hubsch-interior.com\/fr\/categorie-produit\/accessoires-maison\/miroirs-fr\/miroirs-muraux-fr\/"},{"@type":"ListItem","position":6,"name":"Comb Miroir \u00e0 Main Naturel"}]},{"@type":"WebSite","@id":"https:\/\/hubsch-interior.com\/fr\/#website","url":"https:\/\/hubsch-interior.com\/fr\/","name":"H\u00fcbsch","description":"Danish Home Interior and Design","publisher":{"@id":"https:\/\/hubsch-interior.com\/fr\/#organization"},"potentialAction":[{"@type":"SearchAction","target":{"@type":"EntryPoint","urlTemplate":"https:\/\/hubsch-interior.com\/fr\/?s={search_term_string}"},"query-input":{"@type":"PropertyValueSpecification","valueRequired":true,"valueName":"search_term_string"}}],"inLanguage":"fr-FR"},{"@type":"Organization","@id":"https:\/\/hubsch-interior.com\/fr\/#organization","name":"H\u00fcbsch","url":"https:\/\/hubsch-interior.com\/fr\/","logo":{"@type":"ImageObject","inLanguage":"fr-FR","@id":"https:\/\/hubsch-interior.com\/fr\/#\/schema\/logo\/image\/","url":"https:\/\/hubsch-interior.com\/wp-content\/uploads\/2022\/12\/Hubsch_logo_black_one_line.svg","contentUrl":"https:\/\/hubsch-interior.com\/wp-content\/uploads\/2022\/12\/Hubsch_logo_black_one_line.svg","caption":"H\u00fcbsch"},"image":{"@id":"https:\/\/hubsch-interior.com\/fr\/#\/schema\/logo\/image\/"}}]}},"_links":{"self":[{"href":"https:\/\/hubsch-interior.com\/fr\/wp-json\/wp\/v2\/product\/395088","targetHints":{"allow":["GET"]}}],"collection":[{"href":"https:\/\/hubsch-interior.com\/fr\/wp-json\/wp\/v2\/product"}],"about":[{"href":"https:\/\/hubsch-interior.com\/fr\/wp-json\/wp\/v2\/types\/product"}],"wp:featuredmedia":[{"embeddable":true,"href":"https:\/\/hubsch-interior.com\/fr\/wp-json\/wp\/v2\/media\/1102088"}],"wp:attachment":[{"href":"https:\/\/hubsch-interior.com\/fr\/wp-json\/wp\/v2\/media?parent=395088"}],"wp:term":[{"taxonomy":"product_brand","embeddable":true,"href":"https:\/\/hubsch-interior.com\/fr\/wp-json\/wp\/v2\/product_brand?post=395088"},{"taxonomy":"product_cat","embeddable":true,"href":"https:\/\/hubsch-interior.com\/fr\/wp-json\/wp\/v2\/product_cat?post=395088"},{"taxonomy":"product_tag","embeddable":true,"href":"https:\/\/hubsch-interior.com\/fr\/wp-json\/wp\/v2\/product_tag?post=395088"}],"curies":[{"name":"wp","href":"https:\/\/api.w.org\/{rel}","templated":true}]}}

Comb Miroir à Main Naturel

<p>Ce miroir mural en chêne certifié FSC, se distingue par son design unique et son look moderne. Convient à toutes les pièces de la maison, idéal pour apporter une touche moderne et élégante.</p>

<!-- This site is optimized with the Yoast SEO plugin v26.4 - https://yoast.com/wordpress/plugins/seo/ -->
<title>Comb Miroir à Main Naturel - Hübsch</title>
<meta name="description" content="Ce miroir mural en chêne certifié FSC, se distingue par son design unique et son look moderne. Convient à toutes les pièces de la maison, idéal pour" />
<meta name="robots" content="index, follow, max-snippet:-1, max-image-preview:large, max-video-preview:-1" />
<link rel="canonical" href="https://hubsch-interior.com/fr/wp-json/wp/v2/product/395088" />
<meta property="og:locale" content="fr_FR" />
<meta property="og:type" content="article" />
<meta property="og:title" content="Comb Miroir à Main Naturel - Hübsch" />
<meta property="og:description" content="Ce miroir mural en chêne certifié FSC, se distingue par son design unique et son look moderne. Convient à toutes les pièces de la maison, idéal pour" />
<meta property="og:url" content="https://hubsch-interior.com/fr/produit/comb-miroir-a-main-naturel/" />
<meta property="og:site_name" content="Hübsch" />
<meta property="article:modified_time" content="2026-04-29T02:50:00+00:00" />
<meta property="og:image" content="https://hubsch-interior.com/wp-content/uploads/2023/08/comb-hand-mirror-natural-53205abd9239fb20a35b642655bd373d.jpg" />
	<meta property="og:image:width" content="1200" />
	<meta property="og:image:height" content="1200" />
	<meta property="og:image:type" content="image/jpeg" />
<meta name="twitter:card" content="summary_large_image" />
<script type="application/ld+json" class="yoast-schema-graph">{"@context":"https://schema.org","@graph":[{"@type":"WebPage","@id":"https://hubsch-interior.com/fr/produit/comb-miroir-a-main-naturel/","url":"https://hubsch-interior.com/fr/produit/comb-miroir-a-main-naturel/","name":"Comb Miroir à Main Naturel - Hübsch","isPartOf":{"@id":"https://hubsch-interior.com/fr/#website"},"primaryImageOfPage":{"@id":"https://hubsch-interior.com/fr/produit/comb-miroir-a-main-naturel/#primaryimage"},"image":{"@id":"https://hubsch-interior.com/fr/produit/comb-miroir-a-main-naturel/#primaryimage"},"thumbnailUrl":"https://hubsch-interior.com/wp-content/uploads/2026/02/comb-hand-mirror-natural-1af3ecfaad4c0548333fb8eeab2ebd7b.jpg","datePublished":"2021-06-04T08:09:30+00:00","dateModified":"2026-04-29T02:50:00+00:00","description":"Ce miroir mural en chêne certifié FSC, se distingue par son design unique et son look moderne. Convient à toutes les pièces de la maison, idéal pour","breadcrumb":{"@id":"https://hubsch-interior.com/fr/produit/comb-miroir-a-main-naturel/#breadcrumb"},"inLanguage":"fr-FR","potentialAction":[{"@type":"ReadAction","target":["https://hubsch-interior.com/fr/produit/comb-miroir-a-main-naturel/"]}]},{"@type":"ImageObject","inLanguage":"fr-FR","@id":"https://hubsch-interior.com/fr/produit/comb-miroir-a-main-naturel/#primaryimage","url":"https://hubsch-interior.com/wp-content/uploads/2026/02/comb-hand-mirror-natural-1af3ecfaad4c0548333fb8eeab2ebd7b.jpg","contentUrl":"https://hubsch-interior.com/wp-content/uploads/2026/02/comb-hand-mirror-natural-1af3ecfaad4c0548333fb8eeab2ebd7b.jpg","width":1024,"height":1024},{"@type":"BreadcrumbList","@id":"https://hubsch-interior.com/fr/produit/comb-miroir-a-main-naturel/#breadcrumb","itemListElement":[{"@type":"ListItem","position":1,"name":"Page d'accueil","item":"https://hubsch-interior.com/fr/"},{"@type":"ListItem","position":2,"name":"Produits","item":"https://hubsch-interior.com/fr/shop-2/"},{"@type":"ListItem","position":3,"name":"Accessoires maison","item":"https://hubsch-interior.com/fr/categorie-produit/accessoires-maison/"},{"@type":"ListItem","position":4,"name":"Miroirs","item":"https://hubsch-interior.com/fr/categorie-produit/accessoires-maison/miroirs-fr/"},{"@type":"ListItem","position":5,"name":"Miroirs muraux","item":"https://hubsch-interior.com/fr/categorie-produit/accessoires-maison/miroirs-fr/miroirs-muraux-fr/"},{"@type":"ListItem","position":6,"name":"Comb Miroir à Main Naturel"}]},{"@type":"WebSite","@id":"https://hubsch-interior.com/fr/#website","url":"https://hubsch-interior.com/fr/","name":"Hübsch","description":"Danish Home Interior and Design","publisher":{"@id":"https://hubsch-interior.com/fr/#organization"},"potentialAction":[{"@type":"SearchAction","target":{"@type":"EntryPoint","urlTemplate":"https://hubsch-interior.com/fr/?s={search_term_string}"},"query-input":{"@type":"PropertyValueSpecification","valueRequired":true,"valueName":"search_term_string"}}],"inLanguage":"fr-FR"},{"@type":"Organization","@id":"https://hubsch-interior.com/fr/#organization","name":"Hübsch","url":"https://hubsch-interior.com/fr/","logo":{"@type":"ImageObject","inLanguage":"fr-FR","@id":"https://hubsch-interior.com/fr/#/schema/logo/image/","url":"https://hubsch-interior.com/wp-content/uploads/2022/12/Hubsch_logo_black_one_line.svg","contentUrl":"https://hubsch-interior.com/wp-content/uploads/2022/12/Hubsch_logo_black_one_line.svg","caption":"Hübsch"},"image":{"@id":"https://hubsch-interior.com/fr/#/schema/logo/image/"}}]}</script>
<!-- / Yoast SEO plugin. -->

Comb Miroir à Main Naturel - Hübsch

Ce miroir mural en chêne certifié FSC, se distingue par son design unique et son look moderne. Convient à toutes les pièces de la maison, idéal pour

Hübsch
