{"id":398680,"date":"2021-06-13T23:08:15","date_gmt":"2021-06-13T21:08:15","guid":{"rendered":"https:\/\/hubsch-interior.com\/shop-b2c\/product\/product\/"},"modified":"2026-04-30T05:19:11","modified_gmt":"2026-04-30T03:19:11","slug":"camp-lampe-de-table-beige","status":"publish","type":"product","link":"https:\/\/hubsch-interior.com\/fr\/produit\/camp-lampe-de-table-beige\/","title":{"rendered":"Camp Lampe de table Beige"},"content":{"rendered":"<p>Vous me demanderez surement pourquoi aurai-je besoin d\u2019une lampe de table ? Parce qu\u2019on n\u2019en a jamais trop. Voil\u00e0 pourquoi ! Vous pouvez toujours ajouter un peu plus de lumi\u00e8re. Mettez-la en avant dans tous vos espaces, et vous \u00eates certain d\u2019avoir une ambiance chaleureuse et confortable. Cette petite lampe de table en verre aux teintes douces \u00e9clairera les \u00e9tag\u00e8res, les bureaux, les tables d&#8217;appoint ou les armoires. Avec cette lampe, tout n&#8217;est que douceur et luminosit\u00e9.<\/p>\n","protected":false},"excerpt":{"rendered":"<p>Vous me demanderez surement pourquoi aurai-je besoin d\u2019une lampe de table ? Parce qu\u2019on n\u2019en a jamais trop. Voil\u00e0 pourquoi ! Vous pouvez toujours ajouter un peu plus de lumi\u00e8re. Mettez-la en avant dans tous vos espaces, et vous \u00eates certain d\u2019avoir une ambiance chaleureuse et confortable. Cette petite lampe de table en verre aux [&hellip;]<\/p>\n","protected":false},"featured_media":1109842,"template":"","meta":{"_acf_changed":false,"inline_featured_image":false},"product_brand":[],"product_cat":[3810,3500,5026],"product_tag":[],"class_list":{"0":"post-398680","1":"product","2":"type-product","3":"status-publish","4":"has-post-thumbnail","6":"product_cat-luminaires","7":"product_cat-lampes-a-poser-fr","8":"product_cat-bestsellers-fr","9":"product_shipping_class-pk","10":"pa_color-beige-3","11":"pa_material-fer-fr","12":"pa_material-verre-fr","14":"first","15":"instock","16":"featured","17":"taxable","18":"shipping-taxable","19":"purchasable","20":"product-type-simple"},"exclude_global_add_ons":[],"addons":[],"acf":[],"yoast_head":"<!-- This site is optimized with the Yoast SEO plugin v26.4 - https:\/\/yoast.com\/wordpress\/plugins\/seo\/ -->\n<title>Camp Lampe de table Beige - H\u00fcbsch<\/title>\n<meta name=\"description\" content=\"Vous me demanderez surement pourquoi aurai-je besoin d\u2019une lampe de table ? Parce qu\u2019on n\u2019en a jamais trop. Voil\u00e0 pourquoi ! Vous pouvez toujours ajouter\" \/>\n<meta name=\"robots\" content=\"index, follow, max-snippet:-1, max-image-preview:large, max-video-preview:-1\" \/>\n<link rel=\"canonical\" href=\"https:\/\/hubsch-interior.com\/fr\/wp-json\/wp\/v2\/product\/398680\" \/>\n<meta property=\"og:locale\" content=\"fr_FR\" \/>\n<meta property=\"og:type\" content=\"article\" \/>\n<meta property=\"og:title\" content=\"Camp Lampe de table Beige - H\u00fcbsch\" \/>\n<meta property=\"og:description\" content=\"Vous me demanderez surement pourquoi aurai-je besoin d\u2019une lampe de table ? Parce qu\u2019on n\u2019en a jamais trop. Voil\u00e0 pourquoi ! Vous pouvez toujours ajouter\" \/>\n<meta property=\"og:url\" content=\"https:\/\/hubsch-interior.com\/fr\/produit\/camp-lampe-de-table-beige\/\" \/>\n<meta property=\"og:site_name\" content=\"H\u00fcbsch\" \/>\n<meta property=\"article:modified_time\" content=\"2026-04-30T03:19:11+00:00\" \/>\n<meta property=\"og:image\" content=\"https:\/\/hubsch-interior.com\/wp-content\/uploads\/2024\/01\/camp-table-lamp-beige-965e1c9d19ec551d3117ac2fbe26fd64.jpg\" \/>\n\t<meta property=\"og:image:width\" content=\"1200\" \/>\n\t<meta property=\"og:image:height\" content=\"1200\" \/>\n\t<meta property=\"og:image:type\" content=\"image\/jpeg\" \/>\n<meta name=\"twitter:card\" content=\"summary_large_image\" \/>\n<script type=\"application\/ld+json\" class=\"yoast-schema-graph\">{\"@context\":\"https:\/\/schema.org\",\"@graph\":[{\"@type\":\"WebPage\",\"@id\":\"https:\/\/hubsch-interior.com\/fr\/produit\/camp-lampe-de-table-beige\/\",\"url\":\"https:\/\/hubsch-interior.com\/fr\/produit\/camp-lampe-de-table-beige\/\",\"name\":\"Camp Lampe de table Beige - H\u00fcbsch\",\"isPartOf\":{\"@id\":\"https:\/\/hubsch-interior.com\/fr\/#website\"},\"primaryImageOfPage\":{\"@id\":\"https:\/\/hubsch-interior.com\/fr\/produit\/camp-lampe-de-table-beige\/#primaryimage\"},\"image\":{\"@id\":\"https:\/\/hubsch-interior.com\/fr\/produit\/camp-lampe-de-table-beige\/#primaryimage\"},\"thumbnailUrl\":\"https:\/\/hubsch-interior.com\/wp-content\/uploads\/2026\/02\/camp-table-lamp-beige-ea2a4085b4a50418779c7d0acf261428.jpg\",\"datePublished\":\"2021-06-13T21:08:15+00:00\",\"dateModified\":\"2026-04-30T03:19:11+00:00\",\"description\":\"Vous me demanderez surement pourquoi aurai-je besoin d\u2019une lampe de table ? Parce qu\u2019on n\u2019en a jamais trop. Voil\u00e0 pourquoi ! Vous pouvez toujours ajouter\",\"breadcrumb\":{\"@id\":\"https:\/\/hubsch-interior.com\/fr\/produit\/camp-lampe-de-table-beige\/#breadcrumb\"},\"inLanguage\":\"fr-FR\",\"potentialAction\":[{\"@type\":\"ReadAction\",\"target\":[\"https:\/\/hubsch-interior.com\/fr\/produit\/camp-lampe-de-table-beige\/\"]}]},{\"@type\":\"ImageObject\",\"inLanguage\":\"fr-FR\",\"@id\":\"https:\/\/hubsch-interior.com\/fr\/produit\/camp-lampe-de-table-beige\/#primaryimage\",\"url\":\"https:\/\/hubsch-interior.com\/wp-content\/uploads\/2026\/02\/camp-table-lamp-beige-ea2a4085b4a50418779c7d0acf261428.jpg\",\"contentUrl\":\"https:\/\/hubsch-interior.com\/wp-content\/uploads\/2026\/02\/camp-table-lamp-beige-ea2a4085b4a50418779c7d0acf261428.jpg\",\"width\":1024,\"height\":1024},{\"@type\":\"BreadcrumbList\",\"@id\":\"https:\/\/hubsch-interior.com\/fr\/produit\/camp-lampe-de-table-beige\/#breadcrumb\",\"itemListElement\":[{\"@type\":\"ListItem\",\"position\":1,\"name\":\"Page d'accueil\",\"item\":\"https:\/\/hubsch-interior.com\/fr\/\"},{\"@type\":\"ListItem\",\"position\":2,\"name\":\"Produits\",\"item\":\"https:\/\/hubsch-interior.com\/fr\/shop-2\/\"},{\"@type\":\"ListItem\",\"position\":3,\"name\":\"Luminaires\",\"item\":\"https:\/\/hubsch-interior.com\/fr\/categorie-produit\/luminaires\/\"},{\"@type\":\"ListItem\",\"position\":4,\"name\":\"Lampes &agrave; poser\",\"item\":\"https:\/\/hubsch-interior.com\/fr\/categorie-produit\/luminaires\/lampes-a-poser-fr\/\"},{\"@type\":\"ListItem\",\"position\":5,\"name\":\"Camp Lampe de table Beige\"}]},{\"@type\":\"WebSite\",\"@id\":\"https:\/\/hubsch-interior.com\/fr\/#website\",\"url\":\"https:\/\/hubsch-interior.com\/fr\/\",\"name\":\"H\u00fcbsch\",\"description\":\"Danish Home Interior and Design\",\"publisher\":{\"@id\":\"https:\/\/hubsch-interior.com\/fr\/#organization\"},\"potentialAction\":[{\"@type\":\"SearchAction\",\"target\":{\"@type\":\"EntryPoint\",\"urlTemplate\":\"https:\/\/hubsch-interior.com\/fr\/?s={search_term_string}\"},\"query-input\":{\"@type\":\"PropertyValueSpecification\",\"valueRequired\":true,\"valueName\":\"search_term_string\"}}],\"inLanguage\":\"fr-FR\"},{\"@type\":\"Organization\",\"@id\":\"https:\/\/hubsch-interior.com\/fr\/#organization\",\"name\":\"H\u00fcbsch\",\"url\":\"https:\/\/hubsch-interior.com\/fr\/\",\"logo\":{\"@type\":\"ImageObject\",\"inLanguage\":\"fr-FR\",\"@id\":\"https:\/\/hubsch-interior.com\/fr\/#\/schema\/logo\/image\/\",\"url\":\"https:\/\/hubsch-interior.com\/wp-content\/uploads\/2022\/12\/Hubsch_logo_black_one_line.svg\",\"contentUrl\":\"https:\/\/hubsch-interior.com\/wp-content\/uploads\/2022\/12\/Hubsch_logo_black_one_line.svg\",\"caption\":\"H\u00fcbsch\"},\"image\":{\"@id\":\"https:\/\/hubsch-interior.com\/fr\/#\/schema\/logo\/image\/\"}}]}<\/script>\n<!-- \/ Yoast SEO plugin. -->","yoast_head_json":{"title":"Camp Lampe de table Beige - H\u00fcbsch","description":"Vous me demanderez surement pourquoi aurai-je besoin d\u2019une lampe de table ? Parce qu\u2019on n\u2019en a jamais trop. Voil\u00e0 pourquoi ! Vous pouvez toujours ajouter","robots":{"index":"index","follow":"follow","max-snippet":"max-snippet:-1","max-image-preview":"max-image-preview:large","max-video-preview":"max-video-preview:-1"},"canonical":"https:\/\/hubsch-interior.com\/fr\/wp-json\/wp\/v2\/product\/398680","og_locale":"fr_FR","og_type":"article","og_title":"Camp Lampe de table Beige - H\u00fcbsch","og_description":"Vous me demanderez surement pourquoi aurai-je besoin d\u2019une lampe de table ? Parce qu\u2019on n\u2019en a jamais trop. Voil\u00e0 pourquoi ! Vous pouvez toujours ajouter","og_url":"https:\/\/hubsch-interior.com\/fr\/produit\/camp-lampe-de-table-beige\/","og_site_name":"H\u00fcbsch","article_modified_time":"2026-04-30T03:19:11+00:00","og_image":[{"width":1200,"height":1200,"url":"https:\/\/hubsch-interior.com\/wp-content\/uploads\/2024\/01\/camp-table-lamp-beige-965e1c9d19ec551d3117ac2fbe26fd64.jpg","type":"image\/jpeg"}],"twitter_card":"summary_large_image","schema":{"@context":"https:\/\/schema.org","@graph":[{"@type":"WebPage","@id":"https:\/\/hubsch-interior.com\/fr\/produit\/camp-lampe-de-table-beige\/","url":"https:\/\/hubsch-interior.com\/fr\/produit\/camp-lampe-de-table-beige\/","name":"Camp Lampe de table Beige - H\u00fcbsch","isPartOf":{"@id":"https:\/\/hubsch-interior.com\/fr\/#website"},"primaryImageOfPage":{"@id":"https:\/\/hubsch-interior.com\/fr\/produit\/camp-lampe-de-table-beige\/#primaryimage"},"image":{"@id":"https:\/\/hubsch-interior.com\/fr\/produit\/camp-lampe-de-table-beige\/#primaryimage"},"thumbnailUrl":"https:\/\/hubsch-interior.com\/wp-content\/uploads\/2026\/02\/camp-table-lamp-beige-ea2a4085b4a50418779c7d0acf261428.jpg","datePublished":"2021-06-13T21:08:15+00:00","dateModified":"2026-04-30T03:19:11+00:00","description":"Vous me demanderez surement pourquoi aurai-je besoin d\u2019une lampe de table ? Parce qu\u2019on n\u2019en a jamais trop. Voil\u00e0 pourquoi ! Vous pouvez toujours ajouter","breadcrumb":{"@id":"https:\/\/hubsch-interior.com\/fr\/produit\/camp-lampe-de-table-beige\/#breadcrumb"},"inLanguage":"fr-FR","potentialAction":[{"@type":"ReadAction","target":["https:\/\/hubsch-interior.com\/fr\/produit\/camp-lampe-de-table-beige\/"]}]},{"@type":"ImageObject","inLanguage":"fr-FR","@id":"https:\/\/hubsch-interior.com\/fr\/produit\/camp-lampe-de-table-beige\/#primaryimage","url":"https:\/\/hubsch-interior.com\/wp-content\/uploads\/2026\/02\/camp-table-lamp-beige-ea2a4085b4a50418779c7d0acf261428.jpg","contentUrl":"https:\/\/hubsch-interior.com\/wp-content\/uploads\/2026\/02\/camp-table-lamp-beige-ea2a4085b4a50418779c7d0acf261428.jpg","width":1024,"height":1024},{"@type":"BreadcrumbList","@id":"https:\/\/hubsch-interior.com\/fr\/produit\/camp-lampe-de-table-beige\/#breadcrumb","itemListElement":[{"@type":"ListItem","position":1,"name":"Page d'accueil","item":"https:\/\/hubsch-interior.com\/fr\/"},{"@type":"ListItem","position":2,"name":"Produits","item":"https:\/\/hubsch-interior.com\/fr\/shop-2\/"},{"@type":"ListItem","position":3,"name":"Luminaires","item":"https:\/\/hubsch-interior.com\/fr\/categorie-produit\/luminaires\/"},{"@type":"ListItem","position":4,"name":"Lampes &agrave; poser","item":"https:\/\/hubsch-interior.com\/fr\/categorie-produit\/luminaires\/lampes-a-poser-fr\/"},{"@type":"ListItem","position":5,"name":"Camp Lampe de table Beige"}]},{"@type":"WebSite","@id":"https:\/\/hubsch-interior.com\/fr\/#website","url":"https:\/\/hubsch-interior.com\/fr\/","name":"H\u00fcbsch","description":"Danish Home Interior and Design","publisher":{"@id":"https:\/\/hubsch-interior.com\/fr\/#organization"},"potentialAction":[{"@type":"SearchAction","target":{"@type":"EntryPoint","urlTemplate":"https:\/\/hubsch-interior.com\/fr\/?s={search_term_string}"},"query-input":{"@type":"PropertyValueSpecification","valueRequired":true,"valueName":"search_term_string"}}],"inLanguage":"fr-FR"},{"@type":"Organization","@id":"https:\/\/hubsch-interior.com\/fr\/#organization","name":"H\u00fcbsch","url":"https:\/\/hubsch-interior.com\/fr\/","logo":{"@type":"ImageObject","inLanguage":"fr-FR","@id":"https:\/\/hubsch-interior.com\/fr\/#\/schema\/logo\/image\/","url":"https:\/\/hubsch-interior.com\/wp-content\/uploads\/2022\/12\/Hubsch_logo_black_one_line.svg","contentUrl":"https:\/\/hubsch-interior.com\/wp-content\/uploads\/2022\/12\/Hubsch_logo_black_one_line.svg","caption":"H\u00fcbsch"},"image":{"@id":"https:\/\/hubsch-interior.com\/fr\/#\/schema\/logo\/image\/"}}]}},"_links":{"self":[{"href":"https:\/\/hubsch-interior.com\/fr\/wp-json\/wp\/v2\/product\/398680","targetHints":{"allow":["GET"]}}],"collection":[{"href":"https:\/\/hubsch-interior.com\/fr\/wp-json\/wp\/v2\/product"}],"about":[{"href":"https:\/\/hubsch-interior.com\/fr\/wp-json\/wp\/v2\/types\/product"}],"wp:featuredmedia":[{"embeddable":true,"href":"https:\/\/hubsch-interior.com\/fr\/wp-json\/wp\/v2\/media\/1109842"}],"wp:attachment":[{"href":"https:\/\/hubsch-interior.com\/fr\/wp-json\/wp\/v2\/media?parent=398680"}],"wp:term":[{"taxonomy":"product_brand","embeddable":true,"href":"https:\/\/hubsch-interior.com\/fr\/wp-json\/wp\/v2\/product_brand?post=398680"},{"taxonomy":"product_cat","embeddable":true,"href":"https:\/\/hubsch-interior.com\/fr\/wp-json\/wp\/v2\/product_cat?post=398680"},{"taxonomy":"product_tag","embeddable":true,"href":"https:\/\/hubsch-interior.com\/fr\/wp-json\/wp\/v2\/product_tag?post=398680"}],"curies":[{"name":"wp","href":"https:\/\/api.w.org\/{rel}","templated":true}]}}

<p>Vous me demanderez surement pourquoi aurai-je besoin d’une lampe de table ? Parce qu’on n’en a jamais trop. Voilà pourquoi ! Vous pouvez toujours ajouter un peu plus de lumière. Mettez-la en avant dans tous vos espaces, et vous êtes certain d’avoir une ambiance chaleureuse et confortable. Cette petite lampe de table en verre aux teintes douces éclairera les étagères, les bureaux, les tables d&#8217;appoint ou les armoires. Avec cette lampe, tout n&#8217;est que douceur et luminosité.</p>

<p>Vous me demanderez surement pourquoi aurai-je besoin d’une lampe de table ? Parce qu’on n’en a jamais trop. Voilà pourquoi ! Vous pouvez toujours ajouter un peu plus de lumière. Mettez-la en avant dans tous vos espaces, et vous êtes certain d’avoir une ambiance chaleureuse et confortable. Cette petite lampe de table en verre aux [&hellip;]</p>

<!-- This site is optimized with the Yoast SEO plugin v26.4 - https://yoast.com/wordpress/plugins/seo/ -->
<title>Camp Lampe de table Beige - Hübsch</title>
<meta name="description" content="Vous me demanderez surement pourquoi aurai-je besoin d’une lampe de table ? Parce qu’on n’en a jamais trop. Voilà pourquoi ! Vous pouvez toujours ajouter" />
<meta name="robots" content="index, follow, max-snippet:-1, max-image-preview:large, max-video-preview:-1" />
<link rel="canonical" href="https://hubsch-interior.com/fr/wp-json/wp/v2/product/398680" />
<meta property="og:locale" content="fr_FR" />
<meta property="og:type" content="article" />
<meta property="og:title" content="Camp Lampe de table Beige - Hübsch" />
<meta property="og:description" content="Vous me demanderez surement pourquoi aurai-je besoin d’une lampe de table ? Parce qu’on n’en a jamais trop. Voilà pourquoi ! Vous pouvez toujours ajouter" />
<meta property="og:url" content="https://hubsch-interior.com/fr/produit/camp-lampe-de-table-beige/" />
<meta property="og:site_name" content="Hübsch" />
<meta property="article:modified_time" content="2026-04-30T03:19:11+00:00" />
<meta property="og:image" content="https://hubsch-interior.com/wp-content/uploads/2024/01/camp-table-lamp-beige-965e1c9d19ec551d3117ac2fbe26fd64.jpg" />
	<meta property="og:image:width" content="1200" />
	<meta property="og:image:height" content="1200" />
	<meta property="og:image:type" content="image/jpeg" />
<meta name="twitter:card" content="summary_large_image" />
<script type="application/ld+json" class="yoast-schema-graph">{"@context":"https://schema.org","@graph":[{"@type":"WebPage","@id":"https://hubsch-interior.com/fr/produit/camp-lampe-de-table-beige/","url":"https://hubsch-interior.com/fr/produit/camp-lampe-de-table-beige/","name":"Camp Lampe de table Beige - Hübsch","isPartOf":{"@id":"https://hubsch-interior.com/fr/#website"},"primaryImageOfPage":{"@id":"https://hubsch-interior.com/fr/produit/camp-lampe-de-table-beige/#primaryimage"},"image":{"@id":"https://hubsch-interior.com/fr/produit/camp-lampe-de-table-beige/#primaryimage"},"thumbnailUrl":"https://hubsch-interior.com/wp-content/uploads/2026/02/camp-table-lamp-beige-ea2a4085b4a50418779c7d0acf261428.jpg","datePublished":"2021-06-13T21:08:15+00:00","dateModified":"2026-04-30T03:19:11+00:00","description":"Vous me demanderez surement pourquoi aurai-je besoin d’une lampe de table ? Parce qu’on n’en a jamais trop. Voilà pourquoi ! Vous pouvez toujours ajouter","breadcrumb":{"@id":"https://hubsch-interior.com/fr/produit/camp-lampe-de-table-beige/#breadcrumb"},"inLanguage":"fr-FR","potentialAction":[{"@type":"ReadAction","target":["https://hubsch-interior.com/fr/produit/camp-lampe-de-table-beige/"]}]},{"@type":"ImageObject","inLanguage":"fr-FR","@id":"https://hubsch-interior.com/fr/produit/camp-lampe-de-table-beige/#primaryimage","url":"https://hubsch-interior.com/wp-content/uploads/2026/02/camp-table-lamp-beige-ea2a4085b4a50418779c7d0acf261428.jpg","contentUrl":"https://hubsch-interior.com/wp-content/uploads/2026/02/camp-table-lamp-beige-ea2a4085b4a50418779c7d0acf261428.jpg","width":1024,"height":1024},{"@type":"BreadcrumbList","@id":"https://hubsch-interior.com/fr/produit/camp-lampe-de-table-beige/#breadcrumb","itemListElement":[{"@type":"ListItem","position":1,"name":"Page d'accueil","item":"https://hubsch-interior.com/fr/"},{"@type":"ListItem","position":2,"name":"Produits","item":"https://hubsch-interior.com/fr/shop-2/"},{"@type":"ListItem","position":3,"name":"Luminaires","item":"https://hubsch-interior.com/fr/categorie-produit/luminaires/"},{"@type":"ListItem","position":4,"name":"Lampes &agrave; poser","item":"https://hubsch-interior.com/fr/categorie-produit/luminaires/lampes-a-poser-fr/"},{"@type":"ListItem","position":5,"name":"Camp Lampe de table Beige"}]},{"@type":"WebSite","@id":"https://hubsch-interior.com/fr/#website","url":"https://hubsch-interior.com/fr/","name":"Hübsch","description":"Danish Home Interior and Design","publisher":{"@id":"https://hubsch-interior.com/fr/#organization"},"potentialAction":[{"@type":"SearchAction","target":{"@type":"EntryPoint","urlTemplate":"https://hubsch-interior.com/fr/?s={search_term_string}"},"query-input":{"@type":"PropertyValueSpecification","valueRequired":true,"valueName":"search_term_string"}}],"inLanguage":"fr-FR"},{"@type":"Organization","@id":"https://hubsch-interior.com/fr/#organization","name":"Hübsch","url":"https://hubsch-interior.com/fr/","logo":{"@type":"ImageObject","inLanguage":"fr-FR","@id":"https://hubsch-interior.com/fr/#/schema/logo/image/","url":"https://hubsch-interior.com/wp-content/uploads/2022/12/Hubsch_logo_black_one_line.svg","contentUrl":"https://hubsch-interior.com/wp-content/uploads/2022/12/Hubsch_logo_black_one_line.svg","caption":"Hübsch"},"image":{"@id":"https://hubsch-interior.com/fr/#/schema/logo/image/"}}]}</script>
<!-- / Yoast SEO plugin. -->

Camp Lampe de table Beige - Hübsch

Vous me demanderez surement pourquoi aurai-je besoin d’une lampe de table ? Parce qu’on n’en a jamais trop. Voilà pourquoi ! Vous pouvez toujours ajouter

Hübsch
