{"id":809192,"date":"2022-08-23T14:46:42","date_gmt":"2022-08-23T12:46:42","guid":{"rendered":"https:\/\/hubsch-interior.com\/product\/product\/"},"modified":"2026-04-28T05:23:43","modified_gmt":"2026-04-28T03:23:43","slug":"chand-pendule-trapez-naturel","status":"publish","type":"product","link":"https:\/\/hubsch-interior.com\/fr\/produit\/chand-pendule-trapez-naturel\/","title":{"rendered":"Chand Pendule Trapez Naturel"},"content":{"rendered":"<p>A l&#8217;occasion de la derni\u00e8re saison, nous avions ajout\u00e9 \u00e0 notre gamme une s\u00e9lection de lampes en rotin haut de gamme. Pour cette nouvelle collection, nous avons travaill\u00e9 le design en allant encore plus loin sur les dimensions et les formes et nous avons ajout\u00e9 un c\u00f4t\u00e9 d\u00e9cal\u00e9 en choisissant un cordon en tissu tress\u00e9 rouge. La suspension Chand cr\u00e9e ainsi beaucoup de charme dans votre pi\u00e8ce et participe \u00e9galement \u00e0 l&#8217;\u00e9quilibre d&#8217;une ambiance conviviale lors de vos soir\u00e9es. C&#8217;est une beaut\u00e9 pure, \u00e0 vous de l&#8217;adopter pour apporter de la douceur et de la joie chez vous.<\/p>\n","protected":false},"excerpt":{"rendered":"<p>A l&#8217;occasion de la derni\u00e8re saison, nous avions ajout\u00e9 \u00e0 notre gamme une s\u00e9lection de lampes en rotin haut de gamme. Pour cette nouvelle collection, nous avons travaill\u00e9 le design en allant encore plus loin sur les dimensions et les formes et nous avons ajout\u00e9 un c\u00f4t\u00e9 d\u00e9cal\u00e9 en choisissant un cordon en tissu tress\u00e9 [&hellip;]<\/p>\n","protected":false},"featured_media":1110445,"template":"","meta":{"_acf_changed":false,"inline_featured_image":false},"product_brand":[],"product_cat":[6379,6322,3810,4147,5026],"product_tag":[],"class_list":{"0":"post-809192","1":"product","2":"type-product","3":"status-publish","4":"has-post-thumbnail","6":"product_cat-always-a-twist-fr","7":"product_cat-fsc-fr","8":"product_cat-luminaires","9":"product_cat-suspensions-fr","10":"product_cat-bestsellers-fr","11":"product_shipping_class-p10","13":"pa_color-naturel-2","14":"pa_material-rotin-fr","16":"first","17":"instock","18":"featured","19":"taxable","20":"shipping-taxable","21":"purchasable","22":"product-type-simple"},"exclude_global_add_ons":[],"addons":[],"acf":[],"yoast_head":"<!-- This site is optimized with the Yoast SEO plugin v26.4 - https:\/\/yoast.com\/wordpress\/plugins\/seo\/ -->\n<title>Chand Pendule Trapez Naturel - H\u00fcbsch<\/title>\n<meta name=\"description\" content=\"A l&#039;occasion de la derni\u00e8re saison, nous avions ajout\u00e9 \u00e0 notre gamme une s\u00e9lection de lampes en rotin haut de gamme. Pour cette nouvelle collection, nous\" \/>\n<meta name=\"robots\" content=\"index, follow, max-snippet:-1, max-image-preview:large, max-video-preview:-1\" \/>\n<link rel=\"canonical\" href=\"https:\/\/hubsch-interior.com\/fr\/wp-json\/wp\/v2\/product\/809192\" \/>\n<meta property=\"og:locale\" content=\"fr_FR\" \/>\n<meta property=\"og:type\" content=\"article\" \/>\n<meta property=\"og:title\" content=\"Chand Pendule Trapez Naturel - H\u00fcbsch\" \/>\n<meta property=\"og:description\" content=\"A l&#039;occasion de la derni\u00e8re saison, nous avions ajout\u00e9 \u00e0 notre gamme une s\u00e9lection de lampes en rotin haut de gamme. Pour cette nouvelle collection, nous\" \/>\n<meta property=\"og:url\" content=\"https:\/\/hubsch-interior.com\/fr\/produit\/chand-pendule-trapez-naturel\/\" \/>\n<meta property=\"og:site_name\" content=\"H\u00fcbsch\" \/>\n<meta property=\"article:modified_time\" content=\"2026-04-28T03:23:43+00:00\" \/>\n<meta property=\"og:image\" content=\"https:\/\/hubsch-interior.com\/wp-content\/uploads\/2024\/01\/chand-ceiling-light-trapeze-natural-76754c2e18d982c73265266476034b99.jpg\" \/>\n\t<meta property=\"og:image:width\" content=\"1200\" \/>\n\t<meta property=\"og:image:height\" content=\"1200\" \/>\n\t<meta property=\"og:image:type\" content=\"image\/jpeg\" \/>\n<meta name=\"twitter:card\" content=\"summary_large_image\" \/>\n<meta name=\"twitter:label1\" content=\"Dur\u00e9e de lecture estim\u00e9e\" \/>\n\t<meta name=\"twitter:data1\" content=\"1 minute\" \/>\n<script type=\"application\/ld+json\" class=\"yoast-schema-graph\">{\"@context\":\"https:\/\/schema.org\",\"@graph\":[{\"@type\":\"WebPage\",\"@id\":\"https:\/\/hubsch-interior.com\/fr\/produit\/chand-pendule-trapez-naturel\/\",\"url\":\"https:\/\/hubsch-interior.com\/fr\/produit\/chand-pendule-trapez-naturel\/\",\"name\":\"Chand Pendule Trapez Naturel - H\u00fcbsch\",\"isPartOf\":{\"@id\":\"https:\/\/hubsch-interior.com\/fr\/#website\"},\"primaryImageOfPage\":{\"@id\":\"https:\/\/hubsch-interior.com\/fr\/produit\/chand-pendule-trapez-naturel\/#primaryimage\"},\"image\":{\"@id\":\"https:\/\/hubsch-interior.com\/fr\/produit\/chand-pendule-trapez-naturel\/#primaryimage\"},\"thumbnailUrl\":\"https:\/\/hubsch-interior.com\/wp-content\/uploads\/2026\/02\/chand-pendant-trapeze-natural-e16b02f93f69f7ff8f3489a60582ff9e.jpg\",\"datePublished\":\"2022-08-23T12:46:42+00:00\",\"dateModified\":\"2026-04-28T03:23:43+00:00\",\"description\":\"A l'occasion de la derni\u00e8re saison, nous avions ajout\u00e9 \u00e0 notre gamme une s\u00e9lection de lampes en rotin haut de gamme. Pour cette nouvelle collection, nous\",\"breadcrumb\":{\"@id\":\"https:\/\/hubsch-interior.com\/fr\/produit\/chand-pendule-trapez-naturel\/#breadcrumb\"},\"inLanguage\":\"fr-FR\",\"potentialAction\":[{\"@type\":\"ReadAction\",\"target\":[\"https:\/\/hubsch-interior.com\/fr\/produit\/chand-pendule-trapez-naturel\/\"]}]},{\"@type\":\"ImageObject\",\"inLanguage\":\"fr-FR\",\"@id\":\"https:\/\/hubsch-interior.com\/fr\/produit\/chand-pendule-trapez-naturel\/#primaryimage\",\"url\":\"https:\/\/hubsch-interior.com\/wp-content\/uploads\/2026\/02\/chand-pendant-trapeze-natural-e16b02f93f69f7ff8f3489a60582ff9e.jpg\",\"contentUrl\":\"https:\/\/hubsch-interior.com\/wp-content\/uploads\/2026\/02\/chand-pendant-trapeze-natural-e16b02f93f69f7ff8f3489a60582ff9e.jpg\",\"width\":1024,\"height\":1024},{\"@type\":\"BreadcrumbList\",\"@id\":\"https:\/\/hubsch-interior.com\/fr\/produit\/chand-pendule-trapez-naturel\/#breadcrumb\",\"itemListElement\":[{\"@type\":\"ListItem\",\"position\":1,\"name\":\"Page d'accueil\",\"item\":\"https:\/\/hubsch-interior.com\/fr\/\"},{\"@type\":\"ListItem\",\"position\":2,\"name\":\"Produits\",\"item\":\"https:\/\/hubsch-interior.com\/fr\/shop-2\/\"},{\"@type\":\"ListItem\",\"position\":3,\"name\":\"Luminaires\",\"item\":\"https:\/\/hubsch-interior.com\/fr\/categorie-produit\/luminaires\/\"},{\"@type\":\"ListItem\",\"position\":4,\"name\":\"Suspensions\",\"item\":\"https:\/\/hubsch-interior.com\/fr\/categorie-produit\/luminaires\/suspensions-fr\/\"},{\"@type\":\"ListItem\",\"position\":5,\"name\":\"Chand Pendule Trapez Naturel\"}]},{\"@type\":\"WebSite\",\"@id\":\"https:\/\/hubsch-interior.com\/fr\/#website\",\"url\":\"https:\/\/hubsch-interior.com\/fr\/\",\"name\":\"H\u00fcbsch\",\"description\":\"Danish Home Interior and Design\",\"publisher\":{\"@id\":\"https:\/\/hubsch-interior.com\/fr\/#organization\"},\"potentialAction\":[{\"@type\":\"SearchAction\",\"target\":{\"@type\":\"EntryPoint\",\"urlTemplate\":\"https:\/\/hubsch-interior.com\/fr\/?s={search_term_string}\"},\"query-input\":{\"@type\":\"PropertyValueSpecification\",\"valueRequired\":true,\"valueName\":\"search_term_string\"}}],\"inLanguage\":\"fr-FR\"},{\"@type\":\"Organization\",\"@id\":\"https:\/\/hubsch-interior.com\/fr\/#organization\",\"name\":\"H\u00fcbsch\",\"url\":\"https:\/\/hubsch-interior.com\/fr\/\",\"logo\":{\"@type\":\"ImageObject\",\"inLanguage\":\"fr-FR\",\"@id\":\"https:\/\/hubsch-interior.com\/fr\/#\/schema\/logo\/image\/\",\"url\":\"https:\/\/hubsch-interior.com\/wp-content\/uploads\/2022\/12\/Hubsch_logo_black_one_line.svg\",\"contentUrl\":\"https:\/\/hubsch-interior.com\/wp-content\/uploads\/2022\/12\/Hubsch_logo_black_one_line.svg\",\"caption\":\"H\u00fcbsch\"},\"image\":{\"@id\":\"https:\/\/hubsch-interior.com\/fr\/#\/schema\/logo\/image\/\"}}]}<\/script>\n<!-- \/ Yoast SEO plugin. -->","yoast_head_json":{"title":"Chand Pendule Trapez Naturel - H\u00fcbsch","description":"A l'occasion de la derni\u00e8re saison, nous avions ajout\u00e9 \u00e0 notre gamme une s\u00e9lection de lampes en rotin haut de gamme. Pour cette nouvelle collection, nous","robots":{"index":"index","follow":"follow","max-snippet":"max-snippet:-1","max-image-preview":"max-image-preview:large","max-video-preview":"max-video-preview:-1"},"canonical":"https:\/\/hubsch-interior.com\/fr\/wp-json\/wp\/v2\/product\/809192","og_locale":"fr_FR","og_type":"article","og_title":"Chand Pendule Trapez Naturel - H\u00fcbsch","og_description":"A l'occasion de la derni\u00e8re saison, nous avions ajout\u00e9 \u00e0 notre gamme une s\u00e9lection de lampes en rotin haut de gamme. Pour cette nouvelle collection, nous","og_url":"https:\/\/hubsch-interior.com\/fr\/produit\/chand-pendule-trapez-naturel\/","og_site_name":"H\u00fcbsch","article_modified_time":"2026-04-28T03:23:43+00:00","og_image":[{"width":1200,"height":1200,"url":"https:\/\/hubsch-interior.com\/wp-content\/uploads\/2024\/01\/chand-ceiling-light-trapeze-natural-76754c2e18d982c73265266476034b99.jpg","type":"image\/jpeg"}],"twitter_card":"summary_large_image","twitter_misc":{"Dur\u00e9e de lecture estim\u00e9e":"1 minute"},"schema":{"@context":"https:\/\/schema.org","@graph":[{"@type":"WebPage","@id":"https:\/\/hubsch-interior.com\/fr\/produit\/chand-pendule-trapez-naturel\/","url":"https:\/\/hubsch-interior.com\/fr\/produit\/chand-pendule-trapez-naturel\/","name":"Chand Pendule Trapez Naturel - H\u00fcbsch","isPartOf":{"@id":"https:\/\/hubsch-interior.com\/fr\/#website"},"primaryImageOfPage":{"@id":"https:\/\/hubsch-interior.com\/fr\/produit\/chand-pendule-trapez-naturel\/#primaryimage"},"image":{"@id":"https:\/\/hubsch-interior.com\/fr\/produit\/chand-pendule-trapez-naturel\/#primaryimage"},"thumbnailUrl":"https:\/\/hubsch-interior.com\/wp-content\/uploads\/2026\/02\/chand-pendant-trapeze-natural-e16b02f93f69f7ff8f3489a60582ff9e.jpg","datePublished":"2022-08-23T12:46:42+00:00","dateModified":"2026-04-28T03:23:43+00:00","description":"A l'occasion de la derni\u00e8re saison, nous avions ajout\u00e9 \u00e0 notre gamme une s\u00e9lection de lampes en rotin haut de gamme. Pour cette nouvelle collection, nous","breadcrumb":{"@id":"https:\/\/hubsch-interior.com\/fr\/produit\/chand-pendule-trapez-naturel\/#breadcrumb"},"inLanguage":"fr-FR","potentialAction":[{"@type":"ReadAction","target":["https:\/\/hubsch-interior.com\/fr\/produit\/chand-pendule-trapez-naturel\/"]}]},{"@type":"ImageObject","inLanguage":"fr-FR","@id":"https:\/\/hubsch-interior.com\/fr\/produit\/chand-pendule-trapez-naturel\/#primaryimage","url":"https:\/\/hubsch-interior.com\/wp-content\/uploads\/2026\/02\/chand-pendant-trapeze-natural-e16b02f93f69f7ff8f3489a60582ff9e.jpg","contentUrl":"https:\/\/hubsch-interior.com\/wp-content\/uploads\/2026\/02\/chand-pendant-trapeze-natural-e16b02f93f69f7ff8f3489a60582ff9e.jpg","width":1024,"height":1024},{"@type":"BreadcrumbList","@id":"https:\/\/hubsch-interior.com\/fr\/produit\/chand-pendule-trapez-naturel\/#breadcrumb","itemListElement":[{"@type":"ListItem","position":1,"name":"Page d'accueil","item":"https:\/\/hubsch-interior.com\/fr\/"},{"@type":"ListItem","position":2,"name":"Produits","item":"https:\/\/hubsch-interior.com\/fr\/shop-2\/"},{"@type":"ListItem","position":3,"name":"Luminaires","item":"https:\/\/hubsch-interior.com\/fr\/categorie-produit\/luminaires\/"},{"@type":"ListItem","position":4,"name":"Suspensions","item":"https:\/\/hubsch-interior.com\/fr\/categorie-produit\/luminaires\/suspensions-fr\/"},{"@type":"ListItem","position":5,"name":"Chand Pendule Trapez Naturel"}]},{"@type":"WebSite","@id":"https:\/\/hubsch-interior.com\/fr\/#website","url":"https:\/\/hubsch-interior.com\/fr\/","name":"H\u00fcbsch","description":"Danish Home Interior and Design","publisher":{"@id":"https:\/\/hubsch-interior.com\/fr\/#organization"},"potentialAction":[{"@type":"SearchAction","target":{"@type":"EntryPoint","urlTemplate":"https:\/\/hubsch-interior.com\/fr\/?s={search_term_string}"},"query-input":{"@type":"PropertyValueSpecification","valueRequired":true,"valueName":"search_term_string"}}],"inLanguage":"fr-FR"},{"@type":"Organization","@id":"https:\/\/hubsch-interior.com\/fr\/#organization","name":"H\u00fcbsch","url":"https:\/\/hubsch-interior.com\/fr\/","logo":{"@type":"ImageObject","inLanguage":"fr-FR","@id":"https:\/\/hubsch-interior.com\/fr\/#\/schema\/logo\/image\/","url":"https:\/\/hubsch-interior.com\/wp-content\/uploads\/2022\/12\/Hubsch_logo_black_one_line.svg","contentUrl":"https:\/\/hubsch-interior.com\/wp-content\/uploads\/2022\/12\/Hubsch_logo_black_one_line.svg","caption":"H\u00fcbsch"},"image":{"@id":"https:\/\/hubsch-interior.com\/fr\/#\/schema\/logo\/image\/"}}]}},"_links":{"self":[{"href":"https:\/\/hubsch-interior.com\/fr\/wp-json\/wp\/v2\/product\/809192","targetHints":{"allow":["GET"]}}],"collection":[{"href":"https:\/\/hubsch-interior.com\/fr\/wp-json\/wp\/v2\/product"}],"about":[{"href":"https:\/\/hubsch-interior.com\/fr\/wp-json\/wp\/v2\/types\/product"}],"wp:featuredmedia":[{"embeddable":true,"href":"https:\/\/hubsch-interior.com\/fr\/wp-json\/wp\/v2\/media\/1110445"}],"wp:attachment":[{"href":"https:\/\/hubsch-interior.com\/fr\/wp-json\/wp\/v2\/media?parent=809192"}],"wp:term":[{"taxonomy":"product_brand","embeddable":true,"href":"https:\/\/hubsch-interior.com\/fr\/wp-json\/wp\/v2\/product_brand?post=809192"},{"taxonomy":"product_cat","embeddable":true,"href":"https:\/\/hubsch-interior.com\/fr\/wp-json\/wp\/v2\/product_cat?post=809192"},{"taxonomy":"product_tag","embeddable":true,"href":"https:\/\/hubsch-interior.com\/fr\/wp-json\/wp\/v2\/product_tag?post=809192"}],"curies":[{"name":"wp","href":"https:\/\/api.w.org\/{rel}","templated":true}]}}

<p>A l&#8217;occasion de la dernière saison, nous avions ajouté à notre gamme une sélection de lampes en rotin haut de gamme. Pour cette nouvelle collection, nous avons travaillé le design en allant encore plus loin sur les dimensions et les formes et nous avons ajouté un côté décalé en choisissant un cordon en tissu tressé rouge. La suspension Chand crée ainsi beaucoup de charme dans votre pièce et participe également à l&#8217;équilibre d&#8217;une ambiance conviviale lors de vos soirées. C&#8217;est une beauté pure, à vous de l&#8217;adopter pour apporter de la douceur et de la joie chez vous.</p>

<p>A l&#8217;occasion de la dernière saison, nous avions ajouté à notre gamme une sélection de lampes en rotin haut de gamme. Pour cette nouvelle collection, nous avons travaillé le design en allant encore plus loin sur les dimensions et les formes et nous avons ajouté un côté décalé en choisissant un cordon en tissu tressé [&hellip;]</p>

<!-- This site is optimized with the Yoast SEO plugin v26.4 - https://yoast.com/wordpress/plugins/seo/ -->
<title>Chand Pendule Trapez Naturel - Hübsch</title>
<meta name="description" content="A l&#039;occasion de la dernière saison, nous avions ajouté à notre gamme une sélection de lampes en rotin haut de gamme. Pour cette nouvelle collection, nous" />
<meta name="robots" content="index, follow, max-snippet:-1, max-image-preview:large, max-video-preview:-1" />
<link rel="canonical" href="https://hubsch-interior.com/fr/wp-json/wp/v2/product/809192" />
<meta property="og:locale" content="fr_FR" />
<meta property="og:type" content="article" />
<meta property="og:title" content="Chand Pendule Trapez Naturel - Hübsch" />
<meta property="og:description" content="A l&#039;occasion de la dernière saison, nous avions ajouté à notre gamme une sélection de lampes en rotin haut de gamme. Pour cette nouvelle collection, nous" />
<meta property="og:url" content="https://hubsch-interior.com/fr/produit/chand-pendule-trapez-naturel/" />
<meta property="og:site_name" content="Hübsch" />
<meta property="article:modified_time" content="2026-04-28T03:23:43+00:00" />
<meta property="og:image" content="https://hubsch-interior.com/wp-content/uploads/2024/01/chand-ceiling-light-trapeze-natural-76754c2e18d982c73265266476034b99.jpg" />
	<meta property="og:image:width" content="1200" />
	<meta property="og:image:height" content="1200" />
	<meta property="og:image:type" content="image/jpeg" />
<meta name="twitter:card" content="summary_large_image" />
<meta name="twitter:label1" content="Durée de lecture estimée" />
	<meta name="twitter:data1" content="1 minute" />
<script type="application/ld+json" class="yoast-schema-graph">{"@context":"https://schema.org","@graph":[{"@type":"WebPage","@id":"https://hubsch-interior.com/fr/produit/chand-pendule-trapez-naturel/","url":"https://hubsch-interior.com/fr/produit/chand-pendule-trapez-naturel/","name":"Chand Pendule Trapez Naturel - Hübsch","isPartOf":{"@id":"https://hubsch-interior.com/fr/#website"},"primaryImageOfPage":{"@id":"https://hubsch-interior.com/fr/produit/chand-pendule-trapez-naturel/#primaryimage"},"image":{"@id":"https://hubsch-interior.com/fr/produit/chand-pendule-trapez-naturel/#primaryimage"},"thumbnailUrl":"https://hubsch-interior.com/wp-content/uploads/2026/02/chand-pendant-trapeze-natural-e16b02f93f69f7ff8f3489a60582ff9e.jpg","datePublished":"2022-08-23T12:46:42+00:00","dateModified":"2026-04-28T03:23:43+00:00","description":"A l'occasion de la dernière saison, nous avions ajouté à notre gamme une sélection de lampes en rotin haut de gamme. Pour cette nouvelle collection, nous","breadcrumb":{"@id":"https://hubsch-interior.com/fr/produit/chand-pendule-trapez-naturel/#breadcrumb"},"inLanguage":"fr-FR","potentialAction":[{"@type":"ReadAction","target":["https://hubsch-interior.com/fr/produit/chand-pendule-trapez-naturel/"]}]},{"@type":"ImageObject","inLanguage":"fr-FR","@id":"https://hubsch-interior.com/fr/produit/chand-pendule-trapez-naturel/#primaryimage","url":"https://hubsch-interior.com/wp-content/uploads/2026/02/chand-pendant-trapeze-natural-e16b02f93f69f7ff8f3489a60582ff9e.jpg","contentUrl":"https://hubsch-interior.com/wp-content/uploads/2026/02/chand-pendant-trapeze-natural-e16b02f93f69f7ff8f3489a60582ff9e.jpg","width":1024,"height":1024},{"@type":"BreadcrumbList","@id":"https://hubsch-interior.com/fr/produit/chand-pendule-trapez-naturel/#breadcrumb","itemListElement":[{"@type":"ListItem","position":1,"name":"Page d'accueil","item":"https://hubsch-interior.com/fr/"},{"@type":"ListItem","position":2,"name":"Produits","item":"https://hubsch-interior.com/fr/shop-2/"},{"@type":"ListItem","position":3,"name":"Luminaires","item":"https://hubsch-interior.com/fr/categorie-produit/luminaires/"},{"@type":"ListItem","position":4,"name":"Suspensions","item":"https://hubsch-interior.com/fr/categorie-produit/luminaires/suspensions-fr/"},{"@type":"ListItem","position":5,"name":"Chand Pendule Trapez Naturel"}]},{"@type":"WebSite","@id":"https://hubsch-interior.com/fr/#website","url":"https://hubsch-interior.com/fr/","name":"Hübsch","description":"Danish Home Interior and Design","publisher":{"@id":"https://hubsch-interior.com/fr/#organization"},"potentialAction":[{"@type":"SearchAction","target":{"@type":"EntryPoint","urlTemplate":"https://hubsch-interior.com/fr/?s={search_term_string}"},"query-input":{"@type":"PropertyValueSpecification","valueRequired":true,"valueName":"search_term_string"}}],"inLanguage":"fr-FR"},{"@type":"Organization","@id":"https://hubsch-interior.com/fr/#organization","name":"Hübsch","url":"https://hubsch-interior.com/fr/","logo":{"@type":"ImageObject","inLanguage":"fr-FR","@id":"https://hubsch-interior.com/fr/#/schema/logo/image/","url":"https://hubsch-interior.com/wp-content/uploads/2022/12/Hubsch_logo_black_one_line.svg","contentUrl":"https://hubsch-interior.com/wp-content/uploads/2022/12/Hubsch_logo_black_one_line.svg","caption":"Hübsch"},"image":{"@id":"https://hubsch-interior.com/fr/#/schema/logo/image/"}}]}</script>
<!-- / Yoast SEO plugin. -->

Chand Pendule Trapez Naturel - Hübsch

A l'occasion de la dernière saison, nous avions ajouté à notre gamme une sélection de lampes en rotin haut de gamme. Pour cette nouvelle collection, nous

Hübsch
