{"id":809248,"date":"2022-08-23T14:47:36","date_gmt":"2022-08-23T12:47:36","guid":{"rendered":"https:\/\/hubsch-interior.com\/product\/product\/"},"modified":"2026-04-30T05:21:07","modified_gmt":"2026-04-30T03:21:07","slug":"ray-pendule-noir","status":"publish","type":"product","link":"https:\/\/hubsch-interior.com\/fr\/produit\/ray-pendule-noir\/","title":{"rendered":"Ray Pendule Noir"},"content":{"rendered":"<p>On adore ce plafonnier en maille noire de grande taille ! Lorsqu&#8217;il est allum\u00e9, le motif maill\u00e9 projette des rayons de lumi\u00e8re sur le plafond et le mur, cr\u00e9ant une ambiance et un style dans votre int\u00e9rieur qui est unique ! La lumi\u00e8re douce et graphique qui en \u00e9mane invite au calme et la forme \u00e9lanc\u00e9e du luminaire ajoute une touche de moderne et d\u00e9contract\u00e9e \u00e0 votre pi\u00e8ce. Ce plafonnier est juste parfait pour le salon, les couloirs et les chambres.<\/p>\n","protected":false},"excerpt":{"rendered":"<p>On adore ce plafonnier en maille noire de grande taille ! Lorsqu&#8217;il est allum\u00e9, le motif maill\u00e9 projette des rayons de lumi\u00e8re sur le plafond et le mur, cr\u00e9ant une ambiance et un style dans votre int\u00e9rieur qui est unique ! La lumi\u00e8re douce et graphique qui en \u00e9mane invite au calme et la forme [&hellip;]<\/p>\n","protected":false},"featured_media":1113269,"template":"","meta":{"_acf_changed":false,"inline_featured_image":false},"product_brand":[],"product_cat":[6379,3810,4147],"product_tag":[],"class_list":{"0":"post-809248","1":"product","2":"type-product","3":"status-publish","4":"has-post-thumbnail","6":"product_cat-always-a-twist-fr","7":"product_cat-luminaires","8":"product_cat-suspensions-fr","9":"product_shipping_class-pk","10":"pa_color-noir","11":"pa_material-fer-fr","13":"first","14":"instock","15":"taxable","16":"shipping-taxable","17":"purchasable","18":"product-type-simple"},"exclude_global_add_ons":[],"addons":[],"acf":[],"yoast_head":"<!-- This site is optimized with the Yoast SEO plugin v26.4 - https:\/\/yoast.com\/wordpress\/plugins\/seo\/ -->\n<title>Ray Pendule Noir - H\u00fcbsch<\/title>\n<meta name=\"description\" content=\"On adore ce plafonnier en maille noire de grande taille ! Lorsqu&#039;il est allum\u00e9, le motif maill\u00e9 projette des rayons de lumi\u00e8re sur le plafond et le mur,\" \/>\n<meta name=\"robots\" content=\"index, follow, max-snippet:-1, max-image-preview:large, max-video-preview:-1\" \/>\n<link rel=\"canonical\" href=\"https:\/\/hubsch-interior.com\/fr\/wp-json\/wp\/v2\/product\/809248\" \/>\n<meta property=\"og:locale\" content=\"fr_FR\" \/>\n<meta property=\"og:type\" content=\"article\" \/>\n<meta property=\"og:title\" content=\"Ray Pendule Noir - H\u00fcbsch\" \/>\n<meta property=\"og:description\" content=\"On adore ce plafonnier en maille noire de grande taille ! Lorsqu&#039;il est allum\u00e9, le motif maill\u00e9 projette des rayons de lumi\u00e8re sur le plafond et le mur,\" \/>\n<meta property=\"og:url\" content=\"https:\/\/hubsch-interior.com\/fr\/produit\/ray-pendule-noir\/\" \/>\n<meta property=\"og:site_name\" content=\"H\u00fcbsch\" \/>\n<meta property=\"article:modified_time\" content=\"2026-04-30T03:21:07+00:00\" \/>\n<meta property=\"og:image\" content=\"https:\/\/hubsch-interior.com\/wp-content\/uploads\/2024\/04\/ray-pendant-black-1584daaf7da95df0df563b4bd0fa5eca.jpg\" \/>\n\t<meta property=\"og:image:width\" content=\"1200\" \/>\n\t<meta property=\"og:image:height\" content=\"1200\" \/>\n\t<meta property=\"og:image:type\" content=\"image\/jpeg\" \/>\n<meta name=\"twitter:card\" content=\"summary_large_image\" \/>\n<script type=\"application\/ld+json\" class=\"yoast-schema-graph\">{\"@context\":\"https:\/\/schema.org\",\"@graph\":[{\"@type\":\"WebPage\",\"@id\":\"https:\/\/hubsch-interior.com\/fr\/produit\/ray-pendule-noir\/\",\"url\":\"https:\/\/hubsch-interior.com\/fr\/produit\/ray-pendule-noir\/\",\"name\":\"Ray Pendule Noir - H\u00fcbsch\",\"isPartOf\":{\"@id\":\"https:\/\/hubsch-interior.com\/fr\/#website\"},\"primaryImageOfPage\":{\"@id\":\"https:\/\/hubsch-interior.com\/fr\/produit\/ray-pendule-noir\/#primaryimage\"},\"image\":{\"@id\":\"https:\/\/hubsch-interior.com\/fr\/produit\/ray-pendule-noir\/#primaryimage\"},\"thumbnailUrl\":\"https:\/\/hubsch-interior.com\/wp-content\/uploads\/2026\/02\/ray-pendant-black-7194febd09e9c0d308b6cbcf7fbdc2be.jpg\",\"datePublished\":\"2022-08-23T12:47:36+00:00\",\"dateModified\":\"2026-04-30T03:21:07+00:00\",\"description\":\"On adore ce plafonnier en maille noire de grande taille ! Lorsqu'il est allum\u00e9, le motif maill\u00e9 projette des rayons de lumi\u00e8re sur le plafond et le mur,\",\"breadcrumb\":{\"@id\":\"https:\/\/hubsch-interior.com\/fr\/produit\/ray-pendule-noir\/#breadcrumb\"},\"inLanguage\":\"fr-FR\",\"potentialAction\":[{\"@type\":\"ReadAction\",\"target\":[\"https:\/\/hubsch-interior.com\/fr\/produit\/ray-pendule-noir\/\"]}]},{\"@type\":\"ImageObject\",\"inLanguage\":\"fr-FR\",\"@id\":\"https:\/\/hubsch-interior.com\/fr\/produit\/ray-pendule-noir\/#primaryimage\",\"url\":\"https:\/\/hubsch-interior.com\/wp-content\/uploads\/2026\/02\/ray-pendant-black-7194febd09e9c0d308b6cbcf7fbdc2be.jpg\",\"contentUrl\":\"https:\/\/hubsch-interior.com\/wp-content\/uploads\/2026\/02\/ray-pendant-black-7194febd09e9c0d308b6cbcf7fbdc2be.jpg\",\"width\":1024,\"height\":1024},{\"@type\":\"BreadcrumbList\",\"@id\":\"https:\/\/hubsch-interior.com\/fr\/produit\/ray-pendule-noir\/#breadcrumb\",\"itemListElement\":[{\"@type\":\"ListItem\",\"position\":1,\"name\":\"Page d'accueil\",\"item\":\"https:\/\/hubsch-interior.com\/fr\/\"},{\"@type\":\"ListItem\",\"position\":2,\"name\":\"Produits\",\"item\":\"https:\/\/hubsch-interior.com\/fr\/shop-2\/\"},{\"@type\":\"ListItem\",\"position\":3,\"name\":\"Luminaires\",\"item\":\"https:\/\/hubsch-interior.com\/fr\/categorie-produit\/luminaires\/\"},{\"@type\":\"ListItem\",\"position\":4,\"name\":\"Suspensions\",\"item\":\"https:\/\/hubsch-interior.com\/fr\/categorie-produit\/luminaires\/suspensions-fr\/\"},{\"@type\":\"ListItem\",\"position\":5,\"name\":\"Ray Pendule Noir\"}]},{\"@type\":\"WebSite\",\"@id\":\"https:\/\/hubsch-interior.com\/fr\/#website\",\"url\":\"https:\/\/hubsch-interior.com\/fr\/\",\"name\":\"H\u00fcbsch\",\"description\":\"Danish Home Interior and Design\",\"publisher\":{\"@id\":\"https:\/\/hubsch-interior.com\/fr\/#organization\"},\"potentialAction\":[{\"@type\":\"SearchAction\",\"target\":{\"@type\":\"EntryPoint\",\"urlTemplate\":\"https:\/\/hubsch-interior.com\/fr\/?s={search_term_string}\"},\"query-input\":{\"@type\":\"PropertyValueSpecification\",\"valueRequired\":true,\"valueName\":\"search_term_string\"}}],\"inLanguage\":\"fr-FR\"},{\"@type\":\"Organization\",\"@id\":\"https:\/\/hubsch-interior.com\/fr\/#organization\",\"name\":\"H\u00fcbsch\",\"url\":\"https:\/\/hubsch-interior.com\/fr\/\",\"logo\":{\"@type\":\"ImageObject\",\"inLanguage\":\"fr-FR\",\"@id\":\"https:\/\/hubsch-interior.com\/fr\/#\/schema\/logo\/image\/\",\"url\":\"https:\/\/hubsch-interior.com\/wp-content\/uploads\/2022\/12\/Hubsch_logo_black_one_line.svg\",\"contentUrl\":\"https:\/\/hubsch-interior.com\/wp-content\/uploads\/2022\/12\/Hubsch_logo_black_one_line.svg\",\"caption\":\"H\u00fcbsch\"},\"image\":{\"@id\":\"https:\/\/hubsch-interior.com\/fr\/#\/schema\/logo\/image\/\"}}]}<\/script>\n<!-- \/ Yoast SEO plugin. -->","yoast_head_json":{"title":"Ray Pendule Noir - H\u00fcbsch","description":"On adore ce plafonnier en maille noire de grande taille ! Lorsqu'il est allum\u00e9, le motif maill\u00e9 projette des rayons de lumi\u00e8re sur le plafond et le mur,","robots":{"index":"index","follow":"follow","max-snippet":"max-snippet:-1","max-image-preview":"max-image-preview:large","max-video-preview":"max-video-preview:-1"},"canonical":"https:\/\/hubsch-interior.com\/fr\/wp-json\/wp\/v2\/product\/809248","og_locale":"fr_FR","og_type":"article","og_title":"Ray Pendule Noir - H\u00fcbsch","og_description":"On adore ce plafonnier en maille noire de grande taille ! Lorsqu'il est allum\u00e9, le motif maill\u00e9 projette des rayons de lumi\u00e8re sur le plafond et le mur,","og_url":"https:\/\/hubsch-interior.com\/fr\/produit\/ray-pendule-noir\/","og_site_name":"H\u00fcbsch","article_modified_time":"2026-04-30T03:21:07+00:00","og_image":[{"width":1200,"height":1200,"url":"https:\/\/hubsch-interior.com\/wp-content\/uploads\/2024\/04\/ray-pendant-black-1584daaf7da95df0df563b4bd0fa5eca.jpg","type":"image\/jpeg"}],"twitter_card":"summary_large_image","schema":{"@context":"https:\/\/schema.org","@graph":[{"@type":"WebPage","@id":"https:\/\/hubsch-interior.com\/fr\/produit\/ray-pendule-noir\/","url":"https:\/\/hubsch-interior.com\/fr\/produit\/ray-pendule-noir\/","name":"Ray Pendule Noir - H\u00fcbsch","isPartOf":{"@id":"https:\/\/hubsch-interior.com\/fr\/#website"},"primaryImageOfPage":{"@id":"https:\/\/hubsch-interior.com\/fr\/produit\/ray-pendule-noir\/#primaryimage"},"image":{"@id":"https:\/\/hubsch-interior.com\/fr\/produit\/ray-pendule-noir\/#primaryimage"},"thumbnailUrl":"https:\/\/hubsch-interior.com\/wp-content\/uploads\/2026\/02\/ray-pendant-black-7194febd09e9c0d308b6cbcf7fbdc2be.jpg","datePublished":"2022-08-23T12:47:36+00:00","dateModified":"2026-04-30T03:21:07+00:00","description":"On adore ce plafonnier en maille noire de grande taille ! Lorsqu'il est allum\u00e9, le motif maill\u00e9 projette des rayons de lumi\u00e8re sur le plafond et le mur,","breadcrumb":{"@id":"https:\/\/hubsch-interior.com\/fr\/produit\/ray-pendule-noir\/#breadcrumb"},"inLanguage":"fr-FR","potentialAction":[{"@type":"ReadAction","target":["https:\/\/hubsch-interior.com\/fr\/produit\/ray-pendule-noir\/"]}]},{"@type":"ImageObject","inLanguage":"fr-FR","@id":"https:\/\/hubsch-interior.com\/fr\/produit\/ray-pendule-noir\/#primaryimage","url":"https:\/\/hubsch-interior.com\/wp-content\/uploads\/2026\/02\/ray-pendant-black-7194febd09e9c0d308b6cbcf7fbdc2be.jpg","contentUrl":"https:\/\/hubsch-interior.com\/wp-content\/uploads\/2026\/02\/ray-pendant-black-7194febd09e9c0d308b6cbcf7fbdc2be.jpg","width":1024,"height":1024},{"@type":"BreadcrumbList","@id":"https:\/\/hubsch-interior.com\/fr\/produit\/ray-pendule-noir\/#breadcrumb","itemListElement":[{"@type":"ListItem","position":1,"name":"Page d'accueil","item":"https:\/\/hubsch-interior.com\/fr\/"},{"@type":"ListItem","position":2,"name":"Produits","item":"https:\/\/hubsch-interior.com\/fr\/shop-2\/"},{"@type":"ListItem","position":3,"name":"Luminaires","item":"https:\/\/hubsch-interior.com\/fr\/categorie-produit\/luminaires\/"},{"@type":"ListItem","position":4,"name":"Suspensions","item":"https:\/\/hubsch-interior.com\/fr\/categorie-produit\/luminaires\/suspensions-fr\/"},{"@type":"ListItem","position":5,"name":"Ray Pendule Noir"}]},{"@type":"WebSite","@id":"https:\/\/hubsch-interior.com\/fr\/#website","url":"https:\/\/hubsch-interior.com\/fr\/","name":"H\u00fcbsch","description":"Danish Home Interior and Design","publisher":{"@id":"https:\/\/hubsch-interior.com\/fr\/#organization"},"potentialAction":[{"@type":"SearchAction","target":{"@type":"EntryPoint","urlTemplate":"https:\/\/hubsch-interior.com\/fr\/?s={search_term_string}"},"query-input":{"@type":"PropertyValueSpecification","valueRequired":true,"valueName":"search_term_string"}}],"inLanguage":"fr-FR"},{"@type":"Organization","@id":"https:\/\/hubsch-interior.com\/fr\/#organization","name":"H\u00fcbsch","url":"https:\/\/hubsch-interior.com\/fr\/","logo":{"@type":"ImageObject","inLanguage":"fr-FR","@id":"https:\/\/hubsch-interior.com\/fr\/#\/schema\/logo\/image\/","url":"https:\/\/hubsch-interior.com\/wp-content\/uploads\/2022\/12\/Hubsch_logo_black_one_line.svg","contentUrl":"https:\/\/hubsch-interior.com\/wp-content\/uploads\/2022\/12\/Hubsch_logo_black_one_line.svg","caption":"H\u00fcbsch"},"image":{"@id":"https:\/\/hubsch-interior.com\/fr\/#\/schema\/logo\/image\/"}}]}},"_links":{"self":[{"href":"https:\/\/hubsch-interior.com\/fr\/wp-json\/wp\/v2\/product\/809248","targetHints":{"allow":["GET"]}}],"collection":[{"href":"https:\/\/hubsch-interior.com\/fr\/wp-json\/wp\/v2\/product"}],"about":[{"href":"https:\/\/hubsch-interior.com\/fr\/wp-json\/wp\/v2\/types\/product"}],"wp:featuredmedia":[{"embeddable":true,"href":"https:\/\/hubsch-interior.com\/fr\/wp-json\/wp\/v2\/media\/1113269"}],"wp:attachment":[{"href":"https:\/\/hubsch-interior.com\/fr\/wp-json\/wp\/v2\/media?parent=809248"}],"wp:term":[{"taxonomy":"product_brand","embeddable":true,"href":"https:\/\/hubsch-interior.com\/fr\/wp-json\/wp\/v2\/product_brand?post=809248"},{"taxonomy":"product_cat","embeddable":true,"href":"https:\/\/hubsch-interior.com\/fr\/wp-json\/wp\/v2\/product_cat?post=809248"},{"taxonomy":"product_tag","embeddable":true,"href":"https:\/\/hubsch-interior.com\/fr\/wp-json\/wp\/v2\/product_tag?post=809248"}],"curies":[{"name":"wp","href":"https:\/\/api.w.org\/{rel}","templated":true}]}}

<p>On adore ce plafonnier en maille noire de grande taille ! Lorsqu&#8217;il est allumé, le motif maillé projette des rayons de lumière sur le plafond et le mur, créant une ambiance et un style dans votre intérieur qui est unique ! La lumière douce et graphique qui en émane invite au calme et la forme élancée du luminaire ajoute une touche de moderne et décontractée à votre pièce. Ce plafonnier est juste parfait pour le salon, les couloirs et les chambres.</p>

<p>On adore ce plafonnier en maille noire de grande taille ! Lorsqu&#8217;il est allumé, le motif maillé projette des rayons de lumière sur le plafond et le mur, créant une ambiance et un style dans votre intérieur qui est unique ! La lumière douce et graphique qui en émane invite au calme et la forme [&hellip;]</p>

<!-- This site is optimized with the Yoast SEO plugin v26.4 - https://yoast.com/wordpress/plugins/seo/ -->
<title>Ray Pendule Noir - Hübsch</title>
<meta name="description" content="On adore ce plafonnier en maille noire de grande taille ! Lorsqu&#039;il est allumé, le motif maillé projette des rayons de lumière sur le plafond et le mur," />
<meta name="robots" content="index, follow, max-snippet:-1, max-image-preview:large, max-video-preview:-1" />
<link rel="canonical" href="https://hubsch-interior.com/fr/wp-json/wp/v2/product/809248" />
<meta property="og:locale" content="fr_FR" />
<meta property="og:type" content="article" />
<meta property="og:title" content="Ray Pendule Noir - Hübsch" />
<meta property="og:description" content="On adore ce plafonnier en maille noire de grande taille ! Lorsqu&#039;il est allumé, le motif maillé projette des rayons de lumière sur le plafond et le mur," />
<meta property="og:url" content="https://hubsch-interior.com/fr/produit/ray-pendule-noir/" />
<meta property="og:site_name" content="Hübsch" />
<meta property="article:modified_time" content="2026-04-30T03:21:07+00:00" />
<meta property="og:image" content="https://hubsch-interior.com/wp-content/uploads/2024/04/ray-pendant-black-1584daaf7da95df0df563b4bd0fa5eca.jpg" />
	<meta property="og:image:width" content="1200" />
	<meta property="og:image:height" content="1200" />
	<meta property="og:image:type" content="image/jpeg" />
<meta name="twitter:card" content="summary_large_image" />
<script type="application/ld+json" class="yoast-schema-graph">{"@context":"https://schema.org","@graph":[{"@type":"WebPage","@id":"https://hubsch-interior.com/fr/produit/ray-pendule-noir/","url":"https://hubsch-interior.com/fr/produit/ray-pendule-noir/","name":"Ray Pendule Noir - Hübsch","isPartOf":{"@id":"https://hubsch-interior.com/fr/#website"},"primaryImageOfPage":{"@id":"https://hubsch-interior.com/fr/produit/ray-pendule-noir/#primaryimage"},"image":{"@id":"https://hubsch-interior.com/fr/produit/ray-pendule-noir/#primaryimage"},"thumbnailUrl":"https://hubsch-interior.com/wp-content/uploads/2026/02/ray-pendant-black-7194febd09e9c0d308b6cbcf7fbdc2be.jpg","datePublished":"2022-08-23T12:47:36+00:00","dateModified":"2026-04-30T03:21:07+00:00","description":"On adore ce plafonnier en maille noire de grande taille ! Lorsqu'il est allumé, le motif maillé projette des rayons de lumière sur le plafond et le mur,","breadcrumb":{"@id":"https://hubsch-interior.com/fr/produit/ray-pendule-noir/#breadcrumb"},"inLanguage":"fr-FR","potentialAction":[{"@type":"ReadAction","target":["https://hubsch-interior.com/fr/produit/ray-pendule-noir/"]}]},{"@type":"ImageObject","inLanguage":"fr-FR","@id":"https://hubsch-interior.com/fr/produit/ray-pendule-noir/#primaryimage","url":"https://hubsch-interior.com/wp-content/uploads/2026/02/ray-pendant-black-7194febd09e9c0d308b6cbcf7fbdc2be.jpg","contentUrl":"https://hubsch-interior.com/wp-content/uploads/2026/02/ray-pendant-black-7194febd09e9c0d308b6cbcf7fbdc2be.jpg","width":1024,"height":1024},{"@type":"BreadcrumbList","@id":"https://hubsch-interior.com/fr/produit/ray-pendule-noir/#breadcrumb","itemListElement":[{"@type":"ListItem","position":1,"name":"Page d'accueil","item":"https://hubsch-interior.com/fr/"},{"@type":"ListItem","position":2,"name":"Produits","item":"https://hubsch-interior.com/fr/shop-2/"},{"@type":"ListItem","position":3,"name":"Luminaires","item":"https://hubsch-interior.com/fr/categorie-produit/luminaires/"},{"@type":"ListItem","position":4,"name":"Suspensions","item":"https://hubsch-interior.com/fr/categorie-produit/luminaires/suspensions-fr/"},{"@type":"ListItem","position":5,"name":"Ray Pendule Noir"}]},{"@type":"WebSite","@id":"https://hubsch-interior.com/fr/#website","url":"https://hubsch-interior.com/fr/","name":"Hübsch","description":"Danish Home Interior and Design","publisher":{"@id":"https://hubsch-interior.com/fr/#organization"},"potentialAction":[{"@type":"SearchAction","target":{"@type":"EntryPoint","urlTemplate":"https://hubsch-interior.com/fr/?s={search_term_string}"},"query-input":{"@type":"PropertyValueSpecification","valueRequired":true,"valueName":"search_term_string"}}],"inLanguage":"fr-FR"},{"@type":"Organization","@id":"https://hubsch-interior.com/fr/#organization","name":"Hübsch","url":"https://hubsch-interior.com/fr/","logo":{"@type":"ImageObject","inLanguage":"fr-FR","@id":"https://hubsch-interior.com/fr/#/schema/logo/image/","url":"https://hubsch-interior.com/wp-content/uploads/2022/12/Hubsch_logo_black_one_line.svg","contentUrl":"https://hubsch-interior.com/wp-content/uploads/2022/12/Hubsch_logo_black_one_line.svg","caption":"Hübsch"},"image":{"@id":"https://hubsch-interior.com/fr/#/schema/logo/image/"}}]}</script>
<!-- / Yoast SEO plugin. -->

Ray Pendule Noir - Hübsch

On adore ce plafonnier en maille noire de grande taille ! Lorsqu'il est allumé, le motif maillé projette des rayons de lumière sur le plafond et le mur,

Hübsch
